{"id":65,"date":"2025-07-08T10:50:47","date_gmt":"2025-07-08T10:50:47","guid":{"rendered":"https:\/\/escoladigital.madeira.gov.pt\/colegiosteresinha\/?page_id=65"},"modified":"2026-03-11T09:46:52","modified_gmt":"2026-03-11T09:46:52","slug":"eventos","status":"publish","type":"page","link":"https:\/\/escoladigital.madeira.gov.pt\/colegiosteresinha\/eventos\/","title":{"rendered":"Provas"},"content":{"rendered":"\t\t<div data-elementor-type=\"wp-page\" data-elementor-id=\"65\" class=\"elementor elementor-65\">\n\t\t\t\t<div class=\"elementor-element elementor-element-e21e075 provas_classe e-flex e-con-boxed e-con e-parent\" data-id=\"e21e075\" data-element_type=\"container\" data-e-type=\"container\">\n\t\t\t\t\t<div class=\"e-con-inner\">\n\t\t\t\t<div class=\"elementor-element elementor-element-83efbd5 elementor-widget elementor-widget-html\" data-id=\"83efbd5\" data-element_type=\"widget\" data-e-type=\"widget\" data-widget_type=\"html.default\">\n\t\t\t\t<div class=\"elementor-widget-container\">\n\t\t\t\t\t<section class=\"provas-2025-2026\" aria-labelledby=\"titulo-provas\">\r\n  <header class=\"provas-topo\">\r\n    <h2 id=\"titulo-provas\">Provas 2025\/2026<\/h2>\r\n\r\n    <p class=\"provas-intro\">\r\n      Nesta p\u00e1gina encontra a informa\u00e7\u00e3o oficial relativa \u00e0s <strong>Provas-Ensaio<\/strong>,\r\n      \u00e0s <strong>Provas Finais do 9.\u00ba ano<\/strong> e aos principais documentos de refer\u00eancia\r\n      divulgados pela Dire\u00e7\u00e3o-Geral da Educa\u00e7\u00e3o \/ J\u00fari Nacional de Exames.\r\n    <\/p>\r\n\r\n    <div class=\"provas-links\">\r\n      <a class=\"btn-doc\" href=\"https:\/\/escoladigital.madeira.gov.pt\/colegiosteresinha\/wp-content\/uploads\/sites\/68\/2026\/02\/MECI_-recalendarizacao-das-provas-ensaio-2025-2026_.pdf\" target=\"_blank\" rel=\"noopener\">\r\n        Abrir recalendariza\u00e7\u00e3o oficial\r\n      <\/a>\r\n    <\/div>\r\n  <\/header>\r\n\r\n  <article class=\"provas-card\">\r\n    <h3>Provas-Ensaio \u2014 novas datas<\/h3>\r\n\r\n    <p class=\"provas-resumo\">\r\n      As Provas-Ensaio realizam-se entre <strong>14 e 23 de abril de 2026<\/strong>,\r\n      de acordo com a calendariza\u00e7\u00e3o divulgada.\r\n    <\/p>\r\n\r\n    <div class=\"tabela-wrap\">\r\n      <table class=\"provas-tabela\">\r\n        <thead>\r\n          <tr>\r\n            <th scope=\"col\">Data<\/th>\r\n            <th scope=\"col\">Prova<\/th>\r\n            <th scope=\"col\">Ano<\/th>\r\n          <\/tr>\r\n        <\/thead>\r\n        <tbody>\r\n          <tr>\r\n            <td><strong>14\/04\/2026<\/strong><\/td>\r\n            <td>Ingl\u00eas (65)<\/td>\r\n            <td>6.\u00ba<\/td>\r\n          <\/tr>\r\n          <tr>\r\n            <td><strong>15\/04\/2026<\/strong><\/td>\r\n            <td>Portugu\u00eas (41), PLNM (43)(46), PL2 (44)<\/td>\r\n            <td>4.\u00ba<\/td>\r\n          <\/tr>\r\n          <tr>\r\n            <td><strong>16\/04\/2026<\/strong><\/td>\r\n            <td>Portugu\u00eas (61), PLNM (63)(64), PL2 (62)<\/td>\r\n            <td>6.\u00ba<\/td>\r\n          <\/tr>\r\n          <tr>\r\n            <td><strong>17\/04\/2026<\/strong><\/td>\r\n            <td>Matem\u00e1tica (42)<\/td>\r\n            <td>4.\u00ba<\/td>\r\n          <\/tr>\r\n          <tr>\r\n            <td><strong>20\/04\/2026<\/strong><\/td>\r\n            <td>Matem\u00e1tica (68)<\/td>\r\n            <td>6.\u00ba<\/td>\r\n          <\/tr>\r\n          <tr>\r\n            <td><strong>21\/04\/2026<\/strong><\/td>\r\n            <td>Portugu\u00eas (91), PLNM (93)(94), PL2 (95)<\/td>\r\n            <td>9.\u00ba<\/td>\r\n          <\/tr>\r\n          <tr>\r\n            <td><strong>23\/04\/2026<\/strong><\/td>\r\n            <td>Matem\u00e1tica (92)<\/td>\r\n            <td>9.\u00ba<\/td>\r\n          <\/tr>\r\n        <\/tbody>\r\n      <\/table>\r\n    <\/div>\r\n\r\n    <p class=\"provas-nota\">\r\n      <strong>Nota:<\/strong> Esta altera\u00e7\u00e3o diz respeito \u00e0s Provas-Ensaio.\r\n      As provas ModA e as Provas Finais do Ensino B\u00e1sico mant\u00eam o calend\u00e1rio previamente definido.\r\n    <\/p>\r\n  <\/article>\r\n\r\n  <article class=\"provas-card\">\r\n    <h3>Provas Finais do 9.\u00ba ano<\/h3>\r\n\r\n    <p class=\"provas-resumo\">\r\n      Os alunos do <strong>9.\u00ba ano<\/strong> realizam as provas finais de\r\n      <strong>Portugu\u00eas \/ PLNM \/ PL2<\/strong> e <strong>Matem\u00e1tica<\/strong>,\r\n      de acordo com a calendariza\u00e7\u00e3o oficial.\r\n    <\/p>\r\n\r\n    <div class=\"tabela-wrap\">\r\n      <table class=\"provas-tabela\">\r\n        <thead>\r\n          <tr>\r\n            <th scope=\"col\">Fase<\/th>\r\n            <th scope=\"col\">Data<\/th>\r\n            <th scope=\"col\">Hora<\/th>\r\n            <th scope=\"col\">Prova<\/th>\r\n          <\/tr>\r\n        <\/thead>\r\n        <tbody>\r\n          <tr>\r\n            <td>1.\u00aa fase<\/td>\r\n            <td><strong>17\/06\/2026<\/strong><\/td>\r\n            <td>9h30<\/td>\r\n            <td>Portugu\u00eas (91), Portugu\u00eas L\u00edngua Segunda (95), PLNM (93)(94)<\/td>\r\n          <\/tr>\r\n          <tr>\r\n            <td>1.\u00aa fase<\/td>\r\n            <td><strong>22\/06\/2026<\/strong><\/td>\r\n            <td>9h30<\/td>\r\n            <td>Matem\u00e1tica (92)<\/td>\r\n          <\/tr>\r\n          <tr>\r\n            <td>2.\u00aa fase<\/td>\r\n            <td><strong>16\/07\/2026<\/strong><\/td>\r\n            <td>9h30<\/td>\r\n            <td>Portugu\u00eas (91), Portugu\u00eas L\u00edngua Segunda (95), PLNM (93)(94)<\/td>\r\n          <\/tr>\r\n          <tr>\r\n            <td>2.\u00aa fase<\/td>\r\n            <td><strong>20\/07\/2026<\/strong><\/td>\r\n            <td>9h30<\/td>\r\n            <td>Matem\u00e1tica (92)<\/td>\r\n          <\/tr>\r\n        <\/tbody>\r\n      <\/table>\r\n    <\/div>\r\n\r\n    <div class=\"provas-nota\">\r\n      <p>\r\n        <strong>Informa\u00e7\u00e3o importante:<\/strong> Os alunos internos do 9.\u00ba ano\r\n        est\u00e3o automaticamente inscritos para a realiza\u00e7\u00e3o das provas finais de\r\n        Portugu\u00eas \/ PLNM \/ PL2 e Matem\u00e1tica.\r\n      <\/p>\r\n      <p>\r\n        A componente de produ\u00e7\u00e3o e intera\u00e7\u00e3o orais aplica-se no per\u00edodo\r\n        definido oficialmente para PLNM e, quando aplic\u00e1vel, para alunos autopropostos de Portugu\u00eas.\r\n      <\/p>\r\n    <\/div>\r\n  <\/article>\r\n\r\n  <article class=\"provas-card\">\r\n    <h3>Informa\u00e7\u00e3o-Prova Geral 2025\/2026<\/h3>\r\n\r\n    <p class=\"provas-resumo\">\r\n      J\u00e1 se encontra dispon\u00edvel a <strong>Informa\u00e7\u00e3o-Prova Geral 2025\/2026<\/strong>,\r\n      com orienta\u00e7\u00f5es oficiais relativas \u00e0s provas de avalia\u00e7\u00e3o externa.\r\n    <\/p>\r\n\r\n    <p class=\"provas-resumo\">\r\n      Este documento inclui informa\u00e7\u00e3o sobre as <strong>Provas de Monitoriza\u00e7\u00e3o da Aprendizagem (ModA)<\/strong>,\r\n      as <strong>provas finais do 9.\u00ba ano<\/strong> e os\r\n      <strong>exames finais nacionais do ensino secund\u00e1rio<\/strong>.\r\n    <\/p>\r\n\r\n    <div class=\"provas-links\">\r\n      <a class=\"btn-doc\" href=\"https:\/\/iave.pt\/wp-content\/uploads\/2025\/12\/IP-Geral-2026_29nov.pdf\" target=\"_blank\" rel=\"noopener\">\r\n        Abrir documento oficial\r\n      <\/a>\r\n    <\/div>\r\n  <\/article>\r\n\r\n  <article class=\"provas-card\">\r\n    <h3>Documentos e informa\u00e7\u00f5es oficiais<\/h3>\r\n\r\n    <ul class=\"lista-docs\">\r\n      <li>\r\n        <a href=\"https:\/\/www.dge.mec.pt\/sites\/default\/files\/JNE\/norma_01_2026_inscricoes.pdf\" target=\"_blank\" rel=\"noopener\">\r\n          NORMA 01\/JNE\/2026 \u2014 Instru\u00e7\u00f5es para a inscri\u00e7\u00e3o nas provas e exames\r\n        <\/a>\r\n      <\/li>\r\n      <li>\r\n        <a href=\"https:\/\/www.dge.mec.pt\/sites\/default\/files\/JNE\/guia_geral_exames_2026.pdf\" target=\"_blank\" rel=\"noopener\">\r\n          Guia Geral de Exames 2026\r\n        <\/a>\r\n      <\/li>\r\n      <li>\r\n        <a href=\"https:\/\/www.dge.mec.pt\/sites\/default\/files\/JNE\/calendario_exames_2025-2026.pdf\" target=\"_blank\" rel=\"noopener\">\r\n          Despacho n.\u00ba 14616-A\/2025 \u2014 Calend\u00e1rio de provas e exames 2025\/2026\r\n        <\/a>\r\n      <\/li>\r\n      <li>\r\n        <a href=\"https:\/\/www.dge.mec.pt\/informacoes-1\" target=\"_blank\" rel=\"noopener\">\r\n          P\u00e1gina oficial de Informa\u00e7\u00f5es \u2014 DGE \/ JNE\r\n        <\/a>\r\n      <\/li>\r\n    <\/ul>\r\n  <\/article>\r\n<\/section>\t\t\t\t<\/div>\n\t\t\t\t<\/div>\n\t\t\t\t\t<\/div>\n\t\t\t\t<\/div>\n\t\t\t\t<\/div>\n\t\t","protected":false},"excerpt":{"rendered":"<p>Provas 2025\/2026 Nesta p\u00e1gina encontra a informa\u00e7\u00e3o oficial relativa \u00e0s Provas-Ensaio, \u00e0s Provas Finais do 9.\u00ba ano e aos principais documentos de refer\u00eancia divulgados pela Dire\u00e7\u00e3o-Geral da Educa\u00e7\u00e3o \/ J\u00fari Nacional de Exames. Abrir recalendariza\u00e7\u00e3o oficial Provas-Ensaio \u2014 novas datas As Provas-Ensaio realizam-se entre 14 e 23 de abril de 2026, de acordo com a [&hellip;]<\/p>\n","protected":false},"author":93,"featured_media":0,"parent":0,"menu_order":0,"comment_status":"closed","ping_status":"closed","template":"","meta":{"site-sidebar-layout":"right-sidebar","site-content-layout":"","ast-site-content-layout":"full-width-container","site-content-style":"default","site-sidebar-style":"default","ast-global-header-display":"","ast-banner-title-visibility":"","ast-main-header-display":"","ast-hfb-above-header-display":"","ast-hfb-below-header-display":"","ast-hfb-mobile-header-display":"","site-post-title":"disabled","ast-breadcrumbs-content":"","ast-featured-img":"disabled","footer-sml-layout":"","ast-disable-related-posts":"","theme-transparent-header-meta":"","adv-header-id-meta":"","stick-header-meta":"","header-above-stick-meta":"","header-main-stick-meta":"","header-below-stick-meta":"","astra-migrate-meta-layouts":"default","ast-page-background-enabled":"default","ast-page-background-meta":{"desktop":{"background-color":"var(--ast-global-color-5)","background-image":"","background-repeat":"repeat","background-position":"center center","background-size":"auto","background-attachment":"scroll","background-type":"","background-media":"","overlay-type":"","overlay-color":"","overlay-opacity":"","overlay-gradient":""},"tablet":{"background-color":"","background-image":"","background-repeat":"repeat","background-position":"center center","background-size":"auto","background-attachment":"scroll","background-type":"","background-media":"","overlay-type":"","overlay-color":"","overlay-opacity":"","overlay-gradient":""},"mobile":{"background-color":"","background-image":"","background-repeat":"repeat","background-position":"center center","background-size":"auto","background-attachment":"scroll","background-type":"","background-media":"","overlay-type":"","overlay-color":"","overlay-opacity":"","overlay-gradient":""}},"ast-content-background-meta":{"desktop":{"background-color":"var(--ast-global-color-4)","background-image":"","background-repeat":"repeat","background-position":"center center","background-size":"auto","background-attachment":"scroll","background-type":"","background-media":"","overlay-type":"","overlay-color":"","overlay-opacity":"","overlay-gradient":""},"tablet":{"background-color":"var(--ast-global-color-4)","background-image":"","background-repeat":"repeat","background-position":"center center","background-size":"auto","background-attachment":"scroll","background-type":"","background-media":"","overlay-type":"","overlay-color":"","overlay-opacity":"","overlay-gradient":""},"mobile":{"background-color":"var(--ast-global-color-4)","background-image":"","background-repeat":"repeat","background-position":"center center","background-size":"auto","background-attachment":"scroll","background-type":"","background-media":"","overlay-type":"","overlay-color":"","overlay-opacity":"","overlay-gradient":""}},"_themeisle_gutenberg_block_has_review":false,"footnotes":""},"class_list":["post-65","page","type-page","status-publish","hentry"],"_links":{"self":[{"href":"https:\/\/escoladigital.madeira.gov.pt\/colegiosteresinha\/wp-json\/wp\/v2\/pages\/65","targetHints":{"allow":["GET"]}}],"collection":[{"href":"https:\/\/escoladigital.madeira.gov.pt\/colegiosteresinha\/wp-json\/wp\/v2\/pages"}],"about":[{"href":"https:\/\/escoladigital.madeira.gov.pt\/colegiosteresinha\/wp-json\/wp\/v2\/types\/page"}],"author":[{"embeddable":true,"href":"https:\/\/escoladigital.madeira.gov.pt\/colegiosteresinha\/wp-json\/wp\/v2\/users\/93"}],"replies":[{"embeddable":true,"href":"https:\/\/escoladigital.madeira.gov.pt\/colegiosteresinha\/wp-json\/wp\/v2\/comments?post=65"}],"version-history":[{"count":42,"href":"https:\/\/escoladigital.madeira.gov.pt\/colegiosteresinha\/wp-json\/wp\/v2\/pages\/65\/revisions"}],"predecessor-version":[{"id":5690,"href":"https:\/\/escoladigital.madeira.gov.pt\/colegiosteresinha\/wp-json\/wp\/v2\/pages\/65\/revisions\/5690"}],"wp:attachment":[{"href":"https:\/\/escoladigital.madeira.gov.pt\/colegiosteresinha\/wp-json\/wp\/v2\/media?parent=65"}],"curies":[{"name":"wp","href":"https:\/\/api.w.org\/{rel}","templated":true}]}}