{"id":67,"date":"2025-07-08T10:51:26","date_gmt":"2025-07-08T10:51:26","guid":{"rendered":"https:\/\/escoladigital.madeira.gov.pt\/colegiosteresinha\/?page_id=67"},"modified":"2026-02-09T11:22:20","modified_gmt":"2026-02-09T11:22:20","slug":"contactos","status":"publish","type":"page","link":"https:\/\/escoladigital.madeira.gov.pt\/colegiosteresinha\/contactos\/","title":{"rendered":"Contactos"},"content":{"rendered":"\t\t<div data-elementor-type=\"wp-page\" data-elementor-id=\"67\" class=\"elementor elementor-67\">\n\t\t\t\t<div class=\"elementor-element elementor-element-a8f8723 classes_contactos e-flex e-con-boxed e-con e-parent\" data-id=\"a8f8723\" data-element_type=\"container\" data-e-type=\"container\">\n\t\t\t\t\t<div class=\"e-con-inner\">\n\t\t\t\t<div class=\"elementor-element elementor-element-433916f classes_contactos elementor-widget elementor-widget-html\" data-id=\"433916f\" data-element_type=\"widget\" data-e-type=\"widget\" data-widget_type=\"html.default\">\n\t\t\t\t<div class=\"elementor-widget-container\">\n\t\t\t\t\t<section class=\"classes_contactos\" aria-labelledby=\"titulo-contactos\">\r\n\r\n  <header class=\"contactos-topo\">\r\n    <h2 id=\"titulo-contactos\">Contactos<\/h2>\r\n    <p class=\"contactos-intro\">\r\n      Para qualquer quest\u00e3o ou esclarecimento, o Col\u00e9gio de Santa Teresinha disponibiliza os seguintes contactos.\r\n      Poder\u00e1 igualmente consultar a nossa localiza\u00e7\u00e3o atrav\u00e9s do mapa apresentado.\r\n    <\/p>\r\n  <\/header>\r\n\r\n  <div class=\"contactos-grid\">\r\n\r\n    <div class=\"contactos-card\" role=\"list\" aria-label=\"Contactos do Col\u00e9gio\">\r\n\r\n      <div class=\"contacto-item\" role=\"listitem\">\r\n        <div class=\"contacto-ico\" aria-hidden=\"true\">\ud83d\udcde<\/div>\r\n        <div class=\"contacto-info\">\r\n          <div class=\"contacto-titulo\">Telefone<\/div>\r\n          <a class=\"contacto-valor\" href=\"tel:+351291229095\">291 229 095<\/a>\r\n        <\/div>\r\n        <a class=\"contacto-acao\" href=\"tel:+351291229095\">Ligar<\/a>\r\n      <\/div>\r\n\r\n      <div class=\"contacto-item\" role=\"listitem\">\r\n        <div class=\"contacto-ico\" aria-hidden=\"true\">\u2709\ufe0f<\/div>\r\n        <div class=\"contacto-info\">\r\n          <div class=\"contacto-titulo\">Email<\/div>\r\n          <a class=\"contacto-valor\" href=\"mailto:cst@edu.madeira.gov.pt\">cst@edu.madeira.gov.pt<\/a>\r\n        <\/div>\r\n        <a class=\"contacto-acao\" href=\"mailto:cst@edu.madeira.gov.pt\">Enviar<\/a>\r\n      <\/div>\r\n\r\n      <div class=\"contacto-item\" role=\"listitem\">\r\n        <div class=\"contacto-ico\" aria-hidden=\"true\">\ud83d\udccd<\/div>\r\n        <div class=\"contacto-info\">\r\n          <div class=\"contacto-titulo\">Morada<\/div>\r\n          <div class=\"contacto-valor texto\">\r\n            Rua Pedro Jos\u00e9 de Ornelas, n.\u00ba 19, Funchal, 9050-069\r\n          <\/div>\r\n        <\/div>\r\n        <a class=\"contacto-acao\" href=\"https:\/\/www.google.com\/maps\/search\/?api=1&amp;query=Col%C3%A9gio%20de%20Santa%20Teresinha%20Funchal\" target=\"_blank\" rel=\"noopener\">Abrir mapa<\/a>\r\n      <\/div>\r\n\r\n      <div class=\"contactos-nota\">\r\n        <strong>Nota:<\/strong> No telem\u00f3vel, toque em \u201cAbrir mapa\u201d para obter rotas.\r\n      <\/div>\r\n\r\n    <\/div>\r\n\r\n    <div class=\"contactos-mapa\" aria-label=\"Localiza\u00e7\u00e3o no mapa\">\r\n      <iframe src=\"https:\/\/www.google.com\/maps\/embed?pb=!1m18!1m12!1m3!1d3359.134094696103!2d-16.907285424673507!3d32.65587557371443!2m3!1f0!2f0!3f0!3m2!1i1024!2i768!4f13.1!3m3!1m2!1s0xc60600c8c1c5449%3A0x1d7fd494ed3f0203!2sCol%C3%A9gio%20de%20Santa%20Teresinha!5e0!3m2!1spt!2spt!4v1754519742691!5m2!1spt!2spt\" width=\"600\" height=\"450\" style=\"border:0\" allowfullscreen=\"\">\r\n      <\/iframe>\r\n    <\/div>\r\n\r\n  <\/div>\r\n\r\n<\/section>\r\n\t\t\t\t<\/div>\n\t\t\t\t<\/div>\n\t\t\t\t\t<\/div>\n\t\t\t\t<\/div>\n\t\t\t\t<\/div>\n\t\t","protected":false},"excerpt":{"rendered":"<p>Contactos Para qualquer quest\u00e3o ou esclarecimento, o Col\u00e9gio de Santa Teresinha disponibiliza os seguintes contactos. Poder\u00e1 igualmente consultar a nossa localiza\u00e7\u00e3o atrav\u00e9s do mapa apresentado. \ud83d\udcde Telefone 291 229 095 Ligar \u2709\ufe0f Email cst@edu.madeira.gov.pt Enviar \ud83d\udccd Morada Rua Pedro Jos\u00e9 de Ornelas, n.\u00ba 19, Funchal, 9050-069 Abrir mapa Nota: No telem\u00f3vel, toque em \u201cAbrir mapa\u201d [&hellip;]<\/p>\n","protected":false},"author":93,"featured_media":0,"parent":0,"menu_order":0,"comment_status":"closed","ping_status":"closed","template":"elementor_header_footer","meta":{"site-sidebar-layout":"default","site-content-layout":"","ast-site-content-layout":"full-width-container","site-content-style":"default","site-sidebar-style":"default","ast-global-header-display":"","ast-banner-title-visibility":"","ast-main-header-display":"","ast-hfb-above-header-display":"","ast-hfb-below-header-display":"","ast-hfb-mobile-header-display":"","site-post-title":"","ast-breadcrumbs-content":"","ast-featured-img":"","footer-sml-layout":"","ast-disable-related-posts":"","theme-transparent-header-meta":"","adv-header-id-meta":"","stick-header-meta":"","header-above-stick-meta":"","header-main-stick-meta":"","header-below-stick-meta":"","astra-migrate-meta-layouts":"default","ast-page-background-enabled":"default","ast-page-background-meta":{"desktop":{"background-color":"var(--ast-global-color-5)","background-image":"","background-repeat":"repeat","background-position":"center center","background-size":"auto","background-attachment":"scroll","background-type":"","background-media":"","overlay-type":"","overlay-color":"","overlay-opacity":"","overlay-gradient":""},"tablet":{"background-color":"","background-image":"","background-repeat":"repeat","background-position":"center center","background-size":"auto","background-attachment":"scroll","background-type":"","background-media":"","overlay-type":"","overlay-color":"","overlay-opacity":"","overlay-gradient":""},"mobile":{"background-color":"","background-image":"","background-repeat":"repeat","background-position":"center center","background-size":"auto","background-attachment":"scroll","background-type":"","background-media":"","overlay-type":"","overlay-color":"","overlay-opacity":"","overlay-gradient":""}},"ast-content-background-meta":{"desktop":{"background-color":"var(--ast-global-color-4)","background-image":"","background-repeat":"repeat","background-position":"center center","background-size":"auto","background-attachment":"scroll","background-type":"","background-media":"","overlay-type":"","overlay-color":"","overlay-opacity":"","overlay-gradient":""},"tablet":{"background-color":"var(--ast-global-color-4)","background-image":"","background-repeat":"repeat","background-position":"center center","background-size":"auto","background-attachment":"scroll","background-type":"","background-media":"","overlay-type":"","overlay-color":"","overlay-opacity":"","overlay-gradient":""},"mobile":{"background-color":"var(--ast-global-color-4)","background-image":"","background-repeat":"repeat","background-position":"center center","background-size":"auto","background-attachment":"scroll","background-type":"","background-media":"","overlay-type":"","overlay-color":"","overlay-opacity":"","overlay-gradient":""}},"_themeisle_gutenberg_block_has_review":false,"footnotes":""},"class_list":["post-67","page","type-page","status-publish","hentry"],"_links":{"self":[{"href":"https:\/\/escoladigital.madeira.gov.pt\/colegiosteresinha\/wp-json\/wp\/v2\/pages\/67","targetHints":{"allow":["GET"]}}],"collection":[{"href":"https:\/\/escoladigital.madeira.gov.pt\/colegiosteresinha\/wp-json\/wp\/v2\/pages"}],"about":[{"href":"https:\/\/escoladigital.madeira.gov.pt\/colegiosteresinha\/wp-json\/wp\/v2\/types\/page"}],"author":[{"embeddable":true,"href":"https:\/\/escoladigital.madeira.gov.pt\/colegiosteresinha\/wp-json\/wp\/v2\/users\/93"}],"replies":[{"embeddable":true,"href":"https:\/\/escoladigital.madeira.gov.pt\/colegiosteresinha\/wp-json\/wp\/v2\/comments?post=67"}],"version-history":[{"count":42,"href":"https:\/\/escoladigital.madeira.gov.pt\/colegiosteresinha\/wp-json\/wp\/v2\/pages\/67\/revisions"}],"predecessor-version":[{"id":4127,"href":"https:\/\/escoladigital.madeira.gov.pt\/colegiosteresinha\/wp-json\/wp\/v2\/pages\/67\/revisions\/4127"}],"wp:attachment":[{"href":"https:\/\/escoladigital.madeira.gov.pt\/colegiosteresinha\/wp-json\/wp\/v2\/media?parent=67"}],"curies":[{"name":"wp","href":"https:\/\/api.w.org\/{rel}","templated":true}]}}