{"id":107,"date":"2025-12-01T20:48:38","date_gmt":"2025-12-01T20:48:38","guid":{"rendered":"https:\/\/escoladigital.madeira.gov.pt\/eb1marocossantoserra\/?page_id=107"},"modified":"2026-01-06T19:01:54","modified_gmt":"2026-01-06T19:01:54","slug":"avaliacao","status":"publish","type":"page","link":"https:\/\/escoladigital.madeira.gov.pt\/eb1marocossantoserra\/avaliacao\/","title":{"rendered":"Avalia\u00e7\u00e3o"},"content":{"rendered":"\n<div class=\"wp-block-group is-layout-constrained wp-block-group-is-layout-constrained\">\n<div class=\"wp-block-columns is-layout-flex wp-container-core-columns-is-layout-28f84493 wp-block-columns-is-layout-flex\">\n<div class=\"wp-block-column is-layout-flow wp-block-column-is-layout-flow\"><\/div>\n<\/div>\n<\/div>\n\n\n\n<h3 class=\"wp-block-heading\">Momentos de Avalia\u00e7\u00e3o<\/h3>\n\n\n\n<figure class=\"wp-block-table is-style-stripes\"><table class=\"has-fixed-layout\"><tbody><tr><td class=\"has-text-align-center\" data-align=\"center\"><strong>1\u00ba Semestre<\/strong><\/td><td class=\"has-text-align-center\" data-align=\"center\"><strong>2\u00ba Semestre<\/strong><\/td><\/tr><tr><td class=\"has-text-align-center\" data-align=\"center\">03 a 07\/02\/2026&nbsp;<\/td><td class=\"has-text-align-center\" data-align=\"center\">14\/07\/2026&nbsp;<\/td><\/tr><\/tbody><\/table><\/figure>\n\n\n\n<h3 class=\"wp-block-heading\"><strong>Crit\u00e9rios de Avalia\u00e7\u00e3o<\/strong><\/h3>\n\n\n\n<div class=\"wp-block-columns is-layout-flex wp-container-core-columns-is-layout-28f84493 wp-block-columns-is-layout-flex\">\n<div class=\"wp-block-column is-layout-flow wp-block-column-is-layout-flow\">\n<p><\/p>\n\n\n<div class=\"shared-files-embed-69ebe276c3065 shared-files-main-container\" data-elem-class=\"shared-files-embed-69ebe276c3065\" data-search-type=\"0\" data-post-id=\"107\"><div class=\"shared-files-search\"><ul class=\"shared-files-main-file-list\"><li class=\"shared-files-card-23\"><div class=\"shared-files-main-elements\"><div class=\"shared-files-main-elements-left\" style=\"background-image: url(https:\/\/escoladigital.madeira.gov.pt\/eb1marocossantoserra\/wp-content\/plugins\/shared-files\/img\/2020\/pdf.svg);\"><\/div><div class=\"shared-files-main-elements-right\"><a class=\"shared-files-file-title\"  data-file-type=\"\"  data-file-url=\"\/eb1marocossantoserra\/eb1marocossantoserra\/shared-files\/23\/?Criterios-de-avaliacao_1_Ano_.pdf\"  data-external-url=\"\"  data-image-url=\"\" href=\"\/eb1marocossantoserra\/eb1marocossantoserra\/shared-files\/23\/?Criterios-de-avaliacao_1_Ano_.pdf\" target=\"_blank\">1\u00ba Ano<\/a><span class=\"shared-file-size\">519.27 KB<\/span><a href=\"https:\/\/escoladigital.madeira.gov.pt\/eb1marocossantoserra\/eb1marocossantoserra\/shared-files\/23\/?Criterios-de-avaliacao_1_Ano_.pdf\" target=\"_blank\" class=\"shared-files-preview-button\">Visualiza\u00e7\u00e3o<\/a><span class=\"shared-file-date\">Dezembro 1, 2025<\/span><div class=\"shared-files-download-counter\"><span>Downloads: 139<\/span><\/div><div class=\"shared-files-download-button-container\"><a href=\"\/eb1marocossantoserra\/eb1marocossantoserra\/shared-files\/23\/?Criterios-de-avaliacao_1_Ano_.pdf&download=1\" class=\"shared-files-download-button\"  download>Download<\/a><\/div><div class=\"shared-files-edit-actions\"><\/div><\/div><\/div><\/li><\/ul><\/div><\/div>\n<\/div>\n\n\n\n<div class=\"wp-block-column is-layout-flow wp-block-column-is-layout-flow\">\n<p><\/p>\n\n\n<div class=\"shared-files-embed-69ebe276c54cb shared-files-main-container\" data-elem-class=\"shared-files-embed-69ebe276c54cb\" data-search-type=\"0\" data-post-id=\"23\"><div class=\"shared-files-search\"><ul class=\"shared-files-main-file-list\"><li class=\"shared-files-card-43\"><div class=\"shared-files-main-elements\"><div class=\"shared-files-main-elements-left\" style=\"background-image: url(https:\/\/escoladigital.madeira.gov.pt\/eb1marocossantoserra\/wp-content\/plugins\/shared-files\/img\/2020\/pdf.svg);\"><\/div><div class=\"shared-files-main-elements-right\"><a class=\"shared-files-file-title\"  data-file-type=\"\"  data-file-url=\"\/eb1marocossantoserra\/eb1marocossantoserra\/shared-files\/43\/?Criterios-de-avaliacao-2_Ano.pdf\"  data-external-url=\"\"  data-image-url=\"\" href=\"\/eb1marocossantoserra\/eb1marocossantoserra\/shared-files\/43\/?Criterios-de-avaliacao-2_Ano.pdf\" target=\"_blank\">2\u00ba Ano<\/a><span class=\"shared-file-size\">519.47 KB<\/span><a href=\"https:\/\/escoladigital.madeira.gov.pt\/eb1marocossantoserra\/eb1marocossantoserra\/shared-files\/43\/?Criterios-de-avaliacao-2_Ano.pdf\" target=\"_blank\" class=\"shared-files-preview-button\">Visualiza\u00e7\u00e3o<\/a><span class=\"shared-file-date\">Dezembro 1, 2025<\/span><div class=\"shared-files-download-counter\"><span>Downloads: 207<\/span><\/div><div class=\"shared-files-download-button-container\"><a href=\"\/eb1marocossantoserra\/eb1marocossantoserra\/shared-files\/43\/?Criterios-de-avaliacao-2_Ano.pdf&download=1\" class=\"shared-files-download-button\"  download>Download<\/a><\/div><div class=\"shared-files-edit-actions\"><\/div><\/div><\/div><\/li><\/ul><\/div><\/div>\n<\/div>\n\n\n\n<div class=\"wp-block-column is-layout-flow wp-block-column-is-layout-flow\">\n<p><\/p>\n\n\n<div class=\"shared-files-embed-69ebe276c8754 shared-files-main-container\" data-elem-class=\"shared-files-embed-69ebe276c8754\" data-search-type=\"0\" data-post-id=\"43\"><div class=\"shared-files-search\"><ul class=\"shared-files-main-file-list\"><li class=\"shared-files-card-94\"><div class=\"shared-files-main-elements\"><div class=\"shared-files-main-elements-left\" style=\"background-image: url(https:\/\/escoladigital.madeira.gov.pt\/eb1marocossantoserra\/wp-content\/plugins\/shared-files\/img\/2020\/pdf.svg);\"><\/div><div class=\"shared-files-main-elements-right\"><a class=\"shared-files-file-title\"  data-file-type=\"\"  data-file-url=\"\/eb1marocossantoserra\/eb1marocossantoserra\/shared-files\/94\/?Criterios-de-avaliacao-_3_Ano.pdf\"  data-external-url=\"\"  data-image-url=\"\" href=\"\/eb1marocossantoserra\/eb1marocossantoserra\/shared-files\/94\/?Criterios-de-avaliacao-_3_Ano.pdf\" target=\"_blank\">3\u00ba Ano<\/a><span class=\"shared-file-size\">541.29 KB<\/span><a href=\"https:\/\/escoladigital.madeira.gov.pt\/eb1marocossantoserra\/eb1marocossantoserra\/shared-files\/94\/?Criterios-de-avaliacao-_3_Ano.pdf\" target=\"_blank\" class=\"shared-files-preview-button\">Visualiza\u00e7\u00e3o<\/a><span class=\"shared-file-date\">Dezembro 1, 2025<\/span><div class=\"shared-files-download-counter\"><span>Downloads: 187<\/span><\/div><div class=\"shared-files-download-button-container\"><a href=\"\/eb1marocossantoserra\/eb1marocossantoserra\/shared-files\/94\/?Criterios-de-avaliacao-_3_Ano.pdf&download=1\" class=\"shared-files-download-button\"  download>Download<\/a><\/div><div class=\"shared-files-edit-actions\"><\/div><\/div><\/div><\/li><\/ul><\/div><\/div>\n<\/div>\n\n\n\n<div class=\"wp-block-column is-layout-flow wp-block-column-is-layout-flow\">\n<p><\/p>\n\n\n<div class=\"shared-files-embed-69ebe276c92a1 shared-files-main-container\" data-elem-class=\"shared-files-embed-69ebe276c92a1\" data-search-type=\"0\" data-post-id=\"94\"><div class=\"shared-files-search\"><ul class=\"shared-files-main-file-list\"><li class=\"shared-files-card-95\"><div class=\"shared-files-main-elements\"><div class=\"shared-files-main-elements-left\" style=\"background-image: url(https:\/\/escoladigital.madeira.gov.pt\/eb1marocossantoserra\/wp-content\/plugins\/shared-files\/img\/2020\/pdf.svg);\"><\/div><div class=\"shared-files-main-elements-right\"><a class=\"shared-files-file-title\"  data-file-type=\"\"  data-file-url=\"\/eb1marocossantoserra\/eb1marocossantoserra\/shared-files\/95\/?Criterios-de-avaliacao-_4_Ano.pdf\"  data-external-url=\"\"  data-image-url=\"\" href=\"\/eb1marocossantoserra\/eb1marocossantoserra\/shared-files\/95\/?Criterios-de-avaliacao-_4_Ano.pdf\" target=\"_blank\">4\u00ba Ano<\/a><span class=\"shared-file-size\">577.02 KB<\/span><a href=\"https:\/\/escoladigital.madeira.gov.pt\/eb1marocossantoserra\/eb1marocossantoserra\/shared-files\/95\/?Criterios-de-avaliacao-_4_Ano.pdf\" target=\"_blank\" class=\"shared-files-preview-button\">Visualiza\u00e7\u00e3o<\/a><span class=\"shared-file-date\">Dezembro 1, 2025<\/span><div class=\"shared-files-download-counter\"><span>Downloads: 176<\/span><\/div><div class=\"shared-files-download-button-container\"><a href=\"\/eb1marocossantoserra\/eb1marocossantoserra\/shared-files\/95\/?Criterios-de-avaliacao-_4_Ano.pdf&download=1\" class=\"shared-files-download-button\"  download>Download<\/a><\/div><div class=\"shared-files-edit-actions\"><\/div><\/div><\/div><\/li><\/ul><\/div><\/div>\n<\/div>\n<\/div>\n\n\n\n<h3 class=\"wp-block-heading\"><strong><strong>Provas MODA<\/strong><\/strong><\/h3>\n\n\n\n<figure class=\"wp-block-table is-style-stripes\"><table class=\"has-fixed-layout\"><tbody><tr><td class=\"has-text-align-center\" data-align=\"center\"> <strong>De 27 de maio a 9 de junho<\/strong><\/td><td class=\"has-text-align-center\" data-align=\"center\"><strong>2 de junho<\/strong><\/td><td class=\"has-text-align-center\" data-align=\"center\"><strong>5 de junho<\/strong><\/td><\/tr><tr><td class=\"has-text-align-center\" data-align=\"center\"><strong>Educa\u00e7\u00e3o Art\u00edstica (47)<\/strong><\/td><td class=\"has-text-align-center\" data-align=\"center\"><strong>Portugu\u00eas (41)<\/strong><\/td><td class=\"has-text-align-center\" data-align=\"center\"><strong>Matem\u00e1tica (42)<\/strong><\/td><\/tr><\/tbody><\/table><\/figure>\n\n\n\n<p><\/p>\n","protected":false},"excerpt":{"rendered":"<p>Momentos de Avalia\u00e7\u00e3o 1\u00ba Semestre 2\u00ba Semestre 03 a 07\/02\/2026&nbsp; 14\/07\/2026&nbsp; Crit\u00e9rios de Avalia\u00e7\u00e3o Provas MODA De 27 de maio [&hellip;]<\/p>\n","protected":false},"author":106,"featured_media":0,"parent":0,"menu_order":0,"comment_status":"closed","ping_status":"closed","template":"","meta":{"site-sidebar-layout":"default","site-content-layout":"","ast-site-content-layout":"default","site-content-style":"default","site-sidebar-style":"default","ast-global-header-display":"","ast-banner-title-visibility":"","ast-main-header-display":"","ast-hfb-above-header-display":"","ast-hfb-below-header-display":"","ast-hfb-mobile-header-display":"","site-post-title":"disabled","ast-breadcrumbs-content":"","ast-featured-img":"","footer-sml-layout":"","ast-disable-related-posts":"","theme-transparent-header-meta":"","adv-header-id-meta":"","stick-header-meta":"","header-above-stick-meta":"","header-main-stick-meta":"","header-below-stick-meta":"","astra-migrate-meta-layouts":"default","ast-page-background-enabled":"default","ast-page-background-meta":{"desktop":{"background-color":"var(--ast-global-color-5)","background-image":"","background-repeat":"repeat","background-position":"center center","background-size":"auto","background-attachment":"scroll","background-type":"","background-media":"","overlay-type":"","overlay-color":"","overlay-opacity":"","overlay-gradient":""},"tablet":{"background-color":"","background-image":"","background-repeat":"repeat","background-position":"center center","background-size":"auto","background-attachment":"scroll","background-type":"","background-media":"","overlay-type":"","overlay-color":"","overlay-opacity":"","overlay-gradient":""},"mobile":{"background-color":"","background-image":"","background-repeat":"repeat","background-position":"center center","background-size":"auto","background-attachment":"scroll","background-type":"","background-media":"","overlay-type":"","overlay-color":"","overlay-opacity":"","overlay-gradient":""}},"ast-content-background-meta":{"desktop":{"background-color":"var(--ast-global-color-4)","background-image":"","background-repeat":"repeat","background-position":"center center","background-size":"auto","background-attachment":"scroll","background-type":"","background-media":"","overlay-type":"","overlay-color":"","overlay-opacity":"","overlay-gradient":""},"tablet":{"background-color":"var(--ast-global-color-4)","background-image":"","background-repeat":"repeat","background-position":"center center","background-size":"auto","background-attachment":"scroll","background-type":"","background-media":"","overlay-type":"","overlay-color":"","overlay-opacity":"","overlay-gradient":""},"mobile":{"background-color":"var(--ast-global-color-4)","background-image":"","background-repeat":"repeat","background-position":"center center","background-size":"auto","background-attachment":"scroll","background-type":"","background-media":"","overlay-type":"","overlay-color":"","overlay-opacity":"","overlay-gradient":""}},"_themeisle_gutenberg_block_has_review":false,"footnotes":""},"class_list":["post-107","page","type-page","status-publish","hentry"],"_links":{"self":[{"href":"https:\/\/escoladigital.madeira.gov.pt\/eb1marocossantoserra\/wp-json\/wp\/v2\/pages\/107","targetHints":{"allow":["GET"]}}],"collection":[{"href":"https:\/\/escoladigital.madeira.gov.pt\/eb1marocossantoserra\/wp-json\/wp\/v2\/pages"}],"about":[{"href":"https:\/\/escoladigital.madeira.gov.pt\/eb1marocossantoserra\/wp-json\/wp\/v2\/types\/page"}],"author":[{"embeddable":true,"href":"https:\/\/escoladigital.madeira.gov.pt\/eb1marocossantoserra\/wp-json\/wp\/v2\/users\/106"}],"replies":[{"embeddable":true,"href":"https:\/\/escoladigital.madeira.gov.pt\/eb1marocossantoserra\/wp-json\/wp\/v2\/comments?post=107"}],"version-history":[{"count":10,"href":"https:\/\/escoladigital.madeira.gov.pt\/eb1marocossantoserra\/wp-json\/wp\/v2\/pages\/107\/revisions"}],"predecessor-version":[{"id":575,"href":"https:\/\/escoladigital.madeira.gov.pt\/eb1marocossantoserra\/wp-json\/wp\/v2\/pages\/107\/revisions\/575"}],"wp:attachment":[{"href":"https:\/\/escoladigital.madeira.gov.pt\/eb1marocossantoserra\/wp-json\/wp\/v2\/media?parent=107"}],"curies":[{"name":"wp","href":"https:\/\/api.w.org\/{rel}","templated":true}]}}