{"id":410,"date":"2025-12-17T16:08:46","date_gmt":"2025-12-17T16:08:46","guid":{"rendered":"https:\/\/escoladigital.madeira.gov.pt\/eb1marocossantoserra\/?page_id=410"},"modified":"2025-12-17T16:08:46","modified_gmt":"2025-12-17T16:08:46","slug":"calendario-escolar","status":"publish","type":"page","link":"https:\/\/escoladigital.madeira.gov.pt\/eb1marocossantoserra\/calendario-escolar\/","title":{"rendered":"Calend\u00e1rio Escolar"},"content":{"rendered":"\n<figure class=\"wp-block-table is-style-stripes\"><table class=\"has-fixed-layout\"><tbody><tr><td class=\"has-text-align-center\" data-align=\"center\"><strong>1\u00ba SEMESTRE<\/strong><\/td><td class=\"has-text-align-center\" data-align=\"center\"><strong>2\u00ba SEMESTRE<\/strong><\/td><\/tr><\/tbody><\/table><\/figure>\n\n\n\n<figure class=\"wp-block-table is-style-stripes\"><table class=\"has-fixed-layout\"><tbody><tr><td class=\"has-text-align-center\" data-align=\"center\"><strong>INICIO<\/strong><\/td><td class=\"has-text-align-center\" data-align=\"center\"><strong>TERMO<\/strong><\/td><td class=\"has-text-align-center\" data-align=\"center\"><strong>INICIO<\/strong><\/td><td class=\"has-text-align-center\" data-align=\"center\"><strong>TERMO<\/strong><\/td><\/tr><tr><td class=\"has-text-align-center\" data-align=\"center\">08 &#8211; 09 &#8211; 2025<\/td><td class=\"has-text-align-center\" data-align=\"center\">27 &#8211; 01 &#8211; 2026<\/td><td class=\"has-text-align-center\" data-align=\"center\">02 &#8211; 02 &#8211; 2026<\/td><td class=\"has-text-align-center\" data-align=\"center\">30 &#8211; 06 &#8211; 2026<\/td><\/tr><tr><td class=\"has-text-align-center\" data-align=\"center\"><strong>INTERRUP\u00c7\u00c3O NATAL<\/strong><\/td><td class=\"has-text-align-center\" data-align=\"center\"><strong>INTERRUP\u00c7\u00c3O SEMESTRES<\/strong><\/td><td class=\"has-text-align-center\" data-align=\"center\"><strong>INTERRUP\u00c7\u00c3O CARNAVAL<\/strong><\/td><td class=\"has-text-align-center\" data-align=\"center\"><strong>INTERRUP\u00c7\u00c3O P\u00c1SCOA<\/strong><\/td><\/tr><tr><td class=\"has-text-align-center\" data-align=\"center\"><strong>19 &#8211; 12 &#8211; 2025<\/strong> a <strong>02 &#8211; 01 &#8211; 2026<\/strong><\/td><td class=\"has-text-align-center\" data-align=\"center\"><strong>28 &#8211; 01 &#8211; 2026 <\/strong>a <strong>30 &#8211; 01 &#8211; 2026<\/strong><\/td><td class=\"has-text-align-center\" data-align=\"center\"><strong>16 &#8211; 02 &#8211; 26<\/strong> a <strong>18 &#8211; 02 &#8211; 2026<\/strong><\/td><td class=\"has-text-align-center\" data-align=\"center\"><strong>30 &#8211; 03 &#8211; 2026<\/strong> a <strong>10 &#8211; 04 &#8211; 2026<\/strong><\/td><\/tr><\/tbody><\/table><\/figure>\n","protected":false},"excerpt":{"rendered":"<p>1\u00ba SEMESTRE 2\u00ba SEMESTRE INICIO TERMO INICIO TERMO 08 &#8211; 09 &#8211; 2025 27 &#8211; 01 &#8211; 2026 02 &#8211; [&hellip;]<\/p>\n","protected":false},"author":106,"featured_media":0,"parent":0,"menu_order":0,"comment_status":"closed","ping_status":"closed","template":"","meta":{"site-sidebar-layout":"default","site-content-layout":"","ast-site-content-layout":"default","site-content-style":"default","site-sidebar-style":"default","ast-global-header-display":"","ast-banner-title-visibility":"","ast-main-header-display":"","ast-hfb-above-header-display":"","ast-hfb-below-header-display":"","ast-hfb-mobile-header-display":"","site-post-title":"","ast-breadcrumbs-content":"","ast-featured-img":"","footer-sml-layout":"","ast-disable-related-posts":"","theme-transparent-header-meta":"","adv-header-id-meta":"","stick-header-meta":"","header-above-stick-meta":"","header-main-stick-meta":"","header-below-stick-meta":"","astra-migrate-meta-layouts":"default","ast-page-background-enabled":"default","ast-page-background-meta":{"desktop":{"background-color":"var(--ast-global-color-5)","background-image":"","background-repeat":"repeat","background-position":"center center","background-size":"auto","background-attachment":"scroll","background-type":"","background-media":"","overlay-type":"","overlay-color":"","overlay-opacity":"","overlay-gradient":""},"tablet":{"background-color":"","background-image":"","background-repeat":"repeat","background-position":"center center","background-size":"auto","background-attachment":"scroll","background-type":"","background-media":"","overlay-type":"","overlay-color":"","overlay-opacity":"","overlay-gradient":""},"mobile":{"background-color":"","background-image":"","background-repeat":"repeat","background-position":"center center","background-size":"auto","background-attachment":"scroll","background-type":"","background-media":"","overlay-type":"","overlay-color":"","overlay-opacity":"","overlay-gradient":""}},"ast-content-background-meta":{"desktop":{"background-color":"var(--ast-global-color-4)","background-image":"","background-repeat":"repeat","background-position":"center center","background-size":"auto","background-attachment":"scroll","background-type":"","background-media":"","overlay-type":"","overlay-color":"","overlay-opacity":"","overlay-gradient":""},"tablet":{"background-color":"var(--ast-global-color-4)","background-image":"","background-repeat":"repeat","background-position":"center center","background-size":"auto","background-attachment":"scroll","background-type":"","background-media":"","overlay-type":"","overlay-color":"","overlay-opacity":"","overlay-gradient":""},"mobile":{"background-color":"var(--ast-global-color-4)","background-image":"","background-repeat":"repeat","background-position":"center center","background-size":"auto","background-attachment":"scroll","background-type":"","background-media":"","overlay-type":"","overlay-color":"","overlay-opacity":"","overlay-gradient":""}},"_themeisle_gutenberg_block_has_review":false,"footnotes":""},"class_list":["post-410","page","type-page","status-publish","hentry"],"_links":{"self":[{"href":"https:\/\/escoladigital.madeira.gov.pt\/eb1marocossantoserra\/wp-json\/wp\/v2\/pages\/410","targetHints":{"allow":["GET"]}}],"collection":[{"href":"https:\/\/escoladigital.madeira.gov.pt\/eb1marocossantoserra\/wp-json\/wp\/v2\/pages"}],"about":[{"href":"https:\/\/escoladigital.madeira.gov.pt\/eb1marocossantoserra\/wp-json\/wp\/v2\/types\/page"}],"author":[{"embeddable":true,"href":"https:\/\/escoladigital.madeira.gov.pt\/eb1marocossantoserra\/wp-json\/wp\/v2\/users\/106"}],"replies":[{"embeddable":true,"href":"https:\/\/escoladigital.madeira.gov.pt\/eb1marocossantoserra\/wp-json\/wp\/v2\/comments?post=410"}],"version-history":[{"count":1,"href":"https:\/\/escoladigital.madeira.gov.pt\/eb1marocossantoserra\/wp-json\/wp\/v2\/pages\/410\/revisions"}],"predecessor-version":[{"id":411,"href":"https:\/\/escoladigital.madeira.gov.pt\/eb1marocossantoserra\/wp-json\/wp\/v2\/pages\/410\/revisions\/411"}],"wp:attachment":[{"href":"https:\/\/escoladigital.madeira.gov.pt\/eb1marocossantoserra\/wp-json\/wp\/v2\/media?parent=410"}],"curies":[{"name":"wp","href":"https:\/\/api.w.org\/{rel}","templated":true}]}}