{"id":162,"date":"2025-02-06T13:55:23","date_gmt":"2025-02-06T13:55:23","guid":{"rendered":"https:\/\/escoladigital.madeira.gov.pt\/eb1peajuda\/?page_id=162"},"modified":"2026-01-09T12:49:58","modified_gmt":"2026-01-09T12:49:58","slug":"projeto-educativo-de-escola","status":"publish","type":"page","link":"https:\/\/escoladigital.madeira.gov.pt\/eb1peajuda\/projeto-educativo-de-escola\/","title":{"rendered":"Projeto Educativo de Escola"},"content":{"rendered":"\n<p>O Projeto Educativo \u00e9 o primeiro grande instrumento de planeamento da a\u00e7\u00e3o educativa da escola, devendo por isso, servir permanentemente de ponto de refer\u00eancia e orienta\u00e7\u00e3o na atua\u00e7\u00e3o de todos os elementos da Comunidade Educativa em que a escola se insere, em prol da forma\u00e7\u00e3o de pessoas e cidad\u00e3os cada vez mais cultos, aut\u00f3nomos, respons\u00e1veis, solid\u00e1rios e democraticamente comprometidos na constru\u00e7\u00e3o de um destino comum e de uma sociedade melhor.<br>Com o presente projeto, pretendemos fazer um diagn\u00f3stico dos constrangimentos e potencialidades da nossa escola e definir estrat\u00e9gias para colmatar e desenvolver o pretendido, as quais tra\u00e7am as nossas linhas de atua\u00e7\u00e3o e servem de refer\u00eancia e garantia da coer\u00eancia e efici\u00eancia do nosso plano de a\u00e7\u00e3o.<\/p>\n\n\n\n<div data-wp-interactive=\"core\/file\" class=\"wp-block-file\"><object data-wp-bind--hidden=\"!state.hasPdfPreview\" hidden class=\"wp-block-file__embed\" data=\"https:\/\/escoladigital.madeira.gov.pt\/eb1peajuda\/wp-content\/uploads\/sites\/64\/2026\/01\/PEE-Ajuda-2025-29_VF_signed.pdf\" type=\"application\/pdf\" style=\"width:100%;height:600px\" aria-label=\"Incorpora\u00e7\u00e3o de PEE Ajuda 2025-29_VF_signed.\"><\/object><a id=\"wp-block-file--media-931c8565-1584-4833-b2c3-b97f28e70b49\" href=\"https:\/\/escoladigital.madeira.gov.pt\/eb1peajuda\/wp-content\/uploads\/sites\/64\/2026\/01\/PEE-Ajuda-2025-29_VF_signed.pdf\">PEE Ajuda 2025-29_VF_signed<\/a><a href=\"https:\/\/escoladigital.madeira.gov.pt\/eb1peajuda\/wp-content\/uploads\/sites\/64\/2026\/01\/PEE-Ajuda-2025-29_VF_signed.pdf\" class=\"wp-block-file__button wp-element-button\" download aria-describedby=\"wp-block-file--media-931c8565-1584-4833-b2c3-b97f28e70b49\">Descarregar<\/a><\/div>\n","protected":false},"excerpt":{"rendered":"<p>O Projeto Educativo \u00e9 o primeiro grande instrumento de planeamento da a\u00e7\u00e3o educativa da escola, devendo por isso, servir permanentemente de ponto de refer\u00eancia e orienta\u00e7\u00e3o na atua\u00e7\u00e3o de todos os elementos da Comunidade Educativa em que a escola se insere, em prol da forma\u00e7\u00e3o de pessoas e cidad\u00e3os cada vez mais cultos, aut\u00f3nomos, respons\u00e1veis, [&hellip;]<\/p>\n","protected":false},"author":83,"featured_media":0,"parent":0,"menu_order":0,"comment_status":"closed","ping_status":"closed","template":"","meta":{"site-sidebar-layout":"default","site-content-layout":"","ast-site-content-layout":"default","site-content-style":"default","site-sidebar-style":"default","ast-global-header-display":"","ast-banner-title-visibility":"","ast-main-header-display":"","ast-hfb-above-header-display":"","ast-hfb-below-header-display":"","ast-hfb-mobile-header-display":"","site-post-title":"","ast-breadcrumbs-content":"","ast-featured-img":"","footer-sml-layout":"","ast-disable-related-posts":"","theme-transparent-header-meta":"","adv-header-id-meta":"","stick-header-meta":"","header-above-stick-meta":"","header-main-stick-meta":"","header-below-stick-meta":"","astra-migrate-meta-layouts":"default","ast-page-background-enabled":"default","ast-page-background-meta":{"desktop":{"background-color":"var(--ast-global-color-5)","background-image":"","background-repeat":"repeat","background-position":"center center","background-size":"auto","background-attachment":"scroll","background-type":"","background-media":"","overlay-type":"","overlay-color":"","overlay-opacity":"","overlay-gradient":""},"tablet":{"background-color":"","background-image":"","background-repeat":"repeat","background-position":"center center","background-size":"auto","background-attachment":"scroll","background-type":"","background-media":"","overlay-type":"","overlay-color":"","overlay-opacity":"","overlay-gradient":""},"mobile":{"background-color":"","background-image":"","background-repeat":"repeat","background-position":"center center","background-size":"auto","background-attachment":"scroll","background-type":"","background-media":"","overlay-type":"","overlay-color":"","overlay-opacity":"","overlay-gradient":""}},"ast-content-background-meta":{"desktop":{"background-color":"var(--ast-global-color-4)","background-image":"","background-repeat":"repeat","background-position":"center center","background-size":"auto","background-attachment":"scroll","background-type":"","background-media":"","overlay-type":"","overlay-color":"","overlay-opacity":"","overlay-gradient":""},"tablet":{"background-color":"var(--ast-global-color-4)","background-image":"","background-repeat":"repeat","background-position":"center center","background-size":"auto","background-attachment":"scroll","background-type":"","background-media":"","overlay-type":"","overlay-color":"","overlay-opacity":"","overlay-gradient":""},"mobile":{"background-color":"var(--ast-global-color-4)","background-image":"","background-repeat":"repeat","background-position":"center center","background-size":"auto","background-attachment":"scroll","background-type":"","background-media":"","overlay-type":"","overlay-color":"","overlay-opacity":"","overlay-gradient":""}},"_themeisle_gutenberg_block_has_review":false,"footnotes":""},"class_list":["post-162","page","type-page","status-publish","hentry"],"_links":{"self":[{"href":"https:\/\/escoladigital.madeira.gov.pt\/eb1peajuda\/wp-json\/wp\/v2\/pages\/162","targetHints":{"allow":["GET"]}}],"collection":[{"href":"https:\/\/escoladigital.madeira.gov.pt\/eb1peajuda\/wp-json\/wp\/v2\/pages"}],"about":[{"href":"https:\/\/escoladigital.madeira.gov.pt\/eb1peajuda\/wp-json\/wp\/v2\/types\/page"}],"author":[{"embeddable":true,"href":"https:\/\/escoladigital.madeira.gov.pt\/eb1peajuda\/wp-json\/wp\/v2\/users\/83"}],"replies":[{"embeddable":true,"href":"https:\/\/escoladigital.madeira.gov.pt\/eb1peajuda\/wp-json\/wp\/v2\/comments?post=162"}],"version-history":[{"count":3,"href":"https:\/\/escoladigital.madeira.gov.pt\/eb1peajuda\/wp-json\/wp\/v2\/pages\/162\/revisions"}],"predecessor-version":[{"id":502,"href":"https:\/\/escoladigital.madeira.gov.pt\/eb1peajuda\/wp-json\/wp\/v2\/pages\/162\/revisions\/502"}],"wp:attachment":[{"href":"https:\/\/escoladigital.madeira.gov.pt\/eb1peajuda\/wp-json\/wp\/v2\/media?parent=162"}],"curies":[{"name":"wp","href":"https:\/\/api.w.org\/{rel}","templated":true}]}}