{"id":307,"date":"2025-12-08T13:09:05","date_gmt":"2025-12-08T13:09:05","guid":{"rendered":"https:\/\/escoladigital.madeira.gov.pt\/eb1peareeirolombada\/?page_id=307"},"modified":"2025-12-12T12:33:54","modified_gmt":"2025-12-12T12:33:54","slug":"horario-de-funcionamento","status":"publish","type":"page","link":"https:\/\/escoladigital.madeira.gov.pt\/eb1peareeirolombada\/horario-de-funcionamento\/","title":{"rendered":"Hor\u00e1rio de Funcionamento"},"content":{"rendered":"\n<p>Hor\u00e1rio de funcionamento da <strong>secretaria<\/strong>:<br>Das 09:00h \u00e0s 13:00h e das 14:00h \u00e0s 17:00h<\/p>\n\n\n\n<p>Hor\u00e1rio de funcionamento da <strong>escola<\/strong>:<br>Das 08:15h \u00e0s 18:15h<\/p>\n\n\n\n<p>Hor\u00e1rio das salas de <strong>Pr\u00e9-escolar<\/strong>:<br>Das 08:15h \u00e0s 18:15h<\/p>\n\n\n\n<p>Hor\u00e1rio das atividades <strong>curriculares<\/strong>:<br>Das 08:15h \u00e0s 13:15h &#8211; <strong>2\u00ba e 3\u00ba anos<\/strong> (2\u00baA, 2\u00baB, 3\u00baA, 3\u00baB e 3\u00baC)<br>Das 08:30h \u00e0s 13:30h &#8211; <strong>1\u00ba e 4\u00ba anos<\/strong> (1\u00baA, 1\u00baB, 4\u00baA e 4\u00baB)<\/p>\n\n\n\n<p>Hor\u00e1rios das Atividades de Enriquecimento Curricular (<strong>AECs<\/strong>):<br>Das 14:15h \u00e0s 17:45h &#8211; <strong>2\u00ba e 3\u00ba anos<\/strong> (2\u00baA, 2\u00baB, 3\u00baA, 3\u00baB e 3\u00baC)<br>Das 14:30h \u00e0s 17:45h &#8211; <strong>1\u00ba e 4\u00ba anos<\/strong> (1\u00baA, 1\u00baB, 4\u00baA e 4\u00baB)<\/p>\n\n\n\n<p>Hor\u00e1rio do <strong>OTL<\/strong>:<br>Das 17:45h \u00e0s 18:15h<\/p>\n\n\n\n<p><\/p>\n","protected":false},"excerpt":{"rendered":"<p>Hor\u00e1rio de funcionamento da secretaria:Das 09:00h \u00e0s 13:00h e das 14:00h \u00e0s 17:00h Hor\u00e1rio de funcionamento da escola:Das 08:15h \u00e0s [&hellip;]<\/p>\n","protected":false},"author":109,"featured_media":0,"parent":0,"menu_order":0,"comment_status":"closed","ping_status":"closed","template":"","meta":{"site-sidebar-layout":"default","site-content-layout":"","ast-site-content-layout":"default","site-content-style":"default","site-sidebar-style":"default","ast-global-header-display":"","ast-banner-title-visibility":"","ast-main-header-display":"","ast-hfb-above-header-display":"","ast-hfb-below-header-display":"","ast-hfb-mobile-header-display":"","site-post-title":"","ast-breadcrumbs-content":"","ast-featured-img":"","footer-sml-layout":"","ast-disable-related-posts":"","theme-transparent-header-meta":"","adv-header-id-meta":"","stick-header-meta":"","header-above-stick-meta":"","header-main-stick-meta":"","header-below-stick-meta":"","astra-migrate-meta-layouts":"default","ast-page-background-enabled":"default","ast-page-background-meta":{"desktop":{"background-color":"var(--ast-global-color-4)","background-image":"","background-repeat":"repeat","background-position":"center center","background-size":"auto","background-attachment":"scroll","background-type":"","background-media":"","overlay-type":"","overlay-color":"","overlay-opacity":"","overlay-gradient":""},"tablet":{"background-color":"","background-image":"","background-repeat":"repeat","background-position":"center center","background-size":"auto","background-attachment":"scroll","background-type":"","background-media":"","overlay-type":"","overlay-color":"","overlay-opacity":"","overlay-gradient":""},"mobile":{"background-color":"","background-image":"","background-repeat":"repeat","background-position":"center center","background-size":"auto","background-attachment":"scroll","background-type":"","background-media":"","overlay-type":"","overlay-color":"","overlay-opacity":"","overlay-gradient":""}},"ast-content-background-meta":{"desktop":{"background-color":"var(--ast-global-color-5)","background-image":"","background-repeat":"repeat","background-position":"center center","background-size":"auto","background-attachment":"scroll","background-type":"","background-media":"","overlay-type":"","overlay-color":"","overlay-opacity":"","overlay-gradient":""},"tablet":{"background-color":"var(--ast-global-color-5)","background-image":"","background-repeat":"repeat","background-position":"center center","background-size":"auto","background-attachment":"scroll","background-type":"","background-media":"","overlay-type":"","overlay-color":"","overlay-opacity":"","overlay-gradient":""},"mobile":{"background-color":"var(--ast-global-color-5)","background-image":"","background-repeat":"repeat","background-position":"center center","background-size":"auto","background-attachment":"scroll","background-type":"","background-media":"","overlay-type":"","overlay-color":"","overlay-opacity":"","overlay-gradient":""}},"_themeisle_gutenberg_block_has_review":false,"footnotes":""},"class_list":["post-307","page","type-page","status-publish","hentry"],"_links":{"self":[{"href":"https:\/\/escoladigital.madeira.gov.pt\/eb1peareeirolombada\/wp-json\/wp\/v2\/pages\/307","targetHints":{"allow":["GET"]}}],"collection":[{"href":"https:\/\/escoladigital.madeira.gov.pt\/eb1peareeirolombada\/wp-json\/wp\/v2\/pages"}],"about":[{"href":"https:\/\/escoladigital.madeira.gov.pt\/eb1peareeirolombada\/wp-json\/wp\/v2\/types\/page"}],"author":[{"embeddable":true,"href":"https:\/\/escoladigital.madeira.gov.pt\/eb1peareeirolombada\/wp-json\/wp\/v2\/users\/109"}],"replies":[{"embeddable":true,"href":"https:\/\/escoladigital.madeira.gov.pt\/eb1peareeirolombada\/wp-json\/wp\/v2\/comments?post=307"}],"version-history":[{"count":7,"href":"https:\/\/escoladigital.madeira.gov.pt\/eb1peareeirolombada\/wp-json\/wp\/v2\/pages\/307\/revisions"}],"predecessor-version":[{"id":481,"href":"https:\/\/escoladigital.madeira.gov.pt\/eb1peareeirolombada\/wp-json\/wp\/v2\/pages\/307\/revisions\/481"}],"wp:attachment":[{"href":"https:\/\/escoladigital.madeira.gov.pt\/eb1peareeirolombada\/wp-json\/wp\/v2\/media?parent=307"}],"curies":[{"name":"wp","href":"https:\/\/api.w.org\/{rel}","templated":true}]}}