{"id":201,"date":"2025-03-09T22:07:36","date_gmt":"2025-03-09T22:07:36","guid":{"rendered":"https:\/\/escoladigital.madeira.gov.pt\/eb1peccarreira\/?page_id=201"},"modified":"2026-02-24T21:38:11","modified_gmt":"2026-02-24T21:38:11","slug":"espr","status":"publish","type":"page","link":"https:\/\/escoladigital.madeira.gov.pt\/eb1peccarreira\/espr\/","title":{"rendered":"ESPR"},"content":{"rendered":"\t\t<div data-elementor-type=\"wp-page\" data-elementor-id=\"201\" class=\"elementor elementor-201\">\n\t\t\t\t<div class=\"elementor-element elementor-element-63a7c47b e-flex e-con-boxed e-con e-parent\" data-id=\"63a7c47b\" data-element_type=\"container\" data-e-type=\"container\">\n\t\t\t\t\t<div class=\"e-con-inner\">\n\t\t\t\t<div class=\"elementor-element elementor-element-7d62aa89 elementor-widget elementor-widget-text-editor\" data-id=\"7d62aa89\" data-element_type=\"widget\" data-e-type=\"widget\" data-widget_type=\"text-editor.default\">\n\t\t\t\t<div class=\"elementor-widget-container\">\n\t\t\t\t\t\t\t\t\t<h1 class=\"wp-block-heading\">ESPR \u2013 Educa\u00e7\u00e3o para a Seguran\u00e7a e Preven\u00e7\u00e3o de Riscos<\/h1>\n<p><!-- \/wp:heading --><!-- wp:paragraph {\"align\":\"left\"} --><\/p>\n<p class=\"has-text-align-left\" style=\"text-align: justify\"><span style=\"font-family: 'Arial','sans-serif'\">O Projeto de Educa\u00e7\u00e3o para a Seguran\u00e7a e Preven\u00e7\u00e3o de Riscos (ESPR) permite dotar os alunos de conhecimentos sobre os diferentes riscos a que est\u00e3o expostos e incentivar a ado\u00e7\u00e3o consciente de atitudes e comportamentos de preven\u00e7\u00e3o e de autoprote\u00e7\u00e3o que minimizem a exposi\u00e7\u00e3o e vulnerabilidade a diversos tipos de acidentes e que consciencializem e treinem alguns procedimentos de preven\u00e7\u00e3o e emerg\u00eancia.<\/span><\/p>\n<p class=\"has-text-align-left\"><!-- \/wp:paragraph --><!-- wp:paragraph {\"align\":\"left\"} --><\/p>\n<p class=\"has-text-align-left\" style=\"text-align: justify\"><span style=\"font-family: 'Arial','sans-serif'\">Para mais informa\u00e7\u00f5es sobre o projeto pode consultar a p\u00e1gina oficial <a href=\"https:\/\/educareprevenir.madeira.gov.pt\/\" data-type=\"link\" data-id=\"https:\/\/educareprevenir.madeira.gov.pt\/\">clicando aqui<\/a><\/span><\/p>\n<p class=\"has-text-align-left\"><!-- \/wp:paragraph --><!-- wp:paragraph {\"align\":\"left\"} --><\/p>\n<p class=\"has-text-align-left\" style=\"text-align: justify\"><strong><span style=\"font-family: 'Arial','sans-serif'\">Respons\u00e1veis pelo Projeto e delegados de Seguran\u00e7a: Professor M\u00e1rio Menezes \/ Bruno Martins<\/span><\/strong><\/p>\n<p><a href=\"https:\/\/formacaonastic-sudo.github.io\/treinoteclado\/\">Aqui<\/a> pode ver o v\u00eddeo de evacua\u00e7\u00e3o da nossa escola:<\/p>\n<p>\u00a0<\/p>\n<p><!-- \/wp:paragraph --><!-- wp:image {\"id\":265,\"sizeSlug\":\"full\",\"linkDestination\":\"none\",\"align\":\"center\"} --><\/p>\n<figure class=\"wp-block-image aligncenter size-full\"><img fetchpriority=\"high\" decoding=\"async\" width=\"350\" height=\"183\" class=\"wp-image-265\" src=\"https:\/\/escoladigital.madeira.gov.pt\/eb1peccarreira\/wp-content\/uploads\/sites\/33\/2025\/03\/ESPR.jpg\" alt=\"\" srcset=\"https:\/\/escoladigital.madeira.gov.pt\/eb1peccarreira\/wp-content\/uploads\/sites\/33\/2025\/03\/ESPR.jpg 350w, https:\/\/escoladigital.madeira.gov.pt\/eb1peccarreira\/wp-content\/uploads\/sites\/33\/2025\/03\/ESPR-300x157.jpg 300w\" sizes=\"(max-width: 350px) 100vw, 350px\" \/><\/figure>\n<p><!-- \/wp:image --><!-- wp:cover {\"url\":\"https:\/\/escoladigital.madeira.gov.pt\/eb1peccarreira\/wp-content\/uploads\/sites\/33\/2025\/03\/A-terra-Treme-14-de-novembro-ESPR.mp4\",\"id\":283,\"dimRatio\":50,\"backgroundType\":\"video\"} --><\/p>\n<div class=\"wp-block-cover\">\n<p><video class=\"wp-block-cover__video-background intrinsic-ignore\" src=\"https:\/\/escoladigital.madeira.gov.pt\/eb1peccarreira\/wp-content\/uploads\/sites\/33\/2025\/03\/A-terra-Treme-14-de-novembro-ESPR.mp4\" autoplay=\"autoplay\" loop=\"loop\" muted=\"\" width=\"226\" height=\"226\" data-object-fit=\"cover\"><\/video><\/p>\n<div class=\"wp-block-cover__inner-container\">\n<p><!-- wp:paragraph {\"align\":\"center\",\"fontSize\":\"large\"} --><\/p>\n<p class=\"has-text-align-center has-large-font-size\">\u00a0<\/p>\n<p><!-- \/wp:paragraph --><\/p>\n<\/div>\n<\/div>\n<p><!-- \/wp:cover --><\/p>\t\t\t\t\t\t\t\t<\/div>\n\t\t\t\t<\/div>\n\t\t\t\t\t<\/div>\n\t\t\t\t<\/div>\n\t\t\t\t<\/div>\n\t\t","protected":false},"excerpt":{"rendered":"<p>ESPR \u2013 Educa\u00e7\u00e3o para a Seguran\u00e7a e Preven\u00e7\u00e3o de Riscos O Projeto de Educa\u00e7\u00e3o para a Seguran\u00e7a e Preven\u00e7\u00e3o de Riscos (ESPR) permite dotar os alunos de conhecimentos sobre os diferentes riscos a que est\u00e3o expostos e incentivar a ado\u00e7\u00e3o consciente de atitudes e comportamentos de preven\u00e7\u00e3o e de autoprote\u00e7\u00e3o que minimizem a exposi\u00e7\u00e3o e &hellip; <\/p>\n<p class=\"link-more\"><a href=\"https:\/\/escoladigital.madeira.gov.pt\/eb1peccarreira\/espr\/\" class=\"more-link\">Read more<span class=\"screen-reader-text\"> &#8220;ESPR&#8221;<\/span><\/a><\/p>\n","protected":false},"author":44,"featured_media":0,"parent":0,"menu_order":0,"comment_status":"closed","ping_status":"closed","template":"","meta":{"_themeisle_gutenberg_block_has_review":false,"inspiro_hide_title":false,"footnotes":""},"class_list":["post-201","page","type-page","status-publish","hentry"],"_links":{"self":[{"href":"https:\/\/escoladigital.madeira.gov.pt\/eb1peccarreira\/wp-json\/wp\/v2\/pages\/201","targetHints":{"allow":["GET"]}}],"collection":[{"href":"https:\/\/escoladigital.madeira.gov.pt\/eb1peccarreira\/wp-json\/wp\/v2\/pages"}],"about":[{"href":"https:\/\/escoladigital.madeira.gov.pt\/eb1peccarreira\/wp-json\/wp\/v2\/types\/page"}],"author":[{"embeddable":true,"href":"https:\/\/escoladigital.madeira.gov.pt\/eb1peccarreira\/wp-json\/wp\/v2\/users\/44"}],"replies":[{"embeddable":true,"href":"https:\/\/escoladigital.madeira.gov.pt\/eb1peccarreira\/wp-json\/wp\/v2\/comments?post=201"}],"version-history":[{"count":26,"href":"https:\/\/escoladigital.madeira.gov.pt\/eb1peccarreira\/wp-json\/wp\/v2\/pages\/201\/revisions"}],"predecessor-version":[{"id":2294,"href":"https:\/\/escoladigital.madeira.gov.pt\/eb1peccarreira\/wp-json\/wp\/v2\/pages\/201\/revisions\/2294"}],"wp:attachment":[{"href":"https:\/\/escoladigital.madeira.gov.pt\/eb1peccarreira\/wp-json\/wp\/v2\/media?parent=201"}],"curies":[{"name":"wp","href":"https:\/\/api.w.org\/{rel}","templated":true}]}}