{"id":344,"date":"2025-03-10T17:19:48","date_gmt":"2025-03-10T17:19:48","guid":{"rendered":"https:\/\/escoladigital.madeira.gov.pt\/eb1peccarreira\/?page_id=344"},"modified":"2025-03-11T19:27:01","modified_gmt":"2025-03-11T19:27:01","slug":"projeto-bau-de-leitura","status":"publish","type":"page","link":"https:\/\/escoladigital.madeira.gov.pt\/eb1peccarreira\/projeto-bau-de-leitura\/","title":{"rendered":"PROJETO BA\u00da DE LEITURA"},"content":{"rendered":"\t\t<div data-elementor-type=\"wp-page\" data-elementor-id=\"344\" class=\"elementor elementor-344\">\n\t\t\t\t<div class=\"elementor-element elementor-element-78298552 e-flex e-con-boxed e-con e-parent\" data-id=\"78298552\" data-element_type=\"container\" data-e-type=\"container\">\n\t\t\t\t\t<div class=\"e-con-inner\">\n\t\t\t\t<div class=\"elementor-element elementor-element-74b04f0a elementor-widget elementor-widget-text-editor\" data-id=\"74b04f0a\" data-element_type=\"widget\" data-e-type=\"widget\" data-widget_type=\"text-editor.default\">\n\t\t\t\t<div class=\"elementor-widget-container\">\n\t\t\t\t\t\t\t\t\t\n<p class=\"has-text-align-left\">O\u00a0Ba\u00fa de Leitura \u00e9 um projeto escolar da Secretaria Regional da Educa\u00e7\u00e3o, implementado na Regi\u00e3o Aut\u00f3noma da Madeira em 2001, com o apoio da Funda\u00e7\u00e3o Gulbenkian, cujo objetivo principal \u00e9 promover h\u00e1bitos de leitura e escrita, junto dos alunos de todos os n\u00edveis de ensino.<\/p>\n\n<p class=\"has-text-align-left\">\u00a0 Al\u00e9m de permitir a partilha de recursos entre as escolas, o Ba\u00fa de Leitura realiza atividades conjuntas, nomeadamente passatempos, exposi\u00e7\u00f5es e projetos interescolares, sendo o livro o elemento aglutinador.<\/p>\n\n<p><strong>Respons\u00e1vel do Projeto: N\u00e9lia jardim<\/strong><\/p>\n\n<figure class=\"wp-block-image size-large is-resized\"><img fetchpriority=\"high\" decoding=\"async\" width=\"1024\" height=\"146\" class=\"wp-image-348\" style=\"width: 1140px;height: auto\" src=\"https:\/\/escoladigital.madeira.gov.pt\/eb1peccarreira\/wp-content\/uploads\/sites\/33\/2025\/03\/blbanner-1024x146.png\" alt=\"\" srcset=\"https:\/\/escoladigital.madeira.gov.pt\/eb1peccarreira\/wp-content\/uploads\/sites\/33\/2025\/03\/blbanner-1024x146.png 1024w, https:\/\/escoladigital.madeira.gov.pt\/eb1peccarreira\/wp-content\/uploads\/sites\/33\/2025\/03\/blbanner-300x43.png 300w, https:\/\/escoladigital.madeira.gov.pt\/eb1peccarreira\/wp-content\/uploads\/sites\/33\/2025\/03\/blbanner-2000x286.png 2000w\" sizes=\"(max-width: 1024px) 100vw, 1024px\" \/><\/figure>\n\t\t\t\t\t\t\t\t<\/div>\n\t\t\t\t<\/div>\n\t\t\t\t\t<\/div>\n\t\t\t\t<\/div>\n\t\t\t\t<\/div>\n\t\t","protected":false},"excerpt":{"rendered":"<p>O\u00a0Ba\u00fa de Leitura \u00e9 um projeto escolar da Secretaria Regional da Educa\u00e7\u00e3o, implementado na Regi\u00e3o Aut\u00f3noma da Madeira em 2001, com o apoio da Funda\u00e7\u00e3o Gulbenkian, cujo objetivo principal \u00e9 promover h\u00e1bitos de leitura e escrita, junto dos alunos de todos os n\u00edveis de ensino. \u00a0 Al\u00e9m de permitir a partilha de recursos entre as &hellip; <\/p>\n<p class=\"link-more\"><a href=\"https:\/\/escoladigital.madeira.gov.pt\/eb1peccarreira\/projeto-bau-de-leitura\/\" class=\"more-link\">Read more<span class=\"screen-reader-text\"> &#8220;PROJETO BA\u00da DE LEITURA&#8221;<\/span><\/a><\/p>\n","protected":false},"author":44,"featured_media":0,"parent":0,"menu_order":0,"comment_status":"closed","ping_status":"closed","template":"","meta":{"_themeisle_gutenberg_block_has_review":false,"inspiro_hide_title":false,"footnotes":""},"class_list":["post-344","page","type-page","status-publish","hentry"],"_links":{"self":[{"href":"https:\/\/escoladigital.madeira.gov.pt\/eb1peccarreira\/wp-json\/wp\/v2\/pages\/344","targetHints":{"allow":["GET"]}}],"collection":[{"href":"https:\/\/escoladigital.madeira.gov.pt\/eb1peccarreira\/wp-json\/wp\/v2\/pages"}],"about":[{"href":"https:\/\/escoladigital.madeira.gov.pt\/eb1peccarreira\/wp-json\/wp\/v2\/types\/page"}],"author":[{"embeddable":true,"href":"https:\/\/escoladigital.madeira.gov.pt\/eb1peccarreira\/wp-json\/wp\/v2\/users\/44"}],"replies":[{"embeddable":true,"href":"https:\/\/escoladigital.madeira.gov.pt\/eb1peccarreira\/wp-json\/wp\/v2\/comments?post=344"}],"version-history":[{"count":6,"href":"https:\/\/escoladigital.madeira.gov.pt\/eb1peccarreira\/wp-json\/wp\/v2\/pages\/344\/revisions"}],"predecessor-version":[{"id":634,"href":"https:\/\/escoladigital.madeira.gov.pt\/eb1peccarreira\/wp-json\/wp\/v2\/pages\/344\/revisions\/634"}],"wp:attachment":[{"href":"https:\/\/escoladigital.madeira.gov.pt\/eb1peccarreira\/wp-json\/wp\/v2\/media?parent=344"}],"curies":[{"name":"wp","href":"https:\/\/api.w.org\/{rel}","templated":true}]}}