{"id":45,"date":"2025-10-22T09:19:36","date_gmt":"2025-10-22T09:19:36","guid":{"rendered":"https:\/\/escoladigital.madeira.gov.pt\/eb1peclobos\/?page_id=45"},"modified":"2025-10-22T14:11:13","modified_gmt":"2025-10-22T14:11:13","slug":"docentes","status":"publish","type":"page","link":"https:\/\/escoladigital.madeira.gov.pt\/eb1peclobos\/docentes\/","title":{"rendered":"DOCENTES"},"content":{"rendered":"\n<div class=\"wp-block-columns is-layout-flex wp-container-core-columns-is-layout-28f84493 wp-block-columns-is-layout-flex\">\n<div class=\"wp-block-column is-layout-flow wp-block-column-is-layout-flow\">\n<p class=\"has-text-align-center\">\u00d3RG\u00c3O DE GEST\u00c3O<\/p>\n\n\n\n<p class=\"has-text-align-center\">D\u00edlia Gra\u00e7a Andrade Barros<\/p>\n<\/div>\n\n\n\n<div class=\"wp-block-column is-layout-flow wp-block-column-is-layout-flow\">\n<p class=\"has-text-align-center\">CURRICULARES<\/p>\n\n\n\n<p class=\"has-text-align-center\">PROFESSORES TITULARES<\/p>\n\n\n\n<ul class=\"wp-block-list\">\n<li>1\u00baA &#8211; Ana Rosa Mesquita da Silva Coelho<\/li>\n\n\n\n<li>1\u00baB &#8211; Carla Maria Pereira Joaquim Rebelo<\/li>\n\n\n\n<li>2\u00baA &#8211; Susana Albertina Silva Rodrigues<\/li>\n\n\n\n<li>2\u00baB &#8211; Alexandra Maria Faria Ferreira<\/li>\n\n\n\n<li>3\u00baA &#8211; S\u00f3nia Maria Filipe de Silva<\/li>\n\n\n\n<li>4\u00baA &#8211; Margaria Maria Ven\u00e2ncio Mota<\/li>\n\n\n\n<li>4\u00baB &#8211; S\u00f3nia Patr\u00edcia Oliveira Lopes<\/li>\n<\/ul>\n\n\n\n<p class=\"has-text-align-center\">EDUCADORAS<\/p>\n\n\n\n<ul class=\"wp-block-list\">\n<li>Pr\u00e9 Verde &#8211; L\u00facia Maria Rodrigues Barradas e Nicola Maria Jardim Santos Aveiro<\/li>\n\n\n\n<li>Pr\u00e9 Azul &#8211; Maria Lizeta Faria Chaves e Vanessa Jos\u00e9 Rodrigues Quintal<\/li>\n\n\n\n<li>Sala Arco-\u00edris &#8211; Sandra Rodrigues Orf\u00e3o <\/li>\n<\/ul>\n\n\n\n<p class=\"has-text-align-center\">PROFESSORES ENSINO RECORRENTE<\/p>\n\n\n\n<ul class=\"wp-block-list\">\n<li>Ricardo Jo\u00e3o Coelho Pimentel<\/li>\n<\/ul>\n<\/div>\n<\/div>\n\n\n\n<div class=\"wp-block-columns is-layout-flex wp-container-core-columns-is-layout-28f84493 wp-block-columns-is-layout-flex\">\n<div class=\"wp-block-column is-layout-flow wp-block-column-is-layout-flow\">\n<p class=\"has-text-align-center\">APOIO<\/p>\n\n\n\n<div class=\"wp-block-columns is-layout-flex wp-container-core-columns-is-layout-28f84493 wp-block-columns-is-layout-flex\">\n<div class=\"wp-block-column is-layout-flow wp-block-column-is-layout-flow\">\n<p class=\"has-text-align-center\">APOIO PEDAG\u00d3GICO<\/p>\n<\/div>\n\n\n\n<div class=\"wp-block-column is-layout-flow wp-block-column-is-layout-flow\">\n<p class=\"has-text-align-center\">APOIO ENSINO ESPECIAL<\/p>\n<\/div>\n<\/div>\n\n\n\n<div class=\"wp-block-columns is-layout-flex wp-container-core-columns-is-layout-28f84493 wp-block-columns-is-layout-flex\">\n<div class=\"wp-block-column is-layout-flow wp-block-column-is-layout-flow\">\n<ul class=\"wp-block-list\">\n<li>Prof. Maria Susana Rocha Pinto<\/li>\n\n\n\n<li>Prof Maria Sandra de Freitas<\/li>\n<\/ul>\n<\/div>\n\n\n\n<div class=\"wp-block-column is-layout-flow wp-block-column-is-layout-flow\">\n<ul class=\"wp-block-list\">\n<li>Prof Ana Rita Freire Nogueira<\/li>\n\n\n\n<li>Edu Madalena Maria Fraga Homem de Gouveia<\/li>\n\n\n\n<li>Edu Maria Olga de Brito<\/li>\n\n\n\n<li>Prof T\u00e2nia Jos\u00e9 de Freitas Rodrigues<\/li>\n<\/ul>\n<\/div>\n<\/div>\n<\/div>\n\n\n\n<div class=\"wp-block-column is-layout-flow wp-block-column-is-layout-flow\">\n<p class=\"has-text-align-center\">A.E.C.<\/p>\n\n\n\n<p class=\"has-text-align-center\">EDUCA\u00c7\u00c3O F\u00cdSICA<\/p>\n\n\n\n<p>Nicolau Jos\u00e9 Couto Vieira<\/p>\n\n\n\n<p class=\"has-text-align-center\">EDUCA\u00c7\u00c3O MUSICAL E DRAM\u00c1TICA<\/p>\n\n\n\n<p>Prof Adriana Gomes Pacheco Faria<\/p>\n\n\n\n<p class=\"has-text-align-center\">T.I.C.<\/p>\n\n\n\n<p>Prof Constantino \u00c1lvaro Ribeiro da Silva Teles<\/p>\n\n\n\n<p class=\"has-text-align-center\">ESTUDO<\/p>\n\n\n\n<p>Prof F\u00e1tima Maria Figueira de Azevedo e Freitas<\/p>\n\n\n\n<p class=\"has-text-align-center\">INGL\u00caS<\/p>\n\n\n\n<p>Prof Fernanda Maria Silva Morais<\/p>\n<\/div>\n<\/div>\n\n\n\n<p><\/p>\n","protected":false},"excerpt":{"rendered":"<p>\u00d3RG\u00c3O DE GEST\u00c3O D\u00edlia Gra\u00e7a Andrade Barros CURRICULARES PROFESSORES TITULARES EDUCADORAS PROFESSORES ENSINO RECORRENTE APOIO APOIO PEDAG\u00d3GICO APOIO ENSINO ESPECIAL [&hellip;]<\/p>\n","protected":false},"author":103,"featured_media":0,"parent":0,"menu_order":0,"comment_status":"closed","ping_status":"closed","template":"","meta":{"site-sidebar-layout":"default","site-content-layout":"","ast-site-content-layout":"default","site-content-style":"default","site-sidebar-style":"default","ast-global-header-display":"","ast-banner-title-visibility":"","ast-main-header-display":"","ast-hfb-above-header-display":"","ast-hfb-below-header-display":"","ast-hfb-mobile-header-display":"","site-post-title":"","ast-breadcrumbs-content":"","ast-featured-img":"","footer-sml-layout":"","ast-disable-related-posts":"","theme-transparent-header-meta":"","adv-header-id-meta":"","stick-header-meta":"","header-above-stick-meta":"","header-main-stick-meta":"","header-below-stick-meta":"","astra-migrate-meta-layouts":"default","ast-page-background-enabled":"default","ast-page-background-meta":{"desktop":{"background-color":"var(--ast-global-color-5)","background-image":"","background-repeat":"repeat","background-position":"center center","background-size":"auto","background-attachment":"scroll","background-type":"","background-media":"","overlay-type":"","overlay-color":"","overlay-opacity":"","overlay-gradient":""},"tablet":{"background-color":"","background-image":"","background-repeat":"repeat","background-position":"center center","background-size":"auto","background-attachment":"scroll","background-type":"","background-media":"","overlay-type":"","overlay-color":"","overlay-opacity":"","overlay-gradient":""},"mobile":{"background-color":"","background-image":"","background-repeat":"repeat","background-position":"center center","background-size":"auto","background-attachment":"scroll","background-type":"","background-media":"","overlay-type":"","overlay-color":"","overlay-opacity":"","overlay-gradient":""}},"ast-content-background-meta":{"desktop":{"background-color":"var(--ast-global-color-4)","background-image":"","background-repeat":"repeat","background-position":"center center","background-size":"auto","background-attachment":"scroll","background-type":"","background-media":"","overlay-type":"","overlay-color":"","overlay-opacity":"","overlay-gradient":""},"tablet":{"background-color":"var(--ast-global-color-4)","background-image":"","background-repeat":"repeat","background-position":"center center","background-size":"auto","background-attachment":"scroll","background-type":"","background-media":"","overlay-type":"","overlay-color":"","overlay-opacity":"","overlay-gradient":""},"mobile":{"background-color":"var(--ast-global-color-4)","background-image":"","background-repeat":"repeat","background-position":"center center","background-size":"auto","background-attachment":"scroll","background-type":"","background-media":"","overlay-type":"","overlay-color":"","overlay-opacity":"","overlay-gradient":""}},"_themeisle_gutenberg_block_has_review":false,"footnotes":""},"class_list":["post-45","page","type-page","status-publish","hentry"],"_links":{"self":[{"href":"https:\/\/escoladigital.madeira.gov.pt\/eb1peclobos\/wp-json\/wp\/v2\/pages\/45","targetHints":{"allow":["GET"]}}],"collection":[{"href":"https:\/\/escoladigital.madeira.gov.pt\/eb1peclobos\/wp-json\/wp\/v2\/pages"}],"about":[{"href":"https:\/\/escoladigital.madeira.gov.pt\/eb1peclobos\/wp-json\/wp\/v2\/types\/page"}],"author":[{"embeddable":true,"href":"https:\/\/escoladigital.madeira.gov.pt\/eb1peclobos\/wp-json\/wp\/v2\/users\/103"}],"replies":[{"embeddable":true,"href":"https:\/\/escoladigital.madeira.gov.pt\/eb1peclobos\/wp-json\/wp\/v2\/comments?post=45"}],"version-history":[{"count":7,"href":"https:\/\/escoladigital.madeira.gov.pt\/eb1peclobos\/wp-json\/wp\/v2\/pages\/45\/revisions"}],"predecessor-version":[{"id":87,"href":"https:\/\/escoladigital.madeira.gov.pt\/eb1peclobos\/wp-json\/wp\/v2\/pages\/45\/revisions\/87"}],"wp:attachment":[{"href":"https:\/\/escoladigital.madeira.gov.pt\/eb1peclobos\/wp-json\/wp\/v2\/media?parent=45"}],"curies":[{"name":"wp","href":"https:\/\/api.w.org\/{rel}","templated":true}]}}