{"id":49,"date":"2025-10-22T09:21:53","date_gmt":"2025-10-22T09:21:53","guid":{"rendered":"https:\/\/escoladigital.madeira.gov.pt\/eb1peclobos\/?page_id=49"},"modified":"2025-11-26T14:16:02","modified_gmt":"2025-11-26T14:16:02","slug":"escola","status":"publish","type":"page","link":"https:\/\/escoladigital.madeira.gov.pt\/eb1peclobos\/escola\/","title":{"rendered":"ESCOLA"},"content":{"rendered":"\n<p class=\"has-text-align-left\">A EB1\/PE de C\u00e2mara de Lobos \u00e9 uma escola que apresenta boas infraestruturas e encontra-se bem equipada. Est\u00e1 inserida num concelho, cuja popula\u00e7\u00e3o jovem corresponde a cerca de um ter\u00e7o do total do mesmo. Mesmo com o decr\u00e9scimo da natalidade, nos \u00faltimos anos, foi na freguesia de C\u00e2mara de Lobos que nasceram mais de metade das crian\u00e7as, do concelho. <strong><\/strong><\/p>\n\n\n\n<p class=\"has-text-align-left\">Para al\u00e9m da diminui\u00e7\u00e3o do n\u00famero m\u00e9dio de filhos, destaca-se o aumento do n\u00edvel de escolaridade dos pais e uma taxa de empregabilidade que ronda os 80%, em setores como a constru\u00e7\u00e3o civil, hotelaria e restaura\u00e7\u00e3o.<strong><\/strong><\/p>\n\n\n\n<p class=\"has-text-align-left\">Quanto \u00e0 evolu\u00e7\u00e3o no n\u00famero de alunos, a escola n\u00e3o tem sofrido grandes oscila\u00e7\u00f5es, sobretudo no 1\u00ba ciclo, onde se verificou um aumento de aproximadamente 10%, ao contr\u00e1rio da pr\u00e9-escolar, que registou um ligeiro decr\u00e9scimo, no quadri\u00e9nio anterior. Uma tend\u00eancia que come\u00e7ou a inverter-se j\u00e1 no presente ano letivo, com a ocupa\u00e7\u00e3o das 3 salas da pr\u00e9-escolar. Continua a verificar-se um consider\u00e1vel n\u00famero de alunos a necessitar de medidas de suporte \u00e0 aprendizagem e inclus\u00e3o. <strong><\/strong><\/p>\n\n\n\n<p class=\"has-text-align-left\">Um olhar sobre o corpo docente e n\u00e3o docente permite-nos constatar a estabilidade destes profissionais, a maioria exerce fun\u00e7\u00f5es na escola h\u00e1 duas d\u00e9cadas, sobretudo os docentes, consequentemente apresentam uma experi\u00eancia consider\u00e1vel e mas uma m\u00e9dia de idades avan\u00e7ada.<strong><\/strong><\/p>\n","protected":false},"excerpt":{"rendered":"<p>A EB1\/PE de C\u00e2mara de Lobos \u00e9 uma escola que apresenta boas infraestruturas e encontra-se bem equipada. Est\u00e1 inserida num [&hellip;]<\/p>\n","protected":false},"author":103,"featured_media":0,"parent":0,"menu_order":0,"comment_status":"closed","ping_status":"closed","template":"","meta":{"site-sidebar-layout":"default","site-content-layout":"","ast-site-content-layout":"default","site-content-style":"default","site-sidebar-style":"default","ast-global-header-display":"","ast-banner-title-visibility":"","ast-main-header-display":"","ast-hfb-above-header-display":"","ast-hfb-below-header-display":"","ast-hfb-mobile-header-display":"","site-post-title":"","ast-breadcrumbs-content":"","ast-featured-img":"","footer-sml-layout":"","ast-disable-related-posts":"","theme-transparent-header-meta":"","adv-header-id-meta":"","stick-header-meta":"","header-above-stick-meta":"","header-main-stick-meta":"","header-below-stick-meta":"","astra-migrate-meta-layouts":"default","ast-page-background-enabled":"default","ast-page-background-meta":{"desktop":{"background-color":"var(--ast-global-color-5)","background-image":"","background-repeat":"repeat","background-position":"center center","background-size":"auto","background-attachment":"scroll","background-type":"","background-media":"","overlay-type":"","overlay-color":"","overlay-opacity":"","overlay-gradient":""},"tablet":{"background-color":"","background-image":"","background-repeat":"repeat","background-position":"center center","background-size":"auto","background-attachment":"scroll","background-type":"","background-media":"","overlay-type":"","overlay-color":"","overlay-opacity":"","overlay-gradient":""},"mobile":{"background-color":"","background-image":"","background-repeat":"repeat","background-position":"center center","background-size":"auto","background-attachment":"scroll","background-type":"","background-media":"","overlay-type":"","overlay-color":"","overlay-opacity":"","overlay-gradient":""}},"ast-content-background-meta":{"desktop":{"background-color":"var(--ast-global-color-4)","background-image":"","background-repeat":"repeat","background-position":"center center","background-size":"auto","background-attachment":"scroll","background-type":"","background-media":"","overlay-type":"","overlay-color":"","overlay-opacity":"","overlay-gradient":""},"tablet":{"background-color":"var(--ast-global-color-4)","background-image":"","background-repeat":"repeat","background-position":"center center","background-size":"auto","background-attachment":"scroll","background-type":"","background-media":"","overlay-type":"","overlay-color":"","overlay-opacity":"","overlay-gradient":""},"mobile":{"background-color":"var(--ast-global-color-4)","background-image":"","background-repeat":"repeat","background-position":"center center","background-size":"auto","background-attachment":"scroll","background-type":"","background-media":"","overlay-type":"","overlay-color":"","overlay-opacity":"","overlay-gradient":""}},"_themeisle_gutenberg_block_has_review":false,"footnotes":""},"class_list":["post-49","page","type-page","status-publish","hentry"],"_links":{"self":[{"href":"https:\/\/escoladigital.madeira.gov.pt\/eb1peclobos\/wp-json\/wp\/v2\/pages\/49","targetHints":{"allow":["GET"]}}],"collection":[{"href":"https:\/\/escoladigital.madeira.gov.pt\/eb1peclobos\/wp-json\/wp\/v2\/pages"}],"about":[{"href":"https:\/\/escoladigital.madeira.gov.pt\/eb1peclobos\/wp-json\/wp\/v2\/types\/page"}],"author":[{"embeddable":true,"href":"https:\/\/escoladigital.madeira.gov.pt\/eb1peclobos\/wp-json\/wp\/v2\/users\/103"}],"replies":[{"embeddable":true,"href":"https:\/\/escoladigital.madeira.gov.pt\/eb1peclobos\/wp-json\/wp\/v2\/comments?post=49"}],"version-history":[{"count":3,"href":"https:\/\/escoladigital.madeira.gov.pt\/eb1peclobos\/wp-json\/wp\/v2\/pages\/49\/revisions"}],"predecessor-version":[{"id":106,"href":"https:\/\/escoladigital.madeira.gov.pt\/eb1peclobos\/wp-json\/wp\/v2\/pages\/49\/revisions\/106"}],"wp:attachment":[{"href":"https:\/\/escoladigital.madeira.gov.pt\/eb1peclobos\/wp-json\/wp\/v2\/media?parent=49"}],"curies":[{"name":"wp","href":"https:\/\/api.w.org\/{rel}","templated":true}]}}