{"id":154,"date":"2024-12-03T22:50:06","date_gmt":"2024-12-03T22:50:06","guid":{"rendered":"https:\/\/escoladigital.madeira.gov.pt\/eb1pecstamaro\/?page_id=154"},"modified":"2024-12-12T00:33:34","modified_gmt":"2024-12-12T00:33:34","slug":"manual-de-procedimentos-da-add","status":"publish","type":"page","link":"https:\/\/escoladigital.madeira.gov.pt\/eb1pecstamaro\/manual-de-procedimentos-da-add\/","title":{"rendered":"Manual de Procedimentos da ADD"},"content":{"rendered":"\n<p>O presente documento tem como objetivo primordial servir de referencial para a avalia\u00e7\u00e3o do desempenho docente, em conformidade com o disposto no Decreto Regulamentar Regional n.\u00ba 13\/2018\/M, de 15 de novembro, que procede \u00e0 primeira altera\u00e7\u00e3o do Decreto Regulamentar Regional n.\u00ba 26\/2012\/M, de 8 de outubro, que regulamenta o sistema de avalia\u00e7\u00e3o do desempenho do pessoal docente, da Regi\u00e3o Aut\u00f3noma da Madeira.<\/p>\n\n\n\n<div data-wp-interactive=\"core\/file\" class=\"wp-block-file\"><object data-wp-bind--hidden=\"!state.hasPdfPreview\" hidden class=\"wp-block-file__embed\" data=\"https:\/\/escoladigital.madeira.gov.pt\/eb1pecstamaro\/wp-content\/uploads\/sites\/32\/2024\/11\/Manual_Procedimentos_ADD.pdf\" type=\"application\/pdf\" style=\"width:100%;height:600px\" aria-label=\"Incorpora\u00e7\u00e3o de Manual_Procedimentos_ADD.\"><\/object><a id=\"wp-block-file--media-d515a62a-0806-4e87-9557-6413e7631033\" href=\"https:\/\/escoladigital.madeira.gov.pt\/eb1pecstamaro\/wp-content\/uploads\/sites\/32\/2024\/11\/Manual_Procedimentos_ADD.pdf\">Manual_Procedimentos_ADD<\/a><a href=\"https:\/\/escoladigital.madeira.gov.pt\/eb1pecstamaro\/wp-content\/uploads\/sites\/32\/2024\/11\/Manual_Procedimentos_ADD.pdf\" class=\"wp-block-file__button wp-element-button\" download aria-describedby=\"wp-block-file--media-d515a62a-0806-4e87-9557-6413e7631033\">Descarregar<\/a><\/div>\n","protected":false},"excerpt":{"rendered":"<p>O presente documento tem como objetivo primordial servir de referencial para a avalia\u00e7\u00e3o do desempenho docente, em conformidade com o [&hellip;]<\/p>\n","protected":false},"author":43,"featured_media":0,"parent":0,"menu_order":0,"comment_status":"closed","ping_status":"closed","template":"","meta":{"site-sidebar-layout":"default","site-content-layout":"","ast-site-content-layout":"default","site-content-style":"default","site-sidebar-style":"default","ast-global-header-display":"","ast-banner-title-visibility":"","ast-main-header-display":"","ast-hfb-above-header-display":"","ast-hfb-below-header-display":"","ast-hfb-mobile-header-display":"","site-post-title":"","ast-breadcrumbs-content":"","ast-featured-img":"","footer-sml-layout":"","ast-disable-related-posts":"","theme-transparent-header-meta":"","adv-header-id-meta":"","stick-header-meta":"","header-above-stick-meta":"","header-main-stick-meta":"","header-below-stick-meta":"","astra-migrate-meta-layouts":"default","ast-page-background-enabled":"default","ast-page-background-meta":{"desktop":{"background-color":"var(--ast-global-color-4)","background-image":"","background-repeat":"repeat","background-position":"center center","background-size":"auto","background-attachment":"scroll","background-type":"","background-media":"","overlay-type":"","overlay-color":"","overlay-opacity":"","overlay-gradient":""},"tablet":{"background-color":"","background-image":"","background-repeat":"repeat","background-position":"center center","background-size":"auto","background-attachment":"scroll","background-type":"","background-media":"","overlay-type":"","overlay-color":"","overlay-opacity":"","overlay-gradient":""},"mobile":{"background-color":"","background-image":"","background-repeat":"repeat","background-position":"center center","background-size":"auto","background-attachment":"scroll","background-type":"","background-media":"","overlay-type":"","overlay-color":"","overlay-opacity":"","overlay-gradient":""}},"ast-content-background-meta":{"desktop":{"background-color":"var(--ast-global-color-5)","background-image":"","background-repeat":"repeat","background-position":"center center","background-size":"auto","background-attachment":"scroll","background-type":"","background-media":"","overlay-type":"","overlay-color":"","overlay-opacity":"","overlay-gradient":""},"tablet":{"background-color":"var(--ast-global-color-5)","background-image":"","background-repeat":"repeat","background-position":"center center","background-size":"auto","background-attachment":"scroll","background-type":"","background-media":"","overlay-type":"","overlay-color":"","overlay-opacity":"","overlay-gradient":""},"mobile":{"background-color":"var(--ast-global-color-5)","background-image":"","background-repeat":"repeat","background-position":"center center","background-size":"auto","background-attachment":"scroll","background-type":"","background-media":"","overlay-type":"","overlay-color":"","overlay-opacity":"","overlay-gradient":""}},"_themeisle_gutenberg_block_has_review":false,"footnotes":""},"class_list":["post-154","page","type-page","status-publish","hentry"],"_links":{"self":[{"href":"https:\/\/escoladigital.madeira.gov.pt\/eb1pecstamaro\/wp-json\/wp\/v2\/pages\/154","targetHints":{"allow":["GET"]}}],"collection":[{"href":"https:\/\/escoladigital.madeira.gov.pt\/eb1pecstamaro\/wp-json\/wp\/v2\/pages"}],"about":[{"href":"https:\/\/escoladigital.madeira.gov.pt\/eb1pecstamaro\/wp-json\/wp\/v2\/types\/page"}],"author":[{"embeddable":true,"href":"https:\/\/escoladigital.madeira.gov.pt\/eb1pecstamaro\/wp-json\/wp\/v2\/users\/43"}],"replies":[{"embeddable":true,"href":"https:\/\/escoladigital.madeira.gov.pt\/eb1pecstamaro\/wp-json\/wp\/v2\/comments?post=154"}],"version-history":[{"count":3,"href":"https:\/\/escoladigital.madeira.gov.pt\/eb1pecstamaro\/wp-json\/wp\/v2\/pages\/154\/revisions"}],"predecessor-version":[{"id":654,"href":"https:\/\/escoladigital.madeira.gov.pt\/eb1pecstamaro\/wp-json\/wp\/v2\/pages\/154\/revisions\/654"}],"wp:attachment":[{"href":"https:\/\/escoladigital.madeira.gov.pt\/eb1pecstamaro\/wp-json\/wp\/v2\/media?parent=154"}],"curies":[{"name":"wp","href":"https:\/\/api.w.org\/{rel}","templated":true}]}}