{"id":76,"date":"2025-11-26T15:32:11","date_gmt":"2025-11-26T15:32:11","guid":{"rendered":"https:\/\/escoladigital.madeira.gov.pt\/eb1peeclobos\/?page_id=76"},"modified":"2026-01-05T13:15:38","modified_gmt":"2026-01-05T13:15:38","slug":"documentos-orientadores","status":"publish","type":"page","link":"https:\/\/escoladigital.madeira.gov.pt\/eb1peeclobos\/documentos-orientadores\/","title":{"rendered":"Documentos Orientadores"},"content":{"rendered":"<div class=\"shared-files-embed-69e2717d35463 shared-files-main-container\" data-elem-class=\"shared-files-embed-69e2717d35463\" data-search-type=\"0\" data-post-id=\"76\"><div class=\"shared-files-search\"><ul class=\"shared-files-main-file-list\"><li class=\"shared-files-card-75\"><div class=\"shared-files-main-elements\"><div class=\"shared-files-main-elements-left\" style=\"background-image: url(https:\/\/escoladigital.madeira.gov.pt\/eb1peeclobos\/wp-content\/plugins\/shared-files\/img\/2020\/pdf.svg);\"><\/div><div class=\"shared-files-main-elements-right\"><a class=\"shared-files-file-title\"  data-file-type=\"\"  data-file-url=\"\/eb1peeclobos\/eb1peeclobos\/shared-files\/75\/?Regulamento-Interno-2023-2027.pdf\"  data-external-url=\"\"  data-image-url=\"\" href=\"\/eb1peeclobos\/eb1peeclobos\/shared-files\/75\/?Regulamento-Interno-2023-2027.pdf\" target=\"_blank\">Regulamento Interno<\/a><span class=\"shared-file-size\">940.91 KB<\/span><a href=\"https:\/\/escoladigital.madeira.gov.pt\/eb1peeclobos\/eb1peeclobos\/shared-files\/75\/?Regulamento-Interno-2023-2027.pdf\" target=\"_blank\" class=\"shared-files-preview-button\">Visualiza\u00e7\u00e3o<\/a><span class=\"shared-file-date\">26 de Novembro, 2025<\/span><div class=\"shared-files-download-counter\"><span>Downloads: 208<\/span><\/div><div class=\"shared-files-download-button-container\"><a href=\"\/eb1peeclobos\/eb1peeclobos\/shared-files\/75\/?Regulamento-Interno-2023-2027.pdf&download=1\" class=\"shared-files-download-button\"  download>Download<\/a><\/div><div class=\"shared-files-edit-actions\"><\/div><\/div><\/div><\/li><\/ul><\/div><\/div>\n\n\n<div class=\"shared-files-embed-69e2717d36056 shared-files-main-container\" data-elem-class=\"shared-files-embed-69e2717d36056\" data-search-type=\"0\" data-post-id=\"75\"><div class=\"shared-files-search\"><ul class=\"shared-files-main-file-list\"><li class=\"shared-files-card-74\"><div class=\"shared-files-main-elements\"><div class=\"shared-files-main-elements-left\" style=\"background-image: url(https:\/\/escoladigital.madeira.gov.pt\/eb1peeclobos\/wp-content\/plugins\/shared-files\/img\/2020\/pdf.svg);\"><\/div><div class=\"shared-files-main-elements-right\"><a class=\"shared-files-file-title\"  data-file-type=\"\"  data-file-url=\"\/eb1peeclobos\/eb1peeclobos\/shared-files\/74\/?PEE-2023-2027-2.pdf\"  data-external-url=\"\"  data-image-url=\"\" href=\"\/eb1peeclobos\/eb1peeclobos\/shared-files\/74\/?PEE-2023-2027-2.pdf\" target=\"_blank\">PEE<\/a><span class=\"shared-file-size\">603.69 KB<\/span><a href=\"https:\/\/escoladigital.madeira.gov.pt\/eb1peeclobos\/eb1peeclobos\/shared-files\/74\/?PEE-2023-2027-2.pdf\" target=\"_blank\" class=\"shared-files-preview-button\">Visualiza\u00e7\u00e3o<\/a><span class=\"shared-file-date\">26 de Novembro, 2025<\/span><div class=\"shared-files-download-counter\"><span>Downloads: 155<\/span><\/div><div class=\"shared-files-download-button-container\"><a href=\"\/eb1peeclobos\/eb1peeclobos\/shared-files\/74\/?PEE-2023-2027-2.pdf&download=1\" class=\"shared-files-download-button\"  download>Download<\/a><\/div><div class=\"shared-files-edit-actions\"><\/div><\/div><\/div><\/li><\/ul><\/div><\/div>\n\n\n<div class=\"shared-files-embed-69e2717d3920e shared-files-main-container\" data-elem-class=\"shared-files-embed-69e2717d3920e\" data-search-type=\"0\" data-post-id=\"74\"><div class=\"shared-files-search\"><ul class=\"shared-files-main-file-list\"><li class=\"shared-files-card-80\"><div class=\"shared-files-main-elements\"><div class=\"shared-files-main-elements-left\" style=\"background-image: url(https:\/\/escoladigital.madeira.gov.pt\/eb1peeclobos\/wp-content\/plugins\/shared-files\/img\/2020\/pdf.svg);\"><\/div><div class=\"shared-files-main-elements-right\"><a class=\"shared-files-file-title\"  data-file-type=\"\"  data-file-url=\"\/eb1peeclobos\/eb1peeclobos\/shared-files\/80\/?PT2526_EBPEECL.pdf\"  data-external-url=\"\"  data-image-url=\"\" href=\"\/eb1peeclobos\/eb1peeclobos\/shared-files\/80\/?PT2526_EBPEECL.pdf\" target=\"_blank\">Plano TIC<\/a><span class=\"shared-file-size\">520.74 KB<\/span><a href=\"https:\/\/escoladigital.madeira.gov.pt\/eb1peeclobos\/eb1peeclobos\/shared-files\/80\/?PT2526_EBPEECL.pdf\" target=\"_blank\" class=\"shared-files-preview-button\">Visualiza\u00e7\u00e3o<\/a><span class=\"shared-file-date\">26 de Novembro, 2025<\/span><div class=\"shared-files-download-counter\"><span>Downloads: 157<\/span><\/div><div class=\"shared-files-download-button-container\"><a href=\"\/eb1peeclobos\/eb1peeclobos\/shared-files\/80\/?PT2526_EBPEECL.pdf&download=1\" class=\"shared-files-download-button\"  download>Download<\/a><\/div><div class=\"shared-files-edit-actions\"><\/div><\/div><\/div><\/li><\/ul><\/div><\/div>\n\n\n<div class=\"shared-files-embed-69e2717d39c0c shared-files-main-container\" data-elem-class=\"shared-files-embed-69e2717d39c0c\" data-search-type=\"0\" data-post-id=\"80\"><div class=\"shared-files-search\"><ul class=\"shared-files-main-file-list\"><li class=\"shared-files-card-89\"><div class=\"shared-files-main-elements\"><div class=\"shared-files-main-elements-left\" style=\"background-image: url(https:\/\/escoladigital.madeira.gov.pt\/eb1peeclobos\/wp-content\/plugins\/shared-files\/img\/2020\/pdf.svg);\"><\/div><div class=\"shared-files-main-elements-right\"><a class=\"shared-files-file-title\"  data-file-type=\"\"  data-file-url=\"\/eb1peeclobos\/eb1peeclobos\/shared-files\/89\/?PCN-2025-1.pdf\"  data-external-url=\"\"  data-image-url=\"\" href=\"\/eb1peeclobos\/eb1peeclobos\/shared-files\/89\/?PCN-2025-1.pdf\" target=\"_blank\">Programa de Cumprimento Normativo<\/a><span class=\"shared-file-size\">1.69 MB<\/span><a href=\"https:\/\/escoladigital.madeira.gov.pt\/eb1peeclobos\/eb1peeclobos\/shared-files\/89\/?PCN-2025-1.pdf\" target=\"_blank\" class=\"shared-files-preview-button\">Visualiza\u00e7\u00e3o<\/a><span class=\"shared-file-date\">26 de Novembro, 2025<\/span><div class=\"shared-files-download-counter\"><span>Downloads: 177<\/span><\/div><div class=\"shared-files-download-button-container\"><a href=\"\/eb1peeclobos\/eb1peeclobos\/shared-files\/89\/?PCN-2025-1.pdf&download=1\" class=\"shared-files-download-button\"  download>Download<\/a><\/div><div class=\"shared-files-edit-actions\"><\/div><\/div><\/div><\/li><\/ul><\/div><\/div>\n\n\n<div class=\"shared-files-embed-69e2717d3df54 shared-files-main-container\" data-elem-class=\"shared-files-embed-69e2717d3df54\" data-search-type=\"0\" data-post-id=\"89\"><div class=\"shared-files-search\"><ul class=\"shared-files-main-file-list\"><li class=\"shared-files-card-340\"><div class=\"shared-files-main-elements\"><div class=\"shared-files-main-elements-left\" style=\"background-image: url(https:\/\/escoladigital.madeira.gov.pt\/eb1peeclobos\/wp-content\/plugins\/shared-files\/img\/2020\/pdf.svg);\"><\/div><div class=\"shared-files-main-elements-right\"><a class=\"shared-files-file-title\"  data-file-type=\"\"  data-file-url=\"\/eb1peeclobos\/eb1peeclobos\/shared-files\/340\/?Relatorio-de-Autoavaliacao-Escola-2019-2023-1.pdf-1.pdf\"  data-external-url=\"\"  data-image-url=\"\" href=\"\/eb1peeclobos\/eb1peeclobos\/shared-files\/340\/?Relatorio-de-Autoavaliacao-Escola-2019-2023-1.pdf-1.pdf\" target=\"_blank\">Relat\u00f3rio Autoavalia\u00e7\u00e3o da escola 2019-2023<\/a><span class=\"shared-file-size\">2.37 MB<\/span><a href=\"https:\/\/escoladigital.madeira.gov.pt\/eb1peeclobos\/eb1peeclobos\/shared-files\/340\/?Relatorio-de-Autoavaliacao-Escola-2019-2023-1.pdf-1.pdf\" target=\"_blank\" class=\"shared-files-preview-button\">Visualiza\u00e7\u00e3o<\/a><span class=\"shared-file-date\">16 de Dezembro, 2025<\/span><div class=\"shared-files-download-counter\"><span>Downloads: 135<\/span><\/div><div class=\"shared-files-download-button-container\"><a href=\"\/eb1peeclobos\/eb1peeclobos\/shared-files\/340\/?Relatorio-de-Autoavaliacao-Escola-2019-2023-1.pdf-1.pdf&download=1\" class=\"shared-files-download-button\"  download>Download<\/a><\/div><div class=\"shared-files-edit-actions\"><\/div><\/div><\/div><\/li><\/ul><\/div><\/div>\n\n\n<div class=\"shared-files-embed-69e2717d44109 shared-files-main-container\" data-elem-class=\"shared-files-embed-69e2717d44109\" data-search-type=\"0\" data-post-id=\"340\"><div class=\"shared-files-search\"><ul class=\"shared-files-main-file-list\"><li class=\"shared-files-card-371\"><div class=\"shared-files-main-elements\"><div class=\"shared-files-main-elements-left\" style=\"background-image: url(https:\/\/escoladigital.madeira.gov.pt\/eb1peeclobos\/wp-content\/plugins\/shared-files\/img\/2020\/pdf.svg);\"><\/div><div class=\"shared-files-main-elements-right\"><a class=\"shared-files-file-title\"  data-file-type=\"\"  data-file-url=\"\/eb1peeclobos\/eb1peeclobos\/shared-files\/371\/?Estrategia-De-Educacao-Para-a-Cidadania-De-Escola-ENEC.pdf\"  data-external-url=\"\"  data-image-url=\"\" href=\"\/eb1peeclobos\/eb1peeclobos\/shared-files\/371\/?Estrategia-De-Educacao-Para-a-Cidadania-De-Escola-ENEC.pdf\" target=\"_blank\">Estrategia-De-Educacao-Para-a-Cidadania-De-Escola-ENEC.pdf<\/a><span class=\"shared-file-size\">415.79 KB<\/span><a href=\"https:\/\/escoladigital.madeira.gov.pt\/eb1peeclobos\/eb1peeclobos\/shared-files\/371\/?Estrategia-De-Educacao-Para-a-Cidadania-De-Escola-ENEC.pdf\" target=\"_blank\" class=\"shared-files-preview-button\">Visualiza\u00e7\u00e3o<\/a><span class=\"shared-file-date\">5 de Janeiro, 2026<\/span><div class=\"shared-files-download-counter\"><span>Downloads: 292<\/span><\/div><div class=\"shared-files-download-button-container\"><a href=\"\/eb1peeclobos\/eb1peeclobos\/shared-files\/371\/?Estrategia-De-Educacao-Para-a-Cidadania-De-Escola-ENEC.pdf&download=1\" class=\"shared-files-download-button\"  download>Download<\/a><\/div><div class=\"shared-files-edit-actions\"><\/div><\/div><\/div><\/li><\/ul><\/div><\/div>\n","protected":false},"excerpt":{"rendered":"","protected":false},"author":104,"featured_media":0,"parent":0,"menu_order":0,"comment_status":"closed","ping_status":"closed","template":"","meta":{"site-sidebar-layout":"default","site-content-layout":"","ast-site-content-layout":"default","site-content-style":"default","site-sidebar-style":"default","ast-global-header-display":"","ast-banner-title-visibility":"","ast-main-header-display":"","ast-hfb-above-header-display":"","ast-hfb-below-header-display":"","ast-hfb-mobile-header-display":"","site-post-title":"","ast-breadcrumbs-content":"","ast-featured-img":"","footer-sml-layout":"","ast-disable-related-posts":"","theme-transparent-header-meta":"","adv-header-id-meta":"","stick-header-meta":"","header-above-stick-meta":"","header-main-stick-meta":"","header-below-stick-meta":"","astra-migrate-meta-layouts":"default","ast-page-background-enabled":"default","ast-page-background-meta":{"desktop":{"background-color":"var(--ast-global-color-5)","background-image":"","background-repeat":"repeat","background-position":"center center","background-size":"auto","background-attachment":"scroll","background-type":"","background-media":"","overlay-type":"","overlay-color":"","overlay-opacity":"","overlay-gradient":""},"tablet":{"background-color":"","background-image":"","background-repeat":"repeat","background-position":"center center","background-size":"auto","background-attachment":"scroll","background-type":"","background-media":"","overlay-type":"","overlay-color":"","overlay-opacity":"","overlay-gradient":""},"mobile":{"background-color":"","background-image":"","background-repeat":"repeat","background-position":"center center","background-size":"auto","background-attachment":"scroll","background-type":"","background-media":"","overlay-type":"","overlay-color":"","overlay-opacity":"","overlay-gradient":""}},"ast-content-background-meta":{"desktop":{"background-color":"var(--ast-global-color-4)","background-image":"","background-repeat":"repeat","background-position":"center center","background-size":"auto","background-attachment":"scroll","background-type":"","background-media":"","overlay-type":"","overlay-color":"","overlay-opacity":"","overlay-gradient":""},"tablet":{"background-color":"var(--ast-global-color-4)","background-image":"","background-repeat":"repeat","background-position":"center center","background-size":"auto","background-attachment":"scroll","background-type":"","background-media":"","overlay-type":"","overlay-color":"","overlay-opacity":"","overlay-gradient":""},"mobile":{"background-color":"var(--ast-global-color-4)","background-image":"","background-repeat":"repeat","background-position":"center center","background-size":"auto","background-attachment":"scroll","background-type":"","background-media":"","overlay-type":"","overlay-color":"","overlay-opacity":"","overlay-gradient":""}},"_themeisle_gutenberg_block_has_review":false,"footnotes":""},"class_list":["post-76","page","type-page","status-publish","hentry"],"_links":{"self":[{"href":"https:\/\/escoladigital.madeira.gov.pt\/eb1peeclobos\/wp-json\/wp\/v2\/pages\/76","targetHints":{"allow":["GET"]}}],"collection":[{"href":"https:\/\/escoladigital.madeira.gov.pt\/eb1peeclobos\/wp-json\/wp\/v2\/pages"}],"about":[{"href":"https:\/\/escoladigital.madeira.gov.pt\/eb1peeclobos\/wp-json\/wp\/v2\/types\/page"}],"author":[{"embeddable":true,"href":"https:\/\/escoladigital.madeira.gov.pt\/eb1peeclobos\/wp-json\/wp\/v2\/users\/104"}],"replies":[{"embeddable":true,"href":"https:\/\/escoladigital.madeira.gov.pt\/eb1peeclobos\/wp-json\/wp\/v2\/comments?post=76"}],"version-history":[{"count":24,"href":"https:\/\/escoladigital.madeira.gov.pt\/eb1peeclobos\/wp-json\/wp\/v2\/pages\/76\/revisions"}],"predecessor-version":[{"id":376,"href":"https:\/\/escoladigital.madeira.gov.pt\/eb1peeclobos\/wp-json\/wp\/v2\/pages\/76\/revisions\/376"}],"wp:attachment":[{"href":"https:\/\/escoladigital.madeira.gov.pt\/eb1peeclobos\/wp-json\/wp\/v2\/media?parent=76"}],"curies":[{"name":"wp","href":"https:\/\/api.w.org\/{rel}","templated":true}]}}