{"id":935,"date":"2025-02-22T19:33:55","date_gmt":"2025-02-22T19:33:55","guid":{"rendered":"https:\/\/escoladigital.madeira.gov.pt\/eb1pefaials\/?page_id=935"},"modified":"2025-02-27T12:22:28","modified_gmt":"2025-02-27T12:22:28","slug":"educamedia","status":"publish","type":"page","link":"https:\/\/escoladigital.madeira.gov.pt\/eb1pefaials\/?page_id=935","title":{"rendered":"EDUCAMedia\/Aprender com o Cinema"},"content":{"rendered":"<figure class=\"wp-block-post-featured-image\"><img fetchpriority=\"high\" decoding=\"async\" width=\"905\" height=\"395\" src=\"https:\/\/escoladigital.madeira.gov.pt\/eb1pefaials\/wp-content\/uploads\/sites\/57\/2025\/02\/78e11f79-1f97-40ae-a2ea-f76af884bbfd.jpg\" class=\"attachment-post-thumbnail size-post-thumbnail wp-post-image\" alt=\"\" style=\"object-fit:cover;\" srcset=\"https:\/\/escoladigital.madeira.gov.pt\/eb1pefaials\/wp-content\/uploads\/sites\/57\/2025\/02\/78e11f79-1f97-40ae-a2ea-f76af884bbfd.jpg 905w, https:\/\/escoladigital.madeira.gov.pt\/eb1pefaials\/wp-content\/uploads\/sites\/57\/2025\/02\/78e11f79-1f97-40ae-a2ea-f76af884bbfd-300x131.jpg 300w, https:\/\/escoladigital.madeira.gov.pt\/eb1pefaials\/wp-content\/uploads\/sites\/57\/2025\/02\/78e11f79-1f97-40ae-a2ea-f76af884bbfd-768x335.jpg 768w\" sizes=\"(max-width: 905px) 100vw, 905px\" \/><\/figure>\n\n\n<h5 id=\"wp-block-themeisle-blocks-advanced-heading-e1d78af6\" class=\"wp-block-themeisle-blocks-advanced-heading wp-block-themeisle-blocks-advanced-heading-e1d78af6\">O programa EDUCAMEDIA Assenta na vertente &#8220;Educa\u00e7\u00e3o para os media\u201d e apresenta-se como ve\u00edculo de promo\u00e7\u00e3o da inclus\u00e3o social e exerc\u00edcio da cidadania, procura melhorar a qualidade do ensino nas escolas e a qualidade de vida das comunidades nas quais se insere. Visa tamb\u00e9m introduzir novos m\u00e9todos pedag\u00f3gicos na sala de aula, promover novas t\u00e9cnicas de ensino e formas alternativas de aprendizagem ativa, atrav\u00e9s do contacto com as Tecnologias de Informa\u00e7\u00e3o e Comunica\u00e7\u00e3o (TIC), com os media e com o audiovisual.&nbsp;Pretende tamb\u00e9m propiciar a&nbsp;flexibilidade&nbsp;curricular&nbsp;procurando melhores aprendizagens indutoras do desenvolvimento de compet\u00eancias fundamentais.<\/h5>\n\n\n\n<h5 id=\"wp-block-themeisle-blocks-advanced-heading-2ae930d2\" class=\"wp-block-themeisle-blocks-advanced-heading wp-block-themeisle-blocks-advanced-heading-2ae930d2\">O programa \u00e9 composto, atualmente, por nove projetos, a saber: \u201cTV escola\u201d, \u201cCinedesafios\u201d, \u201cAprender com o Cinema\u201d, \u201cWebradio\u201d, &#8220;TICultura&#8221;, &#8220;Certifica\u00e7\u00e3o Escola Educamedia&#8221;, &#8220;Madeira Curtas&#8221;, Festival de Audiovisual e Cinema Escolar&#8221;, &#8220;Educamedia &#8211; Aprende Online&#8221;. Os mesmos possibilitam a melhoria da qualidade de comunica\u00e7\u00e3o e convergem para auxiliarem o processo de conhecimento, criando novas alternativas, por forma a estimular a melhoria da qualidade da educa\u00e7\u00e3o e das condi\u00e7\u00f5es de trabalho dos profissionais envolvidos no processo de ensino\u2013aprendizagem, como tamb\u00e9m contribuem para a constru\u00e7\u00e3o de valores, fomentando no educando mais seguran\u00e7a e facilitando-lhe uma maior integra\u00e7\u00e3o face \u00e0s quest\u00f5es sociais.<\/h5>\n","protected":false},"excerpt":{"rendered":"","protected":false},"author":73,"featured_media":1789,"parent":0,"menu_order":0,"comment_status":"closed","ping_status":"closed","template":"","meta":{"site-sidebar-layout":"default","site-content-layout":"","ast-site-content-layout":"default","site-content-style":"default","site-sidebar-style":"default","ast-global-header-display":"","ast-banner-title-visibility":"","ast-main-header-display":"","ast-hfb-above-header-display":"","ast-hfb-below-header-display":"","ast-hfb-mobile-header-display":"","site-post-title":"","ast-breadcrumbs-content":"","ast-featured-img":"","footer-sml-layout":"","ast-disable-related-posts":"","theme-transparent-header-meta":"","adv-header-id-meta":"","stick-header-meta":"","header-above-stick-meta":"","header-main-stick-meta":"","header-below-stick-meta":"","astra-migrate-meta-layouts":"default","ast-page-background-enabled":"default","ast-page-background-meta":{"desktop":{"background-color":"var(--ast-global-color-5)","background-image":"","background-repeat":"repeat","background-position":"center center","background-size":"auto","background-attachment":"scroll","background-type":"","background-media":"","overlay-type":"","overlay-color":"","overlay-opacity":"","overlay-gradient":""},"tablet":{"background-color":"","background-image":"","background-repeat":"repeat","background-position":"center center","background-size":"auto","background-attachment":"scroll","background-type":"","background-media":"","overlay-type":"","overlay-color":"","overlay-opacity":"","overlay-gradient":""},"mobile":{"background-color":"","background-image":"","background-repeat":"repeat","background-position":"center center","background-size":"auto","background-attachment":"scroll","background-type":"","background-media":"","overlay-type":"","overlay-color":"","overlay-opacity":"","overlay-gradient":""}},"ast-content-background-meta":{"desktop":{"background-color":"var(--ast-global-color-4)","background-image":"","background-repeat":"repeat","background-position":"center center","background-size":"auto","background-attachment":"scroll","background-type":"","background-media":"","overlay-type":"","overlay-color":"","overlay-opacity":"","overlay-gradient":""},"tablet":{"background-color":"var(--ast-global-color-4)","background-image":"","background-repeat":"repeat","background-position":"center center","background-size":"auto","background-attachment":"scroll","background-type":"","background-media":"","overlay-type":"","overlay-color":"","overlay-opacity":"","overlay-gradient":""},"mobile":{"background-color":"var(--ast-global-color-4)","background-image":"","background-repeat":"repeat","background-position":"center center","background-size":"auto","background-attachment":"scroll","background-type":"","background-media":"","overlay-type":"","overlay-color":"","overlay-opacity":"","overlay-gradient":""}},"_themeisle_gutenberg_block_has_review":false,"footnotes":""},"class_list":["post-935","page","type-page","status-publish","has-post-thumbnail","hentry"],"_links":{"self":[{"href":"https:\/\/escoladigital.madeira.gov.pt\/eb1pefaials\/index.php?rest_route=\/wp\/v2\/pages\/935","targetHints":{"allow":["GET"]}}],"collection":[{"href":"https:\/\/escoladigital.madeira.gov.pt\/eb1pefaials\/index.php?rest_route=\/wp\/v2\/pages"}],"about":[{"href":"https:\/\/escoladigital.madeira.gov.pt\/eb1pefaials\/index.php?rest_route=\/wp\/v2\/types\/page"}],"author":[{"embeddable":true,"href":"https:\/\/escoladigital.madeira.gov.pt\/eb1pefaials\/index.php?rest_route=\/wp\/v2\/users\/73"}],"replies":[{"embeddable":true,"href":"https:\/\/escoladigital.madeira.gov.pt\/eb1pefaials\/index.php?rest_route=%2Fwp%2Fv2%2Fcomments&post=935"}],"version-history":[{"count":5,"href":"https:\/\/escoladigital.madeira.gov.pt\/eb1pefaials\/index.php?rest_route=\/wp\/v2\/pages\/935\/revisions"}],"predecessor-version":[{"id":1793,"href":"https:\/\/escoladigital.madeira.gov.pt\/eb1pefaials\/index.php?rest_route=\/wp\/v2\/pages\/935\/revisions\/1793"}],"wp:featuredmedia":[{"embeddable":true,"href":"https:\/\/escoladigital.madeira.gov.pt\/eb1pefaials\/index.php?rest_route=\/wp\/v2\/media\/1789"}],"wp:attachment":[{"href":"https:\/\/escoladigital.madeira.gov.pt\/eb1pefaials\/index.php?rest_route=%2Fwp%2Fv2%2Fmedia&parent=935"}],"curies":[{"name":"wp","href":"https:\/\/api.w.org\/{rel}","templated":true}]}}