{"id":1233,"date":"2025-03-10T10:49:55","date_gmt":"2025-03-10T10:49:55","guid":{"rendered":"https:\/\/escoladigital.madeira.gov.pt\/eb1pefigueirinhas\/?page_id=1233"},"modified":"2025-11-21T15:53:27","modified_gmt":"2025-11-21T15:53:27","slug":"erasmus","status":"publish","type":"page","link":"https:\/\/escoladigital.madeira.gov.pt\/eb1pefigueirinhas\/erasmus\/","title":{"rendered":"Erasmus+"},"content":{"rendered":"<p style=\"text-align: left\">Erasmus+ is the EU&#8217;s programme to support education, training, youth and sport in Europe.<\/p>\n<p style=\"text-align: left\">The 2021-2027 programme places a strong focus on social inclusion, the green and digital transitions, and promoting young people\u2019s participation in democratic life.<\/p>\n<p style=\"text-align: left\">It supports priorities and activities set out in the European Education Area, Digital Education Action Plan and the European Skills Agenda. The programme also<\/p>\n<ul>\n<li style=\"text-align: left\">supports the European Pillar of Social Rights<\/li>\n<li style=\"text-align: left\">implements the EU Youth Strategy 2019-2027<\/li>\n<li style=\"text-align: left\">develops the European dimension in sport<\/li>\n<\/ul>\n<p>Read more about it in <a href=\"https:\/\/erasmus-plus.ec.europa.eu\/about-erasmus\/what-is-erasmus\" target=\"_blank\" rel=\"noopener\">https:\/\/erasmus-plus.ec.europa.eu\/about-erasmus\/what-is-erasmus<\/a><\/p>\n<h1><\/h1>\n<h1>Erasmus+ project results<\/h1>\n<p>Presenting the details and outcomes of projects funded under the Erasmus+ programme.<\/p>\n<p><a href=\"https:\/\/erasmus-plus.ec.europa.eu\/projects?pk_source=website&amp;pk_medium=link&amp;pk_campaign=hp&amp;pk_content=hp-topics-prp\" target=\"_blank\" rel=\"noopener\">Click here to check outcomes<\/a><\/p>\n<h2><\/h2>\n<p style=\"text-align: center\"><strong>Sele\u00e7\u00e3o de alunos:<\/strong><\/p>\n<p>A sele\u00e7\u00e3o de alunos participantes nas mobilidades LTTA ser\u00e1 efetuada pela equipa de docentes do projeto, respeitando os seguintes crit\u00e9rios:<br \/>\na. Motiva\u00e7\u00e3o e envolvimento no projeto, trabalho desenvolvido no projeto, interesse no projeto.<br \/>\nb. Aproveitamento escolar.<br \/>\nc. Comportamento do aluno.<br \/>\nd. Exist\u00eancia de fatores de exclus\u00e3o social, nomeadamente, financeiros, sociais, familiares ou outros definidos em equipa do projeto.<\/p>\n","protected":false},"excerpt":{"rendered":"<p>Erasmus+ is the EU&#8217;s programme to support education, training, youth and sport in Europe. The 2021-2027 programme places a strong [&hellip;]<\/p>\n","protected":false},"author":25,"featured_media":0,"parent":0,"menu_order":0,"comment_status":"closed","ping_status":"closed","template":"","meta":{"site-sidebar-layout":"default","site-content-layout":"","ast-site-content-layout":"default","site-content-style":"default","site-sidebar-style":"default","ast-global-header-display":"","ast-banner-title-visibility":"","ast-main-header-display":"","ast-hfb-above-header-display":"","ast-hfb-below-header-display":"","ast-hfb-mobile-header-display":"","site-post-title":"","ast-breadcrumbs-content":"","ast-featured-img":"","footer-sml-layout":"","ast-disable-related-posts":"","theme-transparent-header-meta":"","adv-header-id-meta":"","stick-header-meta":"","header-above-stick-meta":"","header-main-stick-meta":"","header-below-stick-meta":"","astra-migrate-meta-layouts":"default","ast-page-background-enabled":"default","ast-page-background-meta":{"desktop":{"background-color":"var(--ast-global-color-4)","background-image":"","background-repeat":"repeat","background-position":"center center","background-size":"auto","background-attachment":"scroll","background-type":"","background-media":"","overlay-type":"","overlay-color":"","overlay-opacity":"","overlay-gradient":""},"tablet":{"background-color":"","background-image":"","background-repeat":"repeat","background-position":"center center","background-size":"auto","background-attachment":"scroll","background-type":"","background-media":"","overlay-type":"","overlay-color":"","overlay-opacity":"","overlay-gradient":""},"mobile":{"background-color":"","background-image":"","background-repeat":"repeat","background-position":"center center","background-size":"auto","background-attachment":"scroll","background-type":"","background-media":"","overlay-type":"","overlay-color":"","overlay-opacity":"","overlay-gradient":""}},"ast-content-background-meta":{"desktop":{"background-color":"var(--ast-global-color-5)","background-image":"","background-repeat":"repeat","background-position":"center center","background-size":"auto","background-attachment":"scroll","background-type":"","background-media":"","overlay-type":"","overlay-color":"","overlay-opacity":"","overlay-gradient":""},"tablet":{"background-color":"var(--ast-global-color-5)","background-image":"","background-repeat":"repeat","background-position":"center center","background-size":"auto","background-attachment":"scroll","background-type":"","background-media":"","overlay-type":"","overlay-color":"","overlay-opacity":"","overlay-gradient":""},"mobile":{"background-color":"var(--ast-global-color-5)","background-image":"","background-repeat":"repeat","background-position":"center center","background-size":"auto","background-attachment":"scroll","background-type":"","background-media":"","overlay-type":"","overlay-color":"","overlay-opacity":"","overlay-gradient":""}},"_themeisle_gutenberg_block_has_review":false,"footnotes":""},"class_list":["post-1233","page","type-page","status-publish","hentry"],"_links":{"self":[{"href":"https:\/\/escoladigital.madeira.gov.pt\/eb1pefigueirinhas\/wp-json\/wp\/v2\/pages\/1233","targetHints":{"allow":["GET"]}}],"collection":[{"href":"https:\/\/escoladigital.madeira.gov.pt\/eb1pefigueirinhas\/wp-json\/wp\/v2\/pages"}],"about":[{"href":"https:\/\/escoladigital.madeira.gov.pt\/eb1pefigueirinhas\/wp-json\/wp\/v2\/types\/page"}],"author":[{"embeddable":true,"href":"https:\/\/escoladigital.madeira.gov.pt\/eb1pefigueirinhas\/wp-json\/wp\/v2\/users\/25"}],"replies":[{"embeddable":true,"href":"https:\/\/escoladigital.madeira.gov.pt\/eb1pefigueirinhas\/wp-json\/wp\/v2\/comments?post=1233"}],"version-history":[{"count":18,"href":"https:\/\/escoladigital.madeira.gov.pt\/eb1pefigueirinhas\/wp-json\/wp\/v2\/pages\/1233\/revisions"}],"predecessor-version":[{"id":1678,"href":"https:\/\/escoladigital.madeira.gov.pt\/eb1pefigueirinhas\/wp-json\/wp\/v2\/pages\/1233\/revisions\/1678"}],"wp:attachment":[{"href":"https:\/\/escoladigital.madeira.gov.pt\/eb1pefigueirinhas\/wp-json\/wp\/v2\/media?parent=1233"}],"curies":[{"name":"wp","href":"https:\/\/api.w.org\/{rel}","templated":true}]}}

<p style="text-align: left">Erasmus+ is the EU&#8217;s programme to support education, training, youth and sport in Europe.</p>
<p style="text-align: left">The 2021-2027 programme places a strong focus on social inclusion, the green and digital transitions, and promoting young people’s participation in democratic life.</p>
<p style="text-align: left">It supports priorities and activities set out in the European Education Area, Digital Education Action Plan and the European Skills Agenda. The programme also</p>
<ul>
<li style="text-align: left">supports the European Pillar of Social Rights</li>
<li style="text-align: left">implements the EU Youth Strategy 2019-2027</li>
<li style="text-align: left">develops the European dimension in sport</li>
</ul>
<p>Read more about it in <a href="https://erasmus-plus.ec.europa.eu/about-erasmus/what-is-erasmus" target="_blank" rel="noopener">https://erasmus-plus.ec.europa.eu/about-erasmus/what-is-erasmus</a></p>
<h1></h1>
<h1>Erasmus+ project results</h1>
<p>Presenting the details and outcomes of projects funded under the Erasmus+ programme.</p>
<p><a href="https://erasmus-plus.ec.europa.eu/projects?pk_source=website&amp;pk_medium=link&amp;pk_campaign=hp&amp;pk_content=hp-topics-prp" target="_blank" rel="noopener">Click here to check outcomes</a></p>
<h2></h2>
<p style="text-align: center"><strong>Seleção de alunos:</strong></p>
<p>A seleção de alunos participantes nas mobilidades LTTA será efetuada pela equipa de docentes do projeto, respeitando os seguintes critérios:<br />
a. Motivação e envolvimento no projeto, trabalho desenvolvido no projeto, interesse no projeto.<br />
b. Aproveitamento escolar.<br />
c. Comportamento do aluno.<br />
d. Existência de fatores de exclusão social, nomeadamente, financeiros, sociais, familiares ou outros definidos em equipa do projeto.</p>
