{"id":221,"date":"2024-11-04T16:50:40","date_gmt":"2024-11-04T16:50:40","guid":{"rendered":"https:\/\/escoladigital.madeira.gov.pt\/eb1pefigueirinhas\/?page_id=221"},"modified":"2025-12-12T17:35:57","modified_gmt":"2025-12-12T17:35:57","slug":"inicio","status":"publish","type":"page","link":"https:\/\/escoladigital.madeira.gov.pt\/eb1pefigueirinhas\/","title":{"rendered":"In\u00edcio"},"content":{"rendered":"\n<div class=\"wp-block-group is-nowrap is-layout-flex wp-container-core-group-is-layout-6c531013 wp-block-group-is-layout-flex\">\n<figure class=\"wp-block-image aligncenter size-large\"><img fetchpriority=\"high\" decoding=\"async\" width=\"1024\" height=\"724\" src=\"https:\/\/escoladigital.madeira.gov.pt\/eb1pefigueirinhas\/wp-content\/uploads\/sites\/16\/2025\/09\/CALENDARIO-ESCOLAR-2025-26-1024x724.jpg\" alt=\"\" class=\"wp-image-1435\" style=\"aspect-ratio:1.41437358368404\" srcset=\"https:\/\/escoladigital.madeira.gov.pt\/eb1pefigueirinhas\/wp-content\/uploads\/sites\/16\/2025\/09\/CALENDARIO-ESCOLAR-2025-26-1024x724.jpg 1024w, https:\/\/escoladigital.madeira.gov.pt\/eb1pefigueirinhas\/wp-content\/uploads\/sites\/16\/2025\/09\/CALENDARIO-ESCOLAR-2025-26-300x212.jpg 300w, https:\/\/escoladigital.madeira.gov.pt\/eb1pefigueirinhas\/wp-content\/uploads\/sites\/16\/2025\/09\/CALENDARIO-ESCOLAR-2025-26-768x543.jpg 768w, https:\/\/escoladigital.madeira.gov.pt\/eb1pefigueirinhas\/wp-content\/uploads\/sites\/16\/2025\/09\/CALENDARIO-ESCOLAR-2025-26-1536x1086.jpg 1536w, https:\/\/escoladigital.madeira.gov.pt\/eb1pefigueirinhas\/wp-content\/uploads\/sites\/16\/2025\/09\/CALENDARIO-ESCOLAR-2025-26.jpg 2048w\" sizes=\"(max-width: 1024px) 100vw, 1024px\" \/><\/figure>\n<\/div>\n\n\n\n<div class=\"wp-block-columns is-layout-flex wp-container-core-columns-is-layout-28f84493 wp-block-columns-is-layout-flex\">\n<div class=\"wp-block-column is-layout-flow wp-block-column-is-layout-flow\">\n<figure class=\"wp-block-image aligncenter size-large is-resized\"><img decoding=\"async\" width=\"1024\" height=\"1024\" src=\"https:\/\/escoladigital.madeira.gov.pt\/eb1pefigueirinhas\/wp-content\/uploads\/sites\/16\/2025\/12\/dados-escola-1024x1024.jpg\" alt=\"\" class=\"wp-image-2131\" style=\"width:82px;height:auto\" srcset=\"https:\/\/escoladigital.madeira.gov.pt\/eb1pefigueirinhas\/wp-content\/uploads\/sites\/16\/2025\/12\/dados-escola-1024x1024.jpg 1024w, https:\/\/escoladigital.madeira.gov.pt\/eb1pefigueirinhas\/wp-content\/uploads\/sites\/16\/2025\/12\/dados-escola-300x300.jpg 300w, https:\/\/escoladigital.madeira.gov.pt\/eb1pefigueirinhas\/wp-content\/uploads\/sites\/16\/2025\/12\/dados-escola-150x150.jpg 150w, https:\/\/escoladigital.madeira.gov.pt\/eb1pefigueirinhas\/wp-content\/uploads\/sites\/16\/2025\/12\/dados-escola-768x768.jpg 768w, https:\/\/escoladigital.madeira.gov.pt\/eb1pefigueirinhas\/wp-content\/uploads\/sites\/16\/2025\/12\/dados-escola-1536x1536.jpg 1536w, https:\/\/escoladigital.madeira.gov.pt\/eb1pefigueirinhas\/wp-content\/uploads\/sites\/16\/2025\/12\/dados-escola.jpg 2048w\" sizes=\"(max-width: 1024px) 100vw, 1024px\" \/><\/figure>\n\n\n\n<h6 class=\"wp-block-heading has-text-align-center\" id=\"wp-block-themeisle-blocks-advanced-heading-788243ec\">Dados da escola<\/h6>\n\n\n\n<p class=\"has-text-align-center\"><strong>Nome:&nbsp;<\/strong>Escola b\u00e1sica de 1.\u00ba Ciclo c\/ Pr\u00e9 das Figueirinhas<\/p>\n\n\n\n<p class=\"has-text-align-center\"><strong>Morada:&nbsp;<\/strong>Rua da Escola&nbsp;<\/p>\n\n\n\n<p class=\"has-text-align-center\"><strong>Freguesia:<\/strong>&nbsp;Cani\u00e7o<\/p>\n\n\n\n<p class=\"has-text-align-center\"><strong>Concelho:<\/strong>&nbsp;Santa Cruz<\/p>\n\n\n\n<p class=\"has-text-align-center\"><strong>Telefone:&nbsp;<\/strong>291146039<\/p>\n\n\n\n<p class=\"has-text-align-center\"><strong>Email:<\/strong>&nbsp;eb1pefigueirinhas@edu.madeira.gov.pt<\/p>\n\n\n\n<iframe src=\"https:\/\/www.google.com\/maps\/embed?pb=!1m18!1m12!1m3!1d3359.243278834168!2d-16.856107225174416!3d32.652969673715766!2m3!1f0!2f0!3f0!3m2!1i1024!2i768!4f13.1!3m3!1m2!1s0xc6061d07174e313%3A0x7c7b7b0e756af3f6!2sEscola%20B%C3%A1sica%20de%201.%C2%BA%20Ciclo%20c%2F%20Pr%C3%A9%20das%20Figueirinhas!5e0!3m2!1spt-PT!2spt!4v1765556617902!5m2!1spt-PT!2spt\" width=\"400\" height=\"300\" style=\"border:0\" allowfullscreen=\"\"><\/iframe>\n<\/div>\n\n\n\n<div class=\"wp-block-column is-layout-flow wp-block-column-is-layout-flow\">\n<figure class=\"wp-block-image aligncenter size-large is-resized\"><img decoding=\"async\" width=\"1024\" height=\"1024\" src=\"https:\/\/escoladigital.madeira.gov.pt\/eb1pefigueirinhas\/wp-content\/uploads\/sites\/16\/2025\/12\/dados-pagamento-1024x1024.jpg\" alt=\"\" class=\"wp-image-2132\" style=\"width:94px;height:auto\" srcset=\"https:\/\/escoladigital.madeira.gov.pt\/eb1pefigueirinhas\/wp-content\/uploads\/sites\/16\/2025\/12\/dados-pagamento-1024x1024.jpg 1024w, https:\/\/escoladigital.madeira.gov.pt\/eb1pefigueirinhas\/wp-content\/uploads\/sites\/16\/2025\/12\/dados-pagamento-300x300.jpg 300w, https:\/\/escoladigital.madeira.gov.pt\/eb1pefigueirinhas\/wp-content\/uploads\/sites\/16\/2025\/12\/dados-pagamento-150x150.jpg 150w, https:\/\/escoladigital.madeira.gov.pt\/eb1pefigueirinhas\/wp-content\/uploads\/sites\/16\/2025\/12\/dados-pagamento-768x768.jpg 768w, https:\/\/escoladigital.madeira.gov.pt\/eb1pefigueirinhas\/wp-content\/uploads\/sites\/16\/2025\/12\/dados-pagamento-1536x1536.jpg 1536w, https:\/\/escoladigital.madeira.gov.pt\/eb1pefigueirinhas\/wp-content\/uploads\/sites\/16\/2025\/12\/dados-pagamento.jpg 2048w\" sizes=\"(max-width: 1024px) 100vw, 1024px\" \/><\/figure>\n\n\n\n<h6 class=\"wp-block-heading has-text-align-center\" id=\"wp-block-themeisle-blocks-advanced-heading-77194bee\">Pagamento de mensalidades\/refei\u00e7\u00f5es<\/h6>\n\n\n\n<p class=\"has-text-align-center\">Os pagamentos das mensalidades e das refei\u00e7\u00f5es dever\u00e3o ser efetuados at\u00e9 dia 8 de cada m\u00eas, salvo quando o dia 8 coincida com o fim de semana&nbsp; dever\u00e1 ent\u00e3o efetua-lo&nbsp; at\u00e9 ao dia \u00fatil imediatamente seguinte.<\/p>\n\n\n\n<p class=\"has-text-align-center\">&nbsp;Caso prefira efetuar o pagamento por transfer\u00eancia banc\u00e1ria poder\u00e1 consultar o valor da presta\u00e7\u00e3o na&nbsp;<strong><a href=\"https:\/\/place.madeira.gov.pt\/aluno\" target=\"_blank\" rel=\"noreferrer noopener\">p\u00e1gina do PLACE<\/a><\/strong>&#8211;&nbsp;<strong>(consulta de pagamentos).&nbsp;<\/strong><br>Esta consulta s\u00f3 ser\u00e1 poss\u00edvel a partir do 1\u00ba dia de cada m\u00eas.<br>IBAN da conta&nbsp;Banc\u00e1ria &#8211;&nbsp;<strong>PT50 0018 0003 47910450020 03<\/strong><br>Assim que efetuar o pagamento dever\u00e1&nbsp;<strong>entregar o comprovativ<\/strong>o da transfer\u00eancia na secretaria da Escola&nbsp;ou enviar o comprovativo para o&nbsp;<strong>email&nbsp;<\/strong>da escola&nbsp;<strong>eb1pefigueirinhas@edu.madeira.gov.pt<\/strong>. Assim que poss\u00edvel entregaremos o recibo.<\/p>\n\n\n\n<p>&nbsp;<\/p>\n<\/div>\n\n\n\n<div class=\"wp-block-column is-layout-flow wp-block-column-is-layout-flow\">\n<figure class=\"wp-block-image aligncenter size-large is-resized\"><img loading=\"lazy\" decoding=\"async\" width=\"1024\" height=\"1024\" src=\"https:\/\/escoladigital.madeira.gov.pt\/eb1pefigueirinhas\/wp-content\/uploads\/sites\/16\/2025\/12\/Direcao-1024x1024.jpg\" alt=\"\" class=\"wp-image-2133\" style=\"width:99px;height:auto\" srcset=\"https:\/\/escoladigital.madeira.gov.pt\/eb1pefigueirinhas\/wp-content\/uploads\/sites\/16\/2025\/12\/Direcao-1024x1024.jpg 1024w, https:\/\/escoladigital.madeira.gov.pt\/eb1pefigueirinhas\/wp-content\/uploads\/sites\/16\/2025\/12\/Direcao-300x300.jpg 300w, https:\/\/escoladigital.madeira.gov.pt\/eb1pefigueirinhas\/wp-content\/uploads\/sites\/16\/2025\/12\/Direcao-150x150.jpg 150w, https:\/\/escoladigital.madeira.gov.pt\/eb1pefigueirinhas\/wp-content\/uploads\/sites\/16\/2025\/12\/Direcao-768x768.jpg 768w, https:\/\/escoladigital.madeira.gov.pt\/eb1pefigueirinhas\/wp-content\/uploads\/sites\/16\/2025\/12\/Direcao-1536x1536.jpg 1536w, https:\/\/escoladigital.madeira.gov.pt\/eb1pefigueirinhas\/wp-content\/uploads\/sites\/16\/2025\/12\/Direcao.jpg 2048w\" sizes=\"(max-width: 1024px) 100vw, 1024px\" \/><\/figure>\n\n\n\n<h6 class=\"wp-block-heading has-text-align-center\" id=\"wp-block-themeisle-blocks-advanced-heading-9d66dcad\">Gest\u00e3o da escola<\/h6>\n\n\n\n<p class=\"has-text-align-center\"><strong>Dire\u00e7\u00e3o da Escola<\/strong><br><strong>Professora Maria da Luz Quintal Castro<\/strong><\/p>\n\n\n\n<p class=\"has-text-align-center\"><strong>Sub-Dire\u00e7\u00e3o da Escola<\/strong><br><strong>Professora Maria Jo\u00e3o Henriques<\/strong><\/p>\n<\/div>\n<\/div>\n","protected":false},"excerpt":{"rendered":"<p>Dados da escola Nome:&nbsp;Escola b\u00e1sica de 1.\u00ba Ciclo c\/ Pr\u00e9 das Figueirinhas Morada:&nbsp;Rua da Escola&nbsp; Freguesia:&nbsp;Cani\u00e7o Concelho:&nbsp;Santa Cruz Telefone:&nbsp;291146039 Email:&nbsp;eb1pefigueirinhas@edu.madeira.gov.pt [&hellip;]<\/p>\n","protected":false},"author":25,"featured_media":0,"parent":0,"menu_order":0,"comment_status":"closed","ping_status":"closed","template":"","meta":{"site-sidebar-layout":"default","site-content-layout":"","ast-site-content-layout":"default","site-content-style":"default","site-sidebar-style":"default","ast-global-header-display":"","ast-banner-title-visibility":"","ast-main-header-display":"","ast-hfb-above-header-display":"","ast-hfb-below-header-display":"","ast-hfb-mobile-header-display":"","site-post-title":"","ast-breadcrumbs-content":"","ast-featured-img":"","footer-sml-layout":"","ast-disable-related-posts":"","theme-transparent-header-meta":"","adv-header-id-meta":"","stick-header-meta":"","header-above-stick-meta":"","header-main-stick-meta":"","header-below-stick-meta":"","astra-migrate-meta-layouts":"default","ast-page-background-enabled":"default","ast-page-background-meta":{"desktop":{"background-color":"var(--ast-global-color-4)","background-image":"","background-repeat":"repeat","background-position":"center center","background-size":"auto","background-attachment":"scroll","background-type":"","background-media":"","overlay-type":"","overlay-color":"","overlay-opacity":"","overlay-gradient":""},"tablet":{"background-color":"","background-image":"","background-repeat":"repeat","background-position":"center center","background-size":"auto","background-attachment":"scroll","background-type":"","background-media":"","overlay-type":"","overlay-color":"","overlay-opacity":"","overlay-gradient":""},"mobile":{"background-color":"","background-image":"","background-repeat":"repeat","background-position":"center center","background-size":"auto","background-attachment":"scroll","background-type":"","background-media":"","overlay-type":"","overlay-color":"","overlay-opacity":"","overlay-gradient":""}},"ast-content-background-meta":{"desktop":{"background-color":"var(--ast-global-color-5)","background-image":"","background-repeat":"repeat","background-position":"center center","background-size":"auto","background-attachment":"scroll","background-type":"","background-media":"","overlay-type":"","overlay-color":"","overlay-opacity":"","overlay-gradient":""},"tablet":{"background-color":"var(--ast-global-color-5)","background-image":"","background-repeat":"repeat","background-position":"center center","background-size":"auto","background-attachment":"scroll","background-type":"","background-media":"","overlay-type":"","overlay-color":"","overlay-opacity":"","overlay-gradient":""},"mobile":{"background-color":"var(--ast-global-color-5)","background-image":"","background-repeat":"repeat","background-position":"center center","background-size":"auto","background-attachment":"scroll","background-type":"","background-media":"","overlay-type":"","overlay-color":"","overlay-opacity":"","overlay-gradient":""}},"_themeisle_gutenberg_block_has_review":false,"footnotes":""},"class_list":["post-221","page","type-page","status-publish","hentry"],"_links":{"self":[{"href":"https:\/\/escoladigital.madeira.gov.pt\/eb1pefigueirinhas\/wp-json\/wp\/v2\/pages\/221","targetHints":{"allow":["GET"]}}],"collection":[{"href":"https:\/\/escoladigital.madeira.gov.pt\/eb1pefigueirinhas\/wp-json\/wp\/v2\/pages"}],"about":[{"href":"https:\/\/escoladigital.madeira.gov.pt\/eb1pefigueirinhas\/wp-json\/wp\/v2\/types\/page"}],"author":[{"embeddable":true,"href":"https:\/\/escoladigital.madeira.gov.pt\/eb1pefigueirinhas\/wp-json\/wp\/v2\/users\/25"}],"replies":[{"embeddable":true,"href":"https:\/\/escoladigital.madeira.gov.pt\/eb1pefigueirinhas\/wp-json\/wp\/v2\/comments?post=221"}],"version-history":[{"count":130,"href":"https:\/\/escoladigital.madeira.gov.pt\/eb1pefigueirinhas\/wp-json\/wp\/v2\/pages\/221\/revisions"}],"predecessor-version":[{"id":2142,"href":"https:\/\/escoladigital.madeira.gov.pt\/eb1pefigueirinhas\/wp-json\/wp\/v2\/pages\/221\/revisions\/2142"}],"wp:attachment":[{"href":"https:\/\/escoladigital.madeira.gov.pt\/eb1pefigueirinhas\/wp-json\/wp\/v2\/media?parent=221"}],"curies":[{"name":"wp","href":"https:\/\/api.w.org\/{rel}","templated":true}]}}