{"id":1147,"date":"2025-09-18T08:49:41","date_gmt":"2025-09-18T08:49:41","guid":{"rendered":"https:\/\/escoladigital.madeira.gov.pt\/eb1pefrocha\/?page_id=1147"},"modified":"2025-09-18T08:49:41","modified_gmt":"2025-09-18T08:49:41","slug":"arquivo-efr","status":"publish","type":"page","link":"https:\/\/escoladigital.madeira.gov.pt\/eb1pefrocha\/arquivo-efr\/","title":{"rendered":"ARQUIVO EFR"},"content":{"rendered":"\n<p>Nesta p\u00e1gina ter\u00e1s acesso \u00e0s atividades realizadas em passados anos letivos.<\/p>\n\n\n<ul class=\"wp-block-archives-list wp-block-archives\">\t<li><a href='https:\/\/escoladigital.madeira.gov.pt\/eb1pefrocha\/2026\/03\/'>Mar\u00e7o 2026<\/a>&nbsp;(2)<\/li>\n\t<li><a href='https:\/\/escoladigital.madeira.gov.pt\/eb1pefrocha\/2025\/12\/'>Dezembro 2025<\/a>&nbsp;(1)<\/li>\n\t<li><a href='https:\/\/escoladigital.madeira.gov.pt\/eb1pefrocha\/2025\/11\/'>Novembro 2025<\/a>&nbsp;(2)<\/li>\n\t<li><a href='https:\/\/escoladigital.madeira.gov.pt\/eb1pefrocha\/2025\/10\/'>Outubro 2025<\/a>&nbsp;(2)<\/li>\n\t<li><a href='https:\/\/escoladigital.madeira.gov.pt\/eb1pefrocha\/2025\/09\/'>Setembro 2025<\/a>&nbsp;(2)<\/li>\n\t<li><a href='https:\/\/escoladigital.madeira.gov.pt\/eb1pefrocha\/2025\/06\/'>Junho 2025<\/a>&nbsp;(4)<\/li>\n\t<li><a href='https:\/\/escoladigital.madeira.gov.pt\/eb1pefrocha\/2025\/05\/'>Maio 2025<\/a>&nbsp;(8)<\/li>\n\t<li><a href='https:\/\/escoladigital.madeira.gov.pt\/eb1pefrocha\/2025\/03\/'>Mar\u00e7o 2025<\/a>&nbsp;(5)<\/li>\n\t<li><a href='https:\/\/escoladigital.madeira.gov.pt\/eb1pefrocha\/2025\/02\/'>Fevereiro 2025<\/a>&nbsp;(4)<\/li>\n\t<li><a href='https:\/\/escoladigital.madeira.gov.pt\/eb1pefrocha\/2024\/11\/'>Novembro 2024<\/a>&nbsp;(2)<\/li>\n\t<li><a href='https:\/\/escoladigital.madeira.gov.pt\/eb1pefrocha\/2024\/09\/'>Setembro 2024<\/a>&nbsp;(1)<\/li>\n<\/ul>","protected":false},"excerpt":{"rendered":"<p>Nesta p\u00e1gina ter\u00e1s acesso \u00e0s atividades realizadas em passados anos letivos.<\/p>\n","protected":false},"author":82,"featured_media":0,"parent":0,"menu_order":0,"comment_status":"closed","ping_status":"closed","template":"","meta":{"site-sidebar-layout":"default","site-content-layout":"","ast-site-content-layout":"default","site-content-style":"default","site-sidebar-style":"default","ast-global-header-display":"","ast-banner-title-visibility":"","ast-main-header-display":"","ast-hfb-above-header-display":"","ast-hfb-below-header-display":"","ast-hfb-mobile-header-display":"","site-post-title":"","ast-breadcrumbs-content":"","ast-featured-img":"","footer-sml-layout":"","ast-disable-related-posts":"","theme-transparent-header-meta":"","adv-header-id-meta":"","stick-header-meta":"","header-above-stick-meta":"","header-main-stick-meta":"","header-below-stick-meta":"","astra-migrate-meta-layouts":"default","ast-page-background-enabled":"default","ast-page-background-meta":{"desktop":{"background-color":"var(--ast-global-color-5)","background-image":"","background-repeat":"repeat","background-position":"center center","background-size":"auto","background-attachment":"scroll","background-type":"","background-media":"","overlay-type":"","overlay-color":"","overlay-opacity":"","overlay-gradient":""},"tablet":{"background-color":"","background-image":"","background-repeat":"repeat","background-position":"center center","background-size":"auto","background-attachment":"scroll","background-type":"","background-media":"","overlay-type":"","overlay-color":"","overlay-opacity":"","overlay-gradient":""},"mobile":{"background-color":"","background-image":"","background-repeat":"repeat","background-position":"center center","background-size":"auto","background-attachment":"scroll","background-type":"","background-media":"","overlay-type":"","overlay-color":"","overlay-opacity":"","overlay-gradient":""}},"ast-content-background-meta":{"desktop":{"background-color":"var(--ast-global-color-4)","background-image":"","background-repeat":"repeat","background-position":"center center","background-size":"auto","background-attachment":"scroll","background-type":"","background-media":"","overlay-type":"","overlay-color":"","overlay-opacity":"","overlay-gradient":""},"tablet":{"background-color":"var(--ast-global-color-4)","background-image":"","background-repeat":"repeat","background-position":"center center","background-size":"auto","background-attachment":"scroll","background-type":"","background-media":"","overlay-type":"","overlay-color":"","overlay-opacity":"","overlay-gradient":""},"mobile":{"background-color":"var(--ast-global-color-4)","background-image":"","background-repeat":"repeat","background-position":"center center","background-size":"auto","background-attachment":"scroll","background-type":"","background-media":"","overlay-type":"","overlay-color":"","overlay-opacity":"","overlay-gradient":""}},"_themeisle_gutenberg_block_has_review":false,"footnotes":""},"class_list":["post-1147","page","type-page","status-publish","hentry"],"_links":{"self":[{"href":"https:\/\/escoladigital.madeira.gov.pt\/eb1pefrocha\/wp-json\/wp\/v2\/pages\/1147","targetHints":{"allow":["GET"]}}],"collection":[{"href":"https:\/\/escoladigital.madeira.gov.pt\/eb1pefrocha\/wp-json\/wp\/v2\/pages"}],"about":[{"href":"https:\/\/escoladigital.madeira.gov.pt\/eb1pefrocha\/wp-json\/wp\/v2\/types\/page"}],"author":[{"embeddable":true,"href":"https:\/\/escoladigital.madeira.gov.pt\/eb1pefrocha\/wp-json\/wp\/v2\/users\/82"}],"replies":[{"embeddable":true,"href":"https:\/\/escoladigital.madeira.gov.pt\/eb1pefrocha\/wp-json\/wp\/v2\/comments?post=1147"}],"version-history":[{"count":1,"href":"https:\/\/escoladigital.madeira.gov.pt\/eb1pefrocha\/wp-json\/wp\/v2\/pages\/1147\/revisions"}],"predecessor-version":[{"id":1148,"href":"https:\/\/escoladigital.madeira.gov.pt\/eb1pefrocha\/wp-json\/wp\/v2\/pages\/1147\/revisions\/1148"}],"wp:attachment":[{"href":"https:\/\/escoladigital.madeira.gov.pt\/eb1pefrocha\/wp-json\/wp\/v2\/media?parent=1147"}],"curies":[{"name":"wp","href":"https:\/\/api.w.org\/{rel}","templated":true}]}}