{"id":325,"date":"2025-07-10T09:11:36","date_gmt":"2025-07-10T09:11:36","guid":{"rendered":"https:\/\/escoladigital.madeira.gov.pt\/eb1peilheus\/?page_id=325"},"modified":"2025-07-15T21:39:16","modified_gmt":"2025-07-15T21:39:16","slug":"listas-de-material-curricular-2025-26","status":"publish","type":"page","link":"https:\/\/escoladigital.madeira.gov.pt\/eb1peilheus\/listas-de-material-curricular-2025-26\/","title":{"rendered":"Listas de material &#8220;curricular&#8221; 2025\/26"},"content":{"rendered":"\n<p><\/p>\n\n\n\n<p>Informamos todos os Encarregados de Educa\u00e7\u00e3o que, no \u00e2mbito da prepara\u00e7\u00e3o para o ano letivo 2025\/2026, os materiais escolares devem ser entregues <strong>antes do in\u00edcio das atividades letivas<\/strong>.<\/p>\n\n\n\n<p>Solicita-se que os materiais venham <strong>devidamente separados<\/strong>, de acordo com as seguintes categorias:<\/p>\n\n\n\n<ul class=\"wp-block-list\">\n<li><strong>Curricular<\/strong> (materiais para uso nas disciplinas do curr\u00edculo)<\/li>\n\n\n\n<li><strong>Atividades de Enriquecimento Curricular (AECs)<\/strong><\/li>\n<\/ul>\n\n\n\n<p>A entrega atempada e organizada facilitar\u00e1 o arranque das atividades e contribuir\u00e1 para um melhor acolhimento das crian\u00e7as.<\/p>\n\n\n\n<p>Agradecemos, desde j\u00e1, a vossa colabora\u00e7\u00e3o.<\/p>\n\n\n\n<div data-wp-interactive=\"core\/file\" class=\"wp-block-file\"><object data-wp-bind--hidden=\"!state.hasPdfPreview\" hidden class=\"wp-block-file__embed\" data=\"https:\/\/escoladigital.madeira.gov.pt\/eb1peilheus\/wp-content\/uploads\/sites\/61\/2025\/07\/CURRICULAR-lista-de-material-dos-1o-anos.pdf\" type=\"application\/pdf\" style=\"width:100%;height:600px\" aria-label=\"Incorpora\u00e7\u00e3o de CURRICULAR lista de material dos 1\u00ba anos.\"><\/object><a id=\"wp-block-file--media-b9a356a3-c2f7-4c6a-a581-b2dd970f5c7a\" href=\"https:\/\/escoladigital.madeira.gov.pt\/eb1peilheus\/wp-content\/uploads\/sites\/61\/2025\/07\/CURRICULAR-lista-de-material-dos-1o-anos.pdf\">CURRICULAR lista de material dos 1\u00ba anos<\/a><a href=\"https:\/\/escoladigital.madeira.gov.pt\/eb1peilheus\/wp-content\/uploads\/sites\/61\/2025\/07\/CURRICULAR-lista-de-material-dos-1o-anos.pdf\" class=\"wp-block-file__button wp-element-button\" download aria-describedby=\"wp-block-file--media-b9a356a3-c2f7-4c6a-a581-b2dd970f5c7a\">Descarregar<\/a><\/div>\n\n\n\n<div data-wp-interactive=\"core\/file\" class=\"wp-block-file\"><object data-wp-bind--hidden=\"!state.hasPdfPreview\" hidden class=\"wp-block-file__embed\" data=\"https:\/\/escoladigital.madeira.gov.pt\/eb1peilheus\/wp-content\/uploads\/sites\/61\/2025\/07\/lista-de-material-2-ano-2025-2026.pdf\" type=\"application\/pdf\" style=\"width:100%;height:600px\" aria-label=\"Incorpora\u00e7\u00e3o de lista de material 2 ano  2025 2026.\"><\/object><a id=\"wp-block-file--media-f24676e5-3cf8-490c-a5d6-8a8367e7f875\" href=\"https:\/\/escoladigital.madeira.gov.pt\/eb1peilheus\/wp-content\/uploads\/sites\/61\/2025\/07\/lista-de-material-2-ano-2025-2026.pdf\">lista de material 2 ano  2025 2026<\/a><a href=\"https:\/\/escoladigital.madeira.gov.pt\/eb1peilheus\/wp-content\/uploads\/sites\/61\/2025\/07\/lista-de-material-2-ano-2025-2026.pdf\" class=\"wp-block-file__button wp-element-button\" download aria-describedby=\"wp-block-file--media-f24676e5-3cf8-490c-a5d6-8a8367e7f875\">Descarregar<\/a><\/div>\n\n\n\n<div data-wp-interactive=\"core\/file\" class=\"wp-block-file\"><object data-wp-bind--hidden=\"!state.hasPdfPreview\" hidden class=\"wp-block-file__embed\" data=\"https:\/\/escoladigital.madeira.gov.pt\/eb1peilheus\/wp-content\/uploads\/sites\/61\/2025\/07\/CURRICULAR-lista-material-2A.pdf\" type=\"application\/pdf\" style=\"width:100%;height:600px\" aria-label=\"Incorpora\u00e7\u00e3o de CURRICULAR lista material 2A.\"><\/object><a id=\"wp-block-file--media-809b081f-b54f-4c88-bfca-e13bc2c73fc3\" href=\"https:\/\/escoladigital.madeira.gov.pt\/eb1peilheus\/wp-content\/uploads\/sites\/61\/2025\/07\/CURRICULAR-lista-material-2A.pdf\">CURRICULAR lista material 2A<\/a><a href=\"https:\/\/escoladigital.madeira.gov.pt\/eb1peilheus\/wp-content\/uploads\/sites\/61\/2025\/07\/CURRICULAR-lista-material-2A.pdf\" class=\"wp-block-file__button wp-element-button\" download aria-describedby=\"wp-block-file--media-809b081f-b54f-4c88-bfca-e13bc2c73fc3\">Descarregar<\/a><\/div>\n\n\n\n\n\n<div data-wp-interactive=\"core\/file\" class=\"wp-block-file\"><object data-wp-bind--hidden=\"!state.hasPdfPreview\" hidden class=\"wp-block-file__embed\" data=\"https:\/\/escoladigital.madeira.gov.pt\/eb1peilheus\/wp-content\/uploads\/sites\/61\/2025\/07\/CURRICULAR-Lista-de-Material-Escolar-3o-A.pdf\" type=\"application\/pdf\" style=\"width:100%;height:600px\" aria-label=\"Incorpora\u00e7\u00e3o de CURRICULAR Lista de Material Escolar 3\u00ba A.\"><\/object><a id=\"wp-block-file--media-93e94d4c-4c4b-421c-b2c3-f3524762522d\" href=\"https:\/\/escoladigital.madeira.gov.pt\/eb1peilheus\/wp-content\/uploads\/sites\/61\/2025\/07\/CURRICULAR-Lista-de-Material-Escolar-3o-A.pdf\">CURRICULAR Lista de Material Escolar 3\u00ba A<\/a><a href=\"https:\/\/escoladigital.madeira.gov.pt\/eb1peilheus\/wp-content\/uploads\/sites\/61\/2025\/07\/CURRICULAR-Lista-de-Material-Escolar-3o-A.pdf\" class=\"wp-block-file__button wp-element-button\" download aria-describedby=\"wp-block-file--media-93e94d4c-4c4b-421c-b2c3-f3524762522d\">Descarregar<\/a><\/div>\n\n\n\n<div data-wp-interactive=\"core\/file\" class=\"wp-block-file\"><object data-wp-bind--hidden=\"!state.hasPdfPreview\" hidden class=\"wp-block-file__embed\" data=\"https:\/\/escoladigital.madeira.gov.pt\/eb1peilheus\/wp-content\/uploads\/sites\/61\/2025\/07\/CURRICULAR-Lista-de-material-3oB.pdf\" type=\"application\/pdf\" style=\"width:100%;height:600px\" aria-label=\"Incorpora\u00e7\u00e3o de CURRICULAR Lista de material 3\u00baB.\"><\/object><a id=\"wp-block-file--media-b7c21bc7-9b72-4991-9265-3e69ab7320f5\" href=\"https:\/\/escoladigital.madeira.gov.pt\/eb1peilheus\/wp-content\/uploads\/sites\/61\/2025\/07\/CURRICULAR-Lista-de-material-3oB.pdf\">CURRICULAR Lista de material 3\u00baB<\/a><a href=\"https:\/\/escoladigital.madeira.gov.pt\/eb1peilheus\/wp-content\/uploads\/sites\/61\/2025\/07\/CURRICULAR-Lista-de-material-3oB.pdf\" class=\"wp-block-file__button wp-element-button\" download aria-describedby=\"wp-block-file--media-b7c21bc7-9b72-4991-9265-3e69ab7320f5\">Descarregar<\/a><\/div>\n\n\n\n<div data-wp-interactive=\"core\/file\" class=\"wp-block-file\"><object data-wp-bind--hidden=\"!state.hasPdfPreview\" hidden class=\"wp-block-file__embed\" data=\"https:\/\/escoladigital.madeira.gov.pt\/eb1peilheus\/wp-content\/uploads\/sites\/61\/2025\/07\/CURRICULAR-Lista-de-material-4o-ANOS.pdf\" type=\"application\/pdf\" style=\"width:100%;height:600px\" aria-label=\"Incorpora\u00e7\u00e3o de CURRICULAR Lista de material 4\u00ba ANOS.\"><\/object><a id=\"wp-block-file--media-ea72f0e4-1898-4007-bd82-d201e0690f61\" href=\"https:\/\/escoladigital.madeira.gov.pt\/eb1peilheus\/wp-content\/uploads\/sites\/61\/2025\/07\/CURRICULAR-Lista-de-material-4o-ANOS.pdf\">CURRICULAR Lista de material 4\u00ba ANOS<\/a><a href=\"https:\/\/escoladigital.madeira.gov.pt\/eb1peilheus\/wp-content\/uploads\/sites\/61\/2025\/07\/CURRICULAR-Lista-de-material-4o-ANOS.pdf\" class=\"wp-block-file__button wp-element-button\" download aria-describedby=\"wp-block-file--media-ea72f0e4-1898-4007-bd82-d201e0690f61\">Descarregar<\/a><\/div>\n\n\n\n<p><\/p>\n","protected":false},"excerpt":{"rendered":"<p>Informamos todos os Encarregados de Educa\u00e7\u00e3o que, no \u00e2mbito da prepara\u00e7\u00e3o para o ano letivo 2025\/2026, os materiais escolares devem [&hellip;]<\/p>\n","protected":false},"author":80,"featured_media":0,"parent":0,"menu_order":0,"comment_status":"closed","ping_status":"closed","template":"","meta":{"site-sidebar-layout":"default","site-content-layout":"","ast-site-content-layout":"default","site-content-style":"default","site-sidebar-style":"default","ast-global-header-display":"","ast-banner-title-visibility":"","ast-main-header-display":"","ast-hfb-above-header-display":"","ast-hfb-below-header-display":"","ast-hfb-mobile-header-display":"","site-post-title":"","ast-breadcrumbs-content":"","ast-featured-img":"","footer-sml-layout":"","ast-disable-related-posts":"","theme-transparent-header-meta":"","adv-header-id-meta":"","stick-header-meta":"","header-above-stick-meta":"","header-main-stick-meta":"","header-below-stick-meta":"","astra-migrate-meta-layouts":"default","ast-page-background-enabled":"default","ast-page-background-meta":{"desktop":{"background-color":"var(--ast-global-color-5)","background-image":"","background-repeat":"repeat","background-position":"center center","background-size":"auto","background-attachment":"scroll","background-type":"","background-media":"","overlay-type":"","overlay-color":"","overlay-opacity":"","overlay-gradient":""},"tablet":{"background-color":"","background-image":"","background-repeat":"repeat","background-position":"center center","background-size":"auto","background-attachment":"scroll","background-type":"","background-media":"","overlay-type":"","overlay-color":"","overlay-opacity":"","overlay-gradient":""},"mobile":{"background-color":"","background-image":"","background-repeat":"repeat","background-position":"center center","background-size":"auto","background-attachment":"scroll","background-type":"","background-media":"","overlay-type":"","overlay-color":"","overlay-opacity":"","overlay-gradient":""}},"ast-content-background-meta":{"desktop":{"background-color":"var(--ast-global-color-4)","background-image":"","background-repeat":"repeat","background-position":"center center","background-size":"auto","background-attachment":"scroll","background-type":"","background-media":"","overlay-type":"","overlay-color":"","overlay-opacity":"","overlay-gradient":""},"tablet":{"background-color":"var(--ast-global-color-4)","background-image":"","background-repeat":"repeat","background-position":"center center","background-size":"auto","background-attachment":"scroll","background-type":"","background-media":"","overlay-type":"","overlay-color":"","overlay-opacity":"","overlay-gradient":""},"mobile":{"background-color":"var(--ast-global-color-4)","background-image":"","background-repeat":"repeat","background-position":"center center","background-size":"auto","background-attachment":"scroll","background-type":"","background-media":"","overlay-type":"","overlay-color":"","overlay-opacity":"","overlay-gradient":""}},"_themeisle_gutenberg_block_has_review":false,"footnotes":""},"class_list":["post-325","page","type-page","status-publish","hentry"],"_links":{"self":[{"href":"https:\/\/escoladigital.madeira.gov.pt\/eb1peilheus\/wp-json\/wp\/v2\/pages\/325","targetHints":{"allow":["GET"]}}],"collection":[{"href":"https:\/\/escoladigital.madeira.gov.pt\/eb1peilheus\/wp-json\/wp\/v2\/pages"}],"about":[{"href":"https:\/\/escoladigital.madeira.gov.pt\/eb1peilheus\/wp-json\/wp\/v2\/types\/page"}],"author":[{"embeddable":true,"href":"https:\/\/escoladigital.madeira.gov.pt\/eb1peilheus\/wp-json\/wp\/v2\/users\/80"}],"replies":[{"embeddable":true,"href":"https:\/\/escoladigital.madeira.gov.pt\/eb1peilheus\/wp-json\/wp\/v2\/comments?post=325"}],"version-history":[{"count":4,"href":"https:\/\/escoladigital.madeira.gov.pt\/eb1peilheus\/wp-json\/wp\/v2\/pages\/325\/revisions"}],"predecessor-version":[{"id":361,"href":"https:\/\/escoladigital.madeira.gov.pt\/eb1peilheus\/wp-json\/wp\/v2\/pages\/325\/revisions\/361"}],"wp:attachment":[{"href":"https:\/\/escoladigital.madeira.gov.pt\/eb1peilheus\/wp-json\/wp\/v2\/media?parent=325"}],"curies":[{"name":"wp","href":"https:\/\/api.w.org\/{rel}","templated":true}]}}