{"id":120,"date":"2024-12-04T13:31:54","date_gmt":"2024-12-04T13:31:54","guid":{"rendered":"https:\/\/escoladigital.madeira.gov.pt\/eb1pelguine\/?page_id=120"},"modified":"2024-12-04T13:33:58","modified_gmt":"2024-12-04T13:33:58","slug":"hino-e-logotipo","status":"publish","type":"page","link":"https:\/\/escoladigital.madeira.gov.pt\/eb1pelguine\/hino-e-logotipo\/","title":{"rendered":"Hino e log\u00f3tipo"},"content":{"rendered":"\n<figure class=\"wp-block-embed is-type-video is-provider-vimeo wp-block-embed-vimeo wp-embed-aspect-16-9 wp-has-aspect-ratio\"><div class=\"wp-block-embed__wrapper\">\n<iframe title=\"Video do Hino da Escola\" src=\"https:\/\/player.vimeo.com\/video\/157147275?dnt=1&amp;app_id=122963\" width=\"500\" height=\"281\" frameborder=\"0\" allow=\"autoplay; fullscreen; picture-in-picture; clipboard-write\"><\/iframe>\n<\/div><\/figure>\n\n\n\n<p>\u00c9s o meu primeiro lar<br>A raiz que me sustenta<br>Viste os meus primeiros passos<br>Na li\u00e7\u00e3o que me alimenta<\/p>\n\n\n\n<p>Sempre volto ao teu ref\u00fagio<br>P\u2019ra saber de onde sou<br>Lembro as li\u00e7\u00f5es que me deste<br>P\u2019ra saber para onde vou<\/p>\n\n\n\n<p>[Ref\u00e3o x2]<br>Minha escola, minha vida<br>Meu futuro, meu viver<br>Em ti aprendi o caminho<br>Que me ajudou a crescer.<\/p>\n\n\n\n<p>Fazes parte do meu ser<br>Sinto-te no dia-a-dia<br>Indicas-me o bom caminho<br>Minha prote\u00e7\u00e3o e guia<\/p>\n\n\n\n<p>Sou um cidad\u00e3o do mundo<br>Tudo que sou a ti devo<br>Estou-te grato a vida inteira<br>De ti, eu jamais me esque\u00e7o<\/p>\n\n\n\n<p>[Refr\u00e3o]<br>Minha escola, minha vida<br>Meu futuro, meu viver<br>Em ti aprendi o caminho<br>Que me ajudou a crescer.<\/p>\n\n\n\n<p>[Refr\u00e3o]<\/p>\n\n\n\n<figure class=\"wp-block-image size-large\"><img fetchpriority=\"high\" decoding=\"async\" width=\"1024\" height=\"863\" src=\"https:\/\/escoladigital.madeira.gov.pt\/eb1pelguine\/wp-content\/uploads\/sites\/18\/2024\/12\/image-1024x863.png\" alt=\"\" class=\"wp-image-124\" srcset=\"https:\/\/escoladigital.madeira.gov.pt\/eb1pelguine\/wp-content\/uploads\/sites\/18\/2024\/12\/image-1024x863.png 1024w, https:\/\/escoladigital.madeira.gov.pt\/eb1pelguine\/wp-content\/uploads\/sites\/18\/2024\/12\/image-300x253.png 300w, https:\/\/escoladigital.madeira.gov.pt\/eb1pelguine\/wp-content\/uploads\/sites\/18\/2024\/12\/image-768x647.png 768w, https:\/\/escoladigital.madeira.gov.pt\/eb1pelguine\/wp-content\/uploads\/sites\/18\/2024\/12\/image.png 1234w\" sizes=\"(max-width: 1024px) 100vw, 1024px\" \/><\/figure>\n\n\n\n<p><\/p>\n","protected":false},"excerpt":{"rendered":"<p>\u00c9s o meu primeiro larA raiz que me sustentaViste os meus primeiros passosNa li\u00e7\u00e3o que me alimenta Sempre volto ao [&hellip;]<\/p>\n","protected":false},"author":27,"featured_media":0,"parent":0,"menu_order":0,"comment_status":"closed","ping_status":"closed","template":"","meta":{"site-sidebar-layout":"default","site-content-layout":"","ast-site-content-layout":"default","site-content-style":"default","site-sidebar-style":"default","ast-global-header-display":"","ast-banner-title-visibility":"","ast-main-header-display":"","ast-hfb-above-header-display":"","ast-hfb-below-header-display":"","ast-hfb-mobile-header-display":"","site-post-title":"","ast-breadcrumbs-content":"","ast-featured-img":"","footer-sml-layout":"","ast-disable-related-posts":"","theme-transparent-header-meta":"","adv-header-id-meta":"","stick-header-meta":"","header-above-stick-meta":"","header-main-stick-meta":"","header-below-stick-meta":"","astra-migrate-meta-layouts":"default","ast-page-background-enabled":"default","ast-page-background-meta":{"desktop":{"background-color":"var(--ast-global-color-4)","background-image":"","background-repeat":"repeat","background-position":"center center","background-size":"auto","background-attachment":"scroll","background-type":"","background-media":"","overlay-type":"","overlay-color":"","overlay-opacity":"","overlay-gradient":""},"tablet":{"background-color":"","background-image":"","background-repeat":"repeat","background-position":"center center","background-size":"auto","background-attachment":"scroll","background-type":"","background-media":"","overlay-type":"","overlay-color":"","overlay-opacity":"","overlay-gradient":""},"mobile":{"background-color":"","background-image":"","background-repeat":"repeat","background-position":"center center","background-size":"auto","background-attachment":"scroll","background-type":"","background-media":"","overlay-type":"","overlay-color":"","overlay-opacity":"","overlay-gradient":""}},"ast-content-background-meta":{"desktop":{"background-color":"var(--ast-global-color-5)","background-image":"","background-repeat":"repeat","background-position":"center center","background-size":"auto","background-attachment":"scroll","background-type":"","background-media":"","overlay-type":"","overlay-color":"","overlay-opacity":"","overlay-gradient":""},"tablet":{"background-color":"var(--ast-global-color-5)","background-image":"","background-repeat":"repeat","background-position":"center center","background-size":"auto","background-attachment":"scroll","background-type":"","background-media":"","overlay-type":"","overlay-color":"","overlay-opacity":"","overlay-gradient":""},"mobile":{"background-color":"var(--ast-global-color-5)","background-image":"","background-repeat":"repeat","background-position":"center center","background-size":"auto","background-attachment":"scroll","background-type":"","background-media":"","overlay-type":"","overlay-color":"","overlay-opacity":"","overlay-gradient":""}},"_themeisle_gutenberg_block_has_review":false,"footnotes":""},"class_list":["post-120","page","type-page","status-publish","hentry"],"_links":{"self":[{"href":"https:\/\/escoladigital.madeira.gov.pt\/eb1pelguine\/wp-json\/wp\/v2\/pages\/120","targetHints":{"allow":["GET"]}}],"collection":[{"href":"https:\/\/escoladigital.madeira.gov.pt\/eb1pelguine\/wp-json\/wp\/v2\/pages"}],"about":[{"href":"https:\/\/escoladigital.madeira.gov.pt\/eb1pelguine\/wp-json\/wp\/v2\/types\/page"}],"author":[{"embeddable":true,"href":"https:\/\/escoladigital.madeira.gov.pt\/eb1pelguine\/wp-json\/wp\/v2\/users\/27"}],"replies":[{"embeddable":true,"href":"https:\/\/escoladigital.madeira.gov.pt\/eb1pelguine\/wp-json\/wp\/v2\/comments?post=120"}],"version-history":[{"count":2,"href":"https:\/\/escoladigital.madeira.gov.pt\/eb1pelguine\/wp-json\/wp\/v2\/pages\/120\/revisions"}],"predecessor-version":[{"id":125,"href":"https:\/\/escoladigital.madeira.gov.pt\/eb1pelguine\/wp-json\/wp\/v2\/pages\/120\/revisions\/125"}],"wp:attachment":[{"href":"https:\/\/escoladigital.madeira.gov.pt\/eb1pelguine\/wp-json\/wp\/v2\/media?parent=120"}],"curies":[{"name":"wp","href":"https:\/\/api.w.org\/{rel}","templated":true}]}}