{"id":16,"date":"2026-02-04T14:25:52","date_gmt":"2026-02-04T14:25:52","guid":{"rendered":"https:\/\/escoladigital.madeira.gov.pt\/eb1pelombada\/?page_id=16"},"modified":"2026-02-08T19:13:32","modified_gmt":"2026-02-08T19:13:32","slug":"pagina-inicial","status":"publish","type":"page","link":"https:\/\/escoladigital.madeira.gov.pt\/eb1pelombada\/","title":{"rendered":"P\u00e1gina Inicial"},"content":{"rendered":"\n<div id=\"wp-block-themeisle-blocks-advanced-columns-678cc482\" class=\"wp-block-themeisle-blocks-advanced-columns has-1-columns has-desktop-equal-layout has-tablet-equal-layout has-mobile-collapsedRows-layout has-reverse-columns-mobile has-vertical-bottom ticss-c00aadba animated fadeInBottomRight slow\"><div class=\"wp-block-themeisle-blocks-advanced-columns-overlay\"><\/div><div class=\"innerblocks-wrap\">\n<div id=\"wp-block-themeisle-blocks-advanced-column-4d412c51\" class=\"wp-block-themeisle-blocks-advanced-column\">\n<h2 id=\"wp-block-themeisle-blocks-advanced-heading-fb3c7a39\" class=\"wp-block-themeisle-blocks-advanced-heading wp-block-themeisle-blocks-advanced-heading-fb3c7a39\">EB1\/PE da Lombada<\/h2>\n\n\n\n<p class=\"has-text-align-center has-text-color\" style=\"color:#fefefe\">Educa\u00e7\u00e3o Pr\u00e9-Escolar e 1.\u00ba Ciclo do Ensino B\u00e1sico<\/p>\n\n\n\n<div class=\"wp-block-buttons is-content-justification-center is-layout-flex wp-container-core-buttons-is-layout-a89b3969 wp-block-buttons-is-layout-flex\">\n<div class=\"wp-block-button is-style-primary\"><a class=\"wp-block-button__link wp-element-button\">Escola<\/a><\/div>\n<\/div>\n<\/div>\n<\/div><\/div>\n\n\n\n<div class=\"wp-block-columns is-layout-flex wp-container-core-columns-is-layout-28f84493 wp-block-columns-is-layout-flex\">\n<div class=\"wp-block-column is-layout-flow wp-block-column-is-layout-flow\"><div class=\"is-style-boxed wp-block-themeisle-blocks-posts-grid\" id=\"wp-block-themeisle-blocks-posts-grid-679b100d\"><div class=\"is-grid o-posts-grid-columns-4\"><div class=\"o-posts-grid-post-blog o-posts-grid-post-plain\"><div class=\"o-posts-grid-post\"><div class=\"o-posts-grid-post-image\"><a href=\"https:\/\/escoladigital.madeira.gov.pt\/eb1pelombada\/2026\/03\/17\/certificado-de-excelencia-code-week\/\"><img fetchpriority=\"high\" decoding=\"async\" width=\"1080\" height=\"767\" src=\"https:\/\/escoladigital.madeira.gov.pt\/eb1pelombada\/wp-content\/uploads\/sites\/81\/2026\/03\/dd1a3bc3-7267-4342-839e-e7347c654ece.jpg\" class=\"attachment-full size-full\" alt=\"Certificado de Excel\u00eancia Code Week\" srcset=\"https:\/\/escoladigital.madeira.gov.pt\/eb1pelombada\/wp-content\/uploads\/sites\/81\/2026\/03\/dd1a3bc3-7267-4342-839e-e7347c654ece.jpg 1080w, https:\/\/escoladigital.madeira.gov.pt\/eb1pelombada\/wp-content\/uploads\/sites\/81\/2026\/03\/dd1a3bc3-7267-4342-839e-e7347c654ece-300x213.jpg 300w, https:\/\/escoladigital.madeira.gov.pt\/eb1pelombada\/wp-content\/uploads\/sites\/81\/2026\/03\/dd1a3bc3-7267-4342-839e-e7347c654ece-1024x727.jpg 1024w, https:\/\/escoladigital.madeira.gov.pt\/eb1pelombada\/wp-content\/uploads\/sites\/81\/2026\/03\/dd1a3bc3-7267-4342-839e-e7347c654ece-768x545.jpg 768w\" sizes=\"(max-width: 1080px) 100vw, 1080px\" \/><\/a><\/div><div class=\"o-posts-grid-post-body\"><span class=\"o-posts-grid-post-category\"><a href=\"https:\/\/escoladigital.madeira.gov.pt\/eb1pelombada\/category\/uncategorized\/\">Uncategorized<\/a><\/span><h4 class=\"o-posts-grid-post-title\"><a href=\"https:\/\/escoladigital.madeira.gov.pt\/eb1pelombada\/2026\/03\/17\/certificado-de-excelencia-code-week\/\">Certificado de Excel\u00eancia Code Week<\/a><\/h4><p class=\"o-posts-grid-post-meta\">  <time datetime=\"2026-03-17T10:55:55+00:00\">2026-03-17<\/time> by <a href=\"https:\/\/escoladigital.madeira.gov.pt\/eb1pelombada\/author\/eb1pelombada\/\">eb1pelombada<\/a><\/p><div class=\"o-posts-grid-post-description\"><p>\u00c9 com muito orgulho que a Escola da Lombada recebe este Certificado de Excel\u00eancia, um reconhecimento\u2026<\/p><\/div><\/div><\/div><\/div><div class=\"o-posts-grid-post-blog o-posts-grid-post-plain\"><div class=\"o-posts-grid-post\"><div class=\"o-posts-grid-post-image\"><a href=\"https:\/\/escoladigital.madeira.gov.pt\/eb1pelombada\/2026\/03\/11\/projeto-xadrez-na-escola\/\"><img decoding=\"async\" width=\"2048\" height=\"1536\" src=\"https:\/\/escoladigital.madeira.gov.pt\/eb1pelombada\/wp-content\/uploads\/sites\/81\/2026\/03\/496cd20a-d5d5-4b3b-b621-f67cd05be7a8.jpg\" class=\"attachment-full size-full\" alt=\"Projeto: &#8220;Xadrez na Escola&#8221;\" srcset=\"https:\/\/escoladigital.madeira.gov.pt\/eb1pelombada\/wp-content\/uploads\/sites\/81\/2026\/03\/496cd20a-d5d5-4b3b-b621-f67cd05be7a8.jpg 2048w, https:\/\/escoladigital.madeira.gov.pt\/eb1pelombada\/wp-content\/uploads\/sites\/81\/2026\/03\/496cd20a-d5d5-4b3b-b621-f67cd05be7a8-300x225.jpg 300w, https:\/\/escoladigital.madeira.gov.pt\/eb1pelombada\/wp-content\/uploads\/sites\/81\/2026\/03\/496cd20a-d5d5-4b3b-b621-f67cd05be7a8-1024x768.jpg 1024w, https:\/\/escoladigital.madeira.gov.pt\/eb1pelombada\/wp-content\/uploads\/sites\/81\/2026\/03\/496cd20a-d5d5-4b3b-b621-f67cd05be7a8-768x576.jpg 768w, https:\/\/escoladigital.madeira.gov.pt\/eb1pelombada\/wp-content\/uploads\/sites\/81\/2026\/03\/496cd20a-d5d5-4b3b-b621-f67cd05be7a8-1536x1152.jpg 1536w\" sizes=\"(max-width: 2048px) 100vw, 2048px\" \/><\/a><\/div><div class=\"o-posts-grid-post-body\"><span class=\"o-posts-grid-post-category\"><a href=\"https:\/\/escoladigital.madeira.gov.pt\/eb1pelombada\/category\/uncategorized\/\">Uncategorized<\/a><\/span><h4 class=\"o-posts-grid-post-title\"><a href=\"https:\/\/escoladigital.madeira.gov.pt\/eb1pelombada\/2026\/03\/11\/projeto-xadrez-na-escola\/\">Projeto: &#8220;Xadrez na Escola&#8221;<\/a><\/h4><p class=\"o-posts-grid-post-meta\">  <time datetime=\"2026-03-11T23:11:27+00:00\">2026-03-11<\/time> by <a href=\"https:\/\/escoladigital.madeira.gov.pt\/eb1pelombada\/author\/eb1pelombada\/\">eb1pelombada<\/a><\/p><div class=\"o-posts-grid-post-description\"><p>Os alunos da nossa escola participaram numa sess\u00e3o pr\u00e1tica de Xadrez, dinamizada por Carlos Gon\u00e7alve\u2026<\/p><\/div><\/div><\/div><\/div><div class=\"o-posts-grid-post-blog o-posts-grid-post-plain\"><div class=\"o-posts-grid-post\"><div class=\"o-posts-grid-post-image\"><a href=\"https:\/\/escoladigital.madeira.gov.pt\/eb1pelombada\/2026\/03\/11\/fevereiro-mes-da-internet-segura-video-de-sensibilizacao\/\"><img decoding=\"async\" width=\"800\" height=\"826\" src=\"https:\/\/escoladigital.madeira.gov.pt\/eb1pelombada\/wp-content\/uploads\/sites\/81\/2026\/03\/internet-mais-segura.jpg\" class=\"attachment-full size-full\" alt=\"Fevereiro &#8211; M\u00eas da Internet Segura &#8211; V\u00eddeo de Sensibiliza\u00e7\u00e3o\" srcset=\"https:\/\/escoladigital.madeira.gov.pt\/eb1pelombada\/wp-content\/uploads\/sites\/81\/2026\/03\/internet-mais-segura.jpg 800w, https:\/\/escoladigital.madeira.gov.pt\/eb1pelombada\/wp-content\/uploads\/sites\/81\/2026\/03\/internet-mais-segura-291x300.jpg 291w, https:\/\/escoladigital.madeira.gov.pt\/eb1pelombada\/wp-content\/uploads\/sites\/81\/2026\/03\/internet-mais-segura-768x793.jpg 768w\" sizes=\"(max-width: 800px) 100vw, 800px\" \/><\/a><\/div><div class=\"o-posts-grid-post-body\"><span class=\"o-posts-grid-post-category\"><a href=\"https:\/\/escoladigital.madeira.gov.pt\/eb1pelombada\/category\/uncategorized\/\">Uncategorized<\/a><\/span><h4 class=\"o-posts-grid-post-title\"><a href=\"https:\/\/escoladigital.madeira.gov.pt\/eb1pelombada\/2026\/03\/11\/fevereiro-mes-da-internet-segura-video-de-sensibilizacao\/\">Fevereiro &#8211; M\u00eas da Internet Segura &#8211; V\u00eddeo de Sensibiliza\u00e7\u00e3o<\/a><\/h4><p class=\"o-posts-grid-post-meta\">  <time datetime=\"2026-03-11T22:49:10+00:00\">2026-03-11<\/time> by <a href=\"https:\/\/escoladigital.madeira.gov.pt\/eb1pelombada\/author\/eb1pelombada\/\">eb1pelombada<\/a><\/p><div class=\"o-posts-grid-post-description\"><p>Escola da Lombada da Ponta de Sol promove palestra sobre seguran\u00e7a na internet<\/p><\/div><\/div><\/div><\/div><div class=\"o-posts-grid-post-blog o-posts-grid-post-plain\"><div class=\"o-posts-grid-post\"><div class=\"o-posts-grid-post-image\"><a href=\"https:\/\/escoladigital.madeira.gov.pt\/eb1pelombada\/2026\/03\/05\/prova-de-prevencao-rodoviaria\/\"><img loading=\"lazy\" decoding=\"async\" width=\"2048\" height=\"1992\" src=\"https:\/\/escoladigital.madeira.gov.pt\/eb1pelombada\/wp-content\/uploads\/sites\/81\/2026\/03\/126f182c-e236-4694-a65f-70d095ee9d85.jpg\" class=\"attachment-full size-full\" alt=\"Prova de Preven\u00e7\u00e3o Rodovi\u00e1ria\" srcset=\"https:\/\/escoladigital.madeira.gov.pt\/eb1pelombada\/wp-content\/uploads\/sites\/81\/2026\/03\/126f182c-e236-4694-a65f-70d095ee9d85.jpg 2048w, https:\/\/escoladigital.madeira.gov.pt\/eb1pelombada\/wp-content\/uploads\/sites\/81\/2026\/03\/126f182c-e236-4694-a65f-70d095ee9d85-300x292.jpg 300w, https:\/\/escoladigital.madeira.gov.pt\/eb1pelombada\/wp-content\/uploads\/sites\/81\/2026\/03\/126f182c-e236-4694-a65f-70d095ee9d85-1024x996.jpg 1024w, https:\/\/escoladigital.madeira.gov.pt\/eb1pelombada\/wp-content\/uploads\/sites\/81\/2026\/03\/126f182c-e236-4694-a65f-70d095ee9d85-768x747.jpg 768w, https:\/\/escoladigital.madeira.gov.pt\/eb1pelombada\/wp-content\/uploads\/sites\/81\/2026\/03\/126f182c-e236-4694-a65f-70d095ee9d85-1536x1494.jpg 1536w\" sizes=\"(max-width: 2048px) 100vw, 2048px\" \/><\/a><\/div><div class=\"o-posts-grid-post-body\"><span class=\"o-posts-grid-post-category\"><a href=\"https:\/\/escoladigital.madeira.gov.pt\/eb1pelombada\/category\/uncategorized\/\">Uncategorized<\/a><\/span><h4 class=\"o-posts-grid-post-title\"><a href=\"https:\/\/escoladigital.madeira.gov.pt\/eb1pelombada\/2026\/03\/05\/prova-de-prevencao-rodoviaria\/\">Prova de Preven\u00e7\u00e3o Rodovi\u00e1ria<\/a><\/h4><p class=\"o-posts-grid-post-meta\">  <time datetime=\"2026-03-05T10:44:44+00:00\">2026-03-05<\/time> by <a href=\"https:\/\/escoladigital.madeira.gov.pt\/eb1pelombada\/author\/eb1pelombada\/\">eb1pelombada<\/a><\/p><div class=\"o-posts-grid-post-description\"><p>No dia 20 de Fevereiro a EB1\/PE de Carvalhal e Carreira acolheu a fase concelhia da Prova de Preven\u00e7\u2026<\/p><\/div><\/div><\/div><\/div><div class=\"o-posts-grid-post-blog o-posts-grid-post-plain\"><div class=\"o-posts-grid-post\"><div class=\"o-posts-grid-post-image\"><a href=\"https:\/\/escoladigital.madeira.gov.pt\/eb1pelombada\/2026\/02\/10\/acao-de-sensibilizacao-suporte-basico-de-vida-sbv\/\"><img loading=\"lazy\" decoding=\"async\" width=\"1600\" height=\"1200\" src=\"https:\/\/escoladigital.madeira.gov.pt\/eb1pelombada\/wp-content\/uploads\/sites\/81\/2026\/02\/f2e27df2-d510-4231-8159-a13abf236059.jpg\" class=\"attachment-full size-full\" alt=\"A\u00e7\u00e3o de Sensibiliza\u00e7\u00e3o: Suporte B\u00e1sico de Vida (SBV)\" srcset=\"https:\/\/escoladigital.madeira.gov.pt\/eb1pelombada\/wp-content\/uploads\/sites\/81\/2026\/02\/f2e27df2-d510-4231-8159-a13abf236059.jpg 1600w, https:\/\/escoladigital.madeira.gov.pt\/eb1pelombada\/wp-content\/uploads\/sites\/81\/2026\/02\/f2e27df2-d510-4231-8159-a13abf236059-300x225.jpg 300w, https:\/\/escoladigital.madeira.gov.pt\/eb1pelombada\/wp-content\/uploads\/sites\/81\/2026\/02\/f2e27df2-d510-4231-8159-a13abf236059-1024x768.jpg 1024w, https:\/\/escoladigital.madeira.gov.pt\/eb1pelombada\/wp-content\/uploads\/sites\/81\/2026\/02\/f2e27df2-d510-4231-8159-a13abf236059-768x576.jpg 768w, https:\/\/escoladigital.madeira.gov.pt\/eb1pelombada\/wp-content\/uploads\/sites\/81\/2026\/02\/f2e27df2-d510-4231-8159-a13abf236059-1536x1152.jpg 1536w\" sizes=\"(max-width: 1600px) 100vw, 1600px\" \/><\/a><\/div><div class=\"o-posts-grid-post-body\"><span class=\"o-posts-grid-post-category\"><a href=\"https:\/\/escoladigital.madeira.gov.pt\/eb1pelombada\/category\/uncategorized\/\">Uncategorized<\/a><\/span><h4 class=\"o-posts-grid-post-title\"><a href=\"https:\/\/escoladigital.madeira.gov.pt\/eb1pelombada\/2026\/02\/10\/acao-de-sensibilizacao-suporte-basico-de-vida-sbv\/\">A\u00e7\u00e3o de Sensibiliza\u00e7\u00e3o: Suporte B\u00e1sico de Vida (SBV)<\/a><\/h4><p class=\"o-posts-grid-post-meta\">  <time datetime=\"2026-02-10T15:41:13+00:00\">2026-02-10<\/time> by <a href=\"https:\/\/escoladigital.madeira.gov.pt\/eb1pelombada\/author\/eb1pelombada\/\">eb1pelombada<\/a><\/p><div class=\"o-posts-grid-post-description\"><p>No \u00e2mbito do Projeto Educa\u00e7\u00e3o para a Seguran\u00e7a e Preven\u00e7\u00e3o de Riscos, os Servi\u00e7os de Prote\u00e7\u00e3o Civil \u2026<\/p><\/div><\/div><\/div><\/div><div class=\"o-posts-grid-post-blog o-posts-grid-post-plain\"><div class=\"o-posts-grid-post\"><div class=\"o-posts-grid-post-image\"><a href=\"https:\/\/escoladigital.madeira.gov.pt\/eb1pelombada\/2026\/02\/04\/acao-de-sensibilizacao-ambiental\/\"><img loading=\"lazy\" decoding=\"async\" width=\"1600\" height=\"1200\" src=\"https:\/\/escoladigital.madeira.gov.pt\/eb1pelombada\/wp-content\/uploads\/sites\/81\/2026\/02\/ba260873-6666-47e8-90a1-4463da77fff4.jpg\" class=\"attachment-full size-full\" alt=\"A\u00e7\u00e3o de Sensibiliza\u00e7\u00e3o Ambiental\" srcset=\"https:\/\/escoladigital.madeira.gov.pt\/eb1pelombada\/wp-content\/uploads\/sites\/81\/2026\/02\/ba260873-6666-47e8-90a1-4463da77fff4.jpg 1600w, https:\/\/escoladigital.madeira.gov.pt\/eb1pelombada\/wp-content\/uploads\/sites\/81\/2026\/02\/ba260873-6666-47e8-90a1-4463da77fff4-300x225.jpg 300w, https:\/\/escoladigital.madeira.gov.pt\/eb1pelombada\/wp-content\/uploads\/sites\/81\/2026\/02\/ba260873-6666-47e8-90a1-4463da77fff4-1024x768.jpg 1024w, https:\/\/escoladigital.madeira.gov.pt\/eb1pelombada\/wp-content\/uploads\/sites\/81\/2026\/02\/ba260873-6666-47e8-90a1-4463da77fff4-768x576.jpg 768w, https:\/\/escoladigital.madeira.gov.pt\/eb1pelombada\/wp-content\/uploads\/sites\/81\/2026\/02\/ba260873-6666-47e8-90a1-4463da77fff4-1536x1152.jpg 1536w\" sizes=\"(max-width: 1600px) 100vw, 1600px\" \/><\/a><\/div><div class=\"o-posts-grid-post-body\"><span class=\"o-posts-grid-post-category\"><a href=\"https:\/\/escoladigital.madeira.gov.pt\/eb1pelombada\/category\/uncategorized\/\">Uncategorized<\/a><\/span><h4 class=\"o-posts-grid-post-title\"><a href=\"https:\/\/escoladigital.madeira.gov.pt\/eb1pelombada\/2026\/02\/04\/acao-de-sensibilizacao-ambiental\/\">A\u00e7\u00e3o de Sensibiliza\u00e7\u00e3o Ambiental<\/a><\/h4><p class=\"o-posts-grid-post-meta\">  <time datetime=\"2026-02-04T22:14:47+00:00\">2026-02-04<\/time> by <a href=\"https:\/\/escoladigital.madeira.gov.pt\/eb1pelombada\/author\/eb1pelombada\/\">eb1pelombada<\/a><\/p><div class=\"o-posts-grid-post-description\"><p>No dia 16 de janeiro, recebemos na nossa escola a gestora do projeto de sensibiliza\u00e7\u00e3o ambiental, Sa\u2026<\/p><\/div><\/div><\/div><\/div><\/div> <\/div><\/div>\n<\/div>\n\n\n\n<div class=\"wp-block-columns is-layout-flex wp-container-core-columns-is-layout-28f84493 wp-block-columns-is-layout-flex\">\n<div class=\"wp-block-column is-layout-flow wp-block-column-is-layout-flow\">\n<p><strong>Contactos:<\/strong><\/p>\n\n\n\n<p><strong>Telefone:<\/strong> 291 146 075<\/p>\n\n\n\n<p><strong>E-mail: <\/strong>eb1\/pelombada@edu.madeira.gov.pt<\/p>\n\n\n\n<p><strong>Morada: <\/strong>Caminho da Carreira n.\u00ba 37 &#8211; 9360 -524 Lombada<\/p>\n<\/div>\n\n\n\n<div class=\"wp-block-column is-layout-flow wp-block-column-is-layout-flow\">\n<iframe src=\"https:\/\/www.google.com\/maps\/embed?pb=!1m18!1m12!1m3!1d2570.8751976116246!2d-17.094035525551803!3d32.689294673700424!2m3!1f0!2f0!3f0!3m2!1i1024!2i768!4f13.1!3m3!1m2!1s0xc6059fae3d71dc7%3A0x983ce70ebef6da1!2sEB1%2FPE%20da%20Lombada%20Ponta%20do%20Sol%20(Solar%20dos%20Esmeraldos)!5e1!3m2!1spt-PT!2spt!4v1770220952117!5m2!1spt-PT!2spt\" width=\"600\" height=\"450\" style=\"border:0\" allowfullscreen=\"\"><\/iframe>\n<\/div>\n<\/div>\n\n\n\n<div class=\"wp-block-columns is-layout-flex wp-container-core-columns-is-layout-28f84493 wp-block-columns-is-layout-flex\">\n<div class=\"wp-block-column is-layout-flow wp-block-column-is-layout-flow\"><\/div>\n\n\n\n<div class=\"wp-block-column is-layout-flow wp-block-column-is-layout-flow\"><\/div>\n<\/div>\n\n\n\n<p><\/p>\n","protected":false},"excerpt":{"rendered":"<p>Contactos: Telefone: 291 146 075 E-mail: eb1\/pelombada@edu.madeira.gov.pt Morada: Caminho da Carreira n.\u00ba 37 &#8211; 9360 -524 Lombada<\/p>\n","protected":false},"author":115,"featured_media":0,"parent":0,"menu_order":0,"comment_status":"closed","ping_status":"closed","template":"","meta":{"site-sidebar-layout":"default","site-content-layout":"","ast-site-content-layout":"default","site-content-style":"default","site-sidebar-style":"default","ast-global-header-display":"","ast-banner-title-visibility":"","ast-main-header-display":"","ast-hfb-above-header-display":"","ast-hfb-below-header-display":"","ast-hfb-mobile-header-display":"","site-post-title":"","ast-breadcrumbs-content":"","ast-featured-img":"","footer-sml-layout":"","ast-disable-related-posts":"","theme-transparent-header-meta":"","adv-header-id-meta":"","stick-header-meta":"","header-above-stick-meta":"","header-main-stick-meta":"","header-below-stick-meta":"","astra-migrate-meta-layouts":"default","ast-page-background-enabled":"default","ast-page-background-meta":{"desktop":{"background-color":"var(--ast-global-color-5)","background-image":"","background-repeat":"repeat","background-position":"center center","background-size":"auto","background-attachment":"scroll","background-type":"","background-media":"","overlay-type":"","overlay-color":"","overlay-opacity":"","overlay-gradient":""},"tablet":{"background-color":"","background-image":"","background-repeat":"repeat","background-position":"center center","background-size":"auto","background-attachment":"scroll","background-type":"","background-media":"","overlay-type":"","overlay-color":"","overlay-opacity":"","overlay-gradient":""},"mobile":{"background-color":"","background-image":"","background-repeat":"repeat","background-position":"center center","background-size":"auto","background-attachment":"scroll","background-type":"","background-media":"","overlay-type":"","overlay-color":"","overlay-opacity":"","overlay-gradient":""}},"ast-content-background-meta":{"desktop":{"background-color":"var(--ast-global-color-4)","background-image":"","background-repeat":"repeat","background-position":"center center","background-size":"auto","background-attachment":"scroll","background-type":"","background-media":"","overlay-type":"","overlay-color":"","overlay-opacity":"","overlay-gradient":""},"tablet":{"background-color":"var(--ast-global-color-4)","background-image":"","background-repeat":"repeat","background-position":"center center","background-size":"auto","background-attachment":"scroll","background-type":"","background-media":"","overlay-type":"","overlay-color":"","overlay-opacity":"","overlay-gradient":""},"mobile":{"background-color":"var(--ast-global-color-4)","background-image":"","background-repeat":"repeat","background-position":"center center","background-size":"auto","background-attachment":"scroll","background-type":"","background-media":"","overlay-type":"","overlay-color":"","overlay-opacity":"","overlay-gradient":""}},"_themeisle_gutenberg_block_has_review":false,"footnotes":""},"class_list":["post-16","page","type-page","status-publish","hentry"],"_links":{"self":[{"href":"https:\/\/escoladigital.madeira.gov.pt\/eb1pelombada\/wp-json\/wp\/v2\/pages\/16","targetHints":{"allow":["GET"]}}],"collection":[{"href":"https:\/\/escoladigital.madeira.gov.pt\/eb1pelombada\/wp-json\/wp\/v2\/pages"}],"about":[{"href":"https:\/\/escoladigital.madeira.gov.pt\/eb1pelombada\/wp-json\/wp\/v2\/types\/page"}],"author":[{"embeddable":true,"href":"https:\/\/escoladigital.madeira.gov.pt\/eb1pelombada\/wp-json\/wp\/v2\/users\/115"}],"replies":[{"embeddable":true,"href":"https:\/\/escoladigital.madeira.gov.pt\/eb1pelombada\/wp-json\/wp\/v2\/comments?post=16"}],"version-history":[{"count":16,"href":"https:\/\/escoladigital.madeira.gov.pt\/eb1pelombada\/wp-json\/wp\/v2\/pages\/16\/revisions"}],"predecessor-version":[{"id":149,"href":"https:\/\/escoladigital.madeira.gov.pt\/eb1pelombada\/wp-json\/wp\/v2\/pages\/16\/revisions\/149"}],"wp:attachment":[{"href":"https:\/\/escoladigital.madeira.gov.pt\/eb1pelombada\/wp-json\/wp\/v2\/media?parent=16"}],"curies":[{"name":"wp","href":"https:\/\/api.w.org\/{rel}","templated":true}]}}