{"id":20,"date":"2026-02-04T14:23:18","date_gmt":"2026-02-04T14:23:18","guid":{"rendered":"https:\/\/escoladigital.madeira.gov.pt\/eb1pelombada\/?page_id=20"},"modified":"2026-02-10T23:22:46","modified_gmt":"2026-02-10T23:22:46","slug":"caraterizacao-da-escola","status":"publish","type":"page","link":"https:\/\/escoladigital.madeira.gov.pt\/eb1pelombada\/caraterizacao-da-escola\/","title":{"rendered":"Carateriza\u00e7\u00e3o da Escola"},"content":{"rendered":"\n<div class=\"wp-block-group alignfull is-layout-constrained wp-block-group-is-layout-constrained\" style=\"margin-top:0;margin-bottom:0;padding-top:var(--wp--preset--spacing--60);padding-bottom:var(--wp--preset--spacing--60)\">\n<div class=\"wp-block-columns alignwide is-layout-flex wp-container-core-columns-is-layout-74b2cda3 wp-block-columns-is-layout-flex\">\n<div class=\"wp-block-column is-layout-flow wp-block-column-is-layout-flow\">\n<div class=\"wp-block-group is-vertical is-content-justification-left is-layout-flex wp-container-core-group-is-layout-7ce391b6 wp-block-group-is-layout-flex\" style=\"min-height:100%\">\n<blockquote class=\"wp-block-quote is-style-plain has-x-large-font-size is-layout-flow wp-container-core-quote-is-layout-5dafc681 wp-block-quote-is-layout-flow\" style=\"font-style:normal;font-weight:400\">\n<div class=\"wp-block-group is-content-justification-left is-layout-constrained wp-container-core-group-is-layout-085bd3d9 wp-block-group-is-layout-constrained\" style=\"margin-top:0;margin-bottom:0;padding-top:0;padding-right:0;padding-bottom:0;padding-left:0\">\n<p>EB1\/PE da Lombada<\/p>\n\n\n\n<p class=\"has-text-align-left has-small-font-size\">A Escola B\u00e1sica do 1.\u00ba Ciclo com Pr\u00e9-Escolar da Lombada \u00e9 um estabelecimento de ensino p\u00fablico integrado na rede escolar da Regi\u00e3o Aut\u00f3noma da Madeira. <\/p>\n<\/div>\n<\/blockquote>\n<\/div>\n<\/div>\n\n\n\n<div class=\"wp-block-column is-layout-flow wp-block-column-is-layout-flow\" style=\"padding-top:0;padding-right:0;padding-bottom:0;padding-left:0\">\n<figure class=\"wp-block-gallery has-nested-images columns-default is-cropped wp-block-gallery-1 is-layout-flex wp-block-gallery-is-layout-flex\">\n<figure class=\"wp-block-image size-large has-custom-border\"><img fetchpriority=\"high\" decoding=\"async\" width=\"474\" height=\"248\" data-id=\"21\" src=\"https:\/\/escoladigital.madeira.gov.pt\/eb1pelombada\/wp-content\/uploads\/sites\/81\/2026\/01\/lombada.webp\" alt=\"\" class=\"has-border-color has-base-border-color wp-image-21\" style=\"border-width:10px;object-fit:cover\" srcset=\"https:\/\/escoladigital.madeira.gov.pt\/eb1pelombada\/wp-content\/uploads\/sites\/81\/2026\/01\/lombada.webp 474w, https:\/\/escoladigital.madeira.gov.pt\/eb1pelombada\/wp-content\/uploads\/sites\/81\/2026\/01\/lombada-300x157.webp 300w\" sizes=\"(max-width: 474px) 100vw, 474px\" \/><\/figure>\n<\/figure>\n<\/div>\n<\/div>\n<\/div>\n\n\n\n<p>A EB1\/PE da Lombada desenvolve as sua a\u00e7\u00e3o educativa com base nos documentos orientadores da escola, sendo estes o Projeto Educativo, o Regulamento Interno e o Plano Anual de Atividades.  <\/p>\n\n\n\n<p>Preconiza valores fundamentais como a empatia, a inclus\u00e3o, a solidariedade e a sustentabilidade, refor\u00e7ando que educar vai muito al\u00e9m da transmiss\u00e3o de conte\u00fados. \u00c9 um espa\u00e7o onde cada aluno \u00e9 respeitado na sua individualidade, um lugar de encontro, de escuta atenta e de partilha genu\u00edna, onde diferentes vozes se cruzam e onde o conhecimento \u00e9 constru\u00eddo de forma coletiva, cr\u00edtica e consciente.  Uma escola que ensina a pensar, alicer\u00e7ada em valores, para formar cidad\u00e3os completos, conscientes e capazes de transformar a sociedade.<\/p>\n","protected":false},"excerpt":{"rendered":"<p>EB1\/PE da Lombada A Escola B\u00e1sica do 1.\u00ba Ciclo com Pr\u00e9-Escolar da Lombada \u00e9 um estabelecimento de ensino p\u00fablico integrado [&hellip;]<\/p>\n","protected":false},"author":115,"featured_media":0,"parent":0,"menu_order":0,"comment_status":"closed","ping_status":"closed","template":"","meta":{"site-sidebar-layout":"default","site-content-layout":"","ast-site-content-layout":"default","site-content-style":"default","site-sidebar-style":"default","ast-global-header-display":"","ast-banner-title-visibility":"","ast-main-header-display":"","ast-hfb-above-header-display":"","ast-hfb-below-header-display":"","ast-hfb-mobile-header-display":"","site-post-title":"","ast-breadcrumbs-content":"","ast-featured-img":"","footer-sml-layout":"","ast-disable-related-posts":"","theme-transparent-header-meta":"","adv-header-id-meta":"","stick-header-meta":"","header-above-stick-meta":"","header-main-stick-meta":"","header-below-stick-meta":"","astra-migrate-meta-layouts":"default","ast-page-background-enabled":"default","ast-page-background-meta":{"desktop":{"background-color":"var(--ast-global-color-5)","background-image":"","background-repeat":"repeat","background-position":"center center","background-size":"auto","background-attachment":"scroll","background-type":"","background-media":"","overlay-type":"","overlay-color":"","overlay-opacity":"","overlay-gradient":""},"tablet":{"background-color":"","background-image":"","background-repeat":"repeat","background-position":"center center","background-size":"auto","background-attachment":"scroll","background-type":"","background-media":"","overlay-type":"","overlay-color":"","overlay-opacity":"","overlay-gradient":""},"mobile":{"background-color":"","background-image":"","background-repeat":"repeat","background-position":"center center","background-size":"auto","background-attachment":"scroll","background-type":"","background-media":"","overlay-type":"","overlay-color":"","overlay-opacity":"","overlay-gradient":""}},"ast-content-background-meta":{"desktop":{"background-color":"var(--ast-global-color-4)","background-image":"","background-repeat":"repeat","background-position":"center center","background-size":"auto","background-attachment":"scroll","background-type":"","background-media":"","overlay-type":"","overlay-color":"","overlay-opacity":"","overlay-gradient":""},"tablet":{"background-color":"var(--ast-global-color-4)","background-image":"","background-repeat":"repeat","background-position":"center center","background-size":"auto","background-attachment":"scroll","background-type":"","background-media":"","overlay-type":"","overlay-color":"","overlay-opacity":"","overlay-gradient":""},"mobile":{"background-color":"var(--ast-global-color-4)","background-image":"","background-repeat":"repeat","background-position":"center center","background-size":"auto","background-attachment":"scroll","background-type":"","background-media":"","overlay-type":"","overlay-color":"","overlay-opacity":"","overlay-gradient":""}},"_themeisle_gutenberg_block_has_review":false,"footnotes":""},"class_list":["post-20","page","type-page","status-publish","hentry"],"_links":{"self":[{"href":"https:\/\/escoladigital.madeira.gov.pt\/eb1pelombada\/wp-json\/wp\/v2\/pages\/20","targetHints":{"allow":["GET"]}}],"collection":[{"href":"https:\/\/escoladigital.madeira.gov.pt\/eb1pelombada\/wp-json\/wp\/v2\/pages"}],"about":[{"href":"https:\/\/escoladigital.madeira.gov.pt\/eb1pelombada\/wp-json\/wp\/v2\/types\/page"}],"author":[{"embeddable":true,"href":"https:\/\/escoladigital.madeira.gov.pt\/eb1pelombada\/wp-json\/wp\/v2\/users\/115"}],"replies":[{"embeddable":true,"href":"https:\/\/escoladigital.madeira.gov.pt\/eb1pelombada\/wp-json\/wp\/v2\/comments?post=20"}],"version-history":[{"count":9,"href":"https:\/\/escoladigital.madeira.gov.pt\/eb1pelombada\/wp-json\/wp\/v2\/pages\/20\/revisions"}],"predecessor-version":[{"id":184,"href":"https:\/\/escoladigital.madeira.gov.pt\/eb1pelombada\/wp-json\/wp\/v2\/pages\/20\/revisions\/184"}],"wp:attachment":[{"href":"https:\/\/escoladigital.madeira.gov.pt\/eb1pelombada\/wp-json\/wp\/v2\/media?parent=20"}],"curies":[{"name":"wp","href":"https:\/\/api.w.org\/{rel}","templated":true}]}}