{"id":198,"date":"2024-11-28T17:04:23","date_gmt":"2024-11-28T17:04:23","guid":{"rendered":"https:\/\/escoladigital.madeira.gov.pt\/eb1pepeaguiar\/?page_id=198"},"modified":"2025-01-13T09:09:26","modified_gmt":"2025-01-13T09:09:26","slug":"orgaos-de-gestao","status":"publish","type":"page","link":"https:\/\/escoladigital.madeira.gov.pt\/eb1pepeaguiar\/orgaos-de-gestao\/","title":{"rendered":"\u00d3rg\u00e3os de Gest\u00e3o"},"content":{"rendered":"\t\t<div data-elementor-type=\"wp-page\" data-elementor-id=\"198\" class=\"elementor elementor-198\">\n\t\t\t\t<div class=\"elementor-element elementor-element-2c70277 e-grid e-con-boxed e-con e-parent\" data-id=\"2c70277\" data-element_type=\"container\" data-e-type=\"container\">\n\t\t\t\t\t<div class=\"e-con-inner\">\n\t\t\t\t<div class=\"elementor-element elementor-element-4a86ed3 elementor-widget elementor-widget-text-editor\" data-id=\"4a86ed3\" data-element_type=\"widget\" data-e-type=\"widget\" data-widget_type=\"text-editor.default\">\n\t\t\t\t<div class=\"elementor-widget-container\">\n\t\t\t\t\t\t\t\t\t<p>Diretor: Paulo Filipe<\/p>\t\t\t\t\t\t\t\t<\/div>\n\t\t\t\t<\/div>\n\t\t\t\t<div class=\"elementor-element elementor-element-a443522 elementor-widget elementor-widget-image\" data-id=\"a443522\" data-element_type=\"widget\" data-e-type=\"widget\" data-widget_type=\"image.default\">\n\t\t\t\t<div class=\"elementor-widget-container\">\n\t\t\t\t\t\t\t\t\t\t\t\t\t\t\t<img fetchpriority=\"high\" decoding=\"async\" width=\"1024\" height=\"1024\" src=\"https:\/\/escoladigital.madeira.gov.pt\/eb1pepeaguiar\/wp-content\/uploads\/sites\/49\/2025\/01\/3-1024x1024.png\" class=\"attachment-large size-large wp-image-626\" alt=\"\" srcset=\"https:\/\/escoladigital.madeira.gov.pt\/eb1pepeaguiar\/wp-content\/uploads\/sites\/49\/2025\/01\/3-1024x1024.png 1024w, https:\/\/escoladigital.madeira.gov.pt\/eb1pepeaguiar\/wp-content\/uploads\/sites\/49\/2025\/01\/3-300x300.png 300w, https:\/\/escoladigital.madeira.gov.pt\/eb1pepeaguiar\/wp-content\/uploads\/sites\/49\/2025\/01\/3-150x150.png 150w, https:\/\/escoladigital.madeira.gov.pt\/eb1pepeaguiar\/wp-content\/uploads\/sites\/49\/2025\/01\/3-768x768.png 768w, https:\/\/escoladigital.madeira.gov.pt\/eb1pepeaguiar\/wp-content\/uploads\/sites\/49\/2025\/01\/3-1536x1536.png 1536w, https:\/\/escoladigital.madeira.gov.pt\/eb1pepeaguiar\/wp-content\/uploads\/sites\/49\/2025\/01\/3.png 2048w\" sizes=\"(max-width: 1024px) 100vw, 1024px\" \/>\t\t\t\t\t\t\t\t\t\t\t\t\t\t\t<\/div>\n\t\t\t\t<\/div>\n\t\t\t\t<div class=\"elementor-element elementor-element-9d5f159 elementor-widget elementor-widget-text-editor\" data-id=\"9d5f159\" data-element_type=\"widget\" data-e-type=\"widget\" data-widget_type=\"text-editor.default\">\n\t\t\t\t<div class=\"elementor-widget-container\">\n\t\t\t\t\t\t\t\t\t<p>Substituto Legal: Cl\u00e1udia Cardoso<\/p>\t\t\t\t\t\t\t\t<\/div>\n\t\t\t\t<\/div>\n\t\t\t\t<div class=\"elementor-element elementor-element-45d7628 elementor-widget elementor-widget-image\" data-id=\"45d7628\" data-element_type=\"widget\" data-e-type=\"widget\" data-widget_type=\"image.default\">\n\t\t\t\t<div class=\"elementor-widget-container\">\n\t\t\t\t\t\t\t\t\t\t\t\t\t\t\t<img decoding=\"async\" width=\"1024\" height=\"1024\" src=\"https:\/\/escoladigital.madeira.gov.pt\/eb1pepeaguiar\/wp-content\/uploads\/sites\/49\/2025\/01\/4-1024x1024.png\" class=\"attachment-large size-large wp-image-627\" alt=\"\" srcset=\"https:\/\/escoladigital.madeira.gov.pt\/eb1pepeaguiar\/wp-content\/uploads\/sites\/49\/2025\/01\/4-1024x1024.png 1024w, https:\/\/escoladigital.madeira.gov.pt\/eb1pepeaguiar\/wp-content\/uploads\/sites\/49\/2025\/01\/4-300x300.png 300w, https:\/\/escoladigital.madeira.gov.pt\/eb1pepeaguiar\/wp-content\/uploads\/sites\/49\/2025\/01\/4-150x150.png 150w, https:\/\/escoladigital.madeira.gov.pt\/eb1pepeaguiar\/wp-content\/uploads\/sites\/49\/2025\/01\/4-768x768.png 768w, https:\/\/escoladigital.madeira.gov.pt\/eb1pepeaguiar\/wp-content\/uploads\/sites\/49\/2025\/01\/4-1536x1536.png 1536w, https:\/\/escoladigital.madeira.gov.pt\/eb1pepeaguiar\/wp-content\/uploads\/sites\/49\/2025\/01\/4.png 2048w\" sizes=\"(max-width: 1024px) 100vw, 1024px\" \/>\t\t\t\t\t\t\t\t\t\t\t\t\t\t\t<\/div>\n\t\t\t\t<\/div>\n\t\t\t\t\t<\/div>\n\t\t\t\t<\/div>\n\t\t<div class=\"elementor-element elementor-element-9815077 e-grid e-con-boxed e-con e-parent\" data-id=\"9815077\" data-element_type=\"container\" data-e-type=\"container\">\n\t\t\t\t\t<div class=\"e-con-inner\">\n\t\t\t\t<div class=\"elementor-element elementor-element-8d50f36 elementor-widget elementor-widget-text-editor\" data-id=\"8d50f36\" data-element_type=\"widget\" data-e-type=\"widget\" data-widget_type=\"text-editor.default\">\n\t\t\t\t<div class=\"elementor-widget-container\">\n\t\t\t\t\t\t\t\t\t<p>\u00a0<\/p><p>Servi\u00e7os Administrativos: Sandra Raquel \/ Marta Santos<\/p>\t\t\t\t\t\t\t\t<\/div>\n\t\t\t\t<\/div>\n\t\t\t\t\t<\/div>\n\t\t\t\t<\/div>\n\t\t\t\t<\/div>\n\t\t","protected":false},"excerpt":{"rendered":"<p>Diretor: Paulo Filipe Substituto Legal: Cl\u00e1udia Cardoso \u00a0 Servi\u00e7os Administrativos: Sandra Raquel \/ Marta Santos<\/p>\n","protected":false},"author":65,"featured_media":0,"parent":0,"menu_order":0,"comment_status":"closed","ping_status":"closed","template":"","meta":{"site-sidebar-layout":"default","site-content-layout":"","ast-site-content-layout":"default","site-content-style":"default","site-sidebar-style":"default","ast-global-header-display":"","ast-banner-title-visibility":"","ast-main-header-display":"","ast-hfb-above-header-display":"","ast-hfb-below-header-display":"","ast-hfb-mobile-header-display":"","site-post-title":"","ast-breadcrumbs-content":"","ast-featured-img":"","footer-sml-layout":"","ast-disable-related-posts":"","theme-transparent-header-meta":"","adv-header-id-meta":"","stick-header-meta":"","header-above-stick-meta":"","header-main-stick-meta":"","header-below-stick-meta":"","astra-migrate-meta-layouts":"default","ast-page-background-enabled":"default","ast-page-background-meta":{"desktop":{"background-color":"var(--ast-global-color-4)","background-image":"","background-repeat":"repeat","background-position":"center center","background-size":"auto","background-attachment":"scroll","background-type":"","background-media":"","overlay-type":"","overlay-color":"","overlay-opacity":"","overlay-gradient":""},"tablet":{"background-color":"","background-image":"","background-repeat":"repeat","background-position":"center center","background-size":"auto","background-attachment":"scroll","background-type":"","background-media":"","overlay-type":"","overlay-color":"","overlay-opacity":"","overlay-gradient":""},"mobile":{"background-color":"","background-image":"","background-repeat":"repeat","background-position":"center center","background-size":"auto","background-attachment":"scroll","background-type":"","background-media":"","overlay-type":"","overlay-color":"","overlay-opacity":"","overlay-gradient":""}},"ast-content-background-meta":{"desktop":{"background-color":"var(--ast-global-color-5)","background-image":"","background-repeat":"repeat","background-position":"center center","background-size":"auto","background-attachment":"scroll","background-type":"","background-media":"","overlay-type":"","overlay-color":"","overlay-opacity":"","overlay-gradient":""},"tablet":{"background-color":"var(--ast-global-color-5)","background-image":"","background-repeat":"repeat","background-position":"center center","background-size":"auto","background-attachment":"scroll","background-type":"","background-media":"","overlay-type":"","overlay-color":"","overlay-opacity":"","overlay-gradient":""},"mobile":{"background-color":"var(--ast-global-color-5)","background-image":"","background-repeat":"repeat","background-position":"center center","background-size":"auto","background-attachment":"scroll","background-type":"","background-media":"","overlay-type":"","overlay-color":"","overlay-opacity":"","overlay-gradient":""}},"_themeisle_gutenberg_block_has_review":false,"footnotes":""},"class_list":["post-198","page","type-page","status-publish","hentry"],"_links":{"self":[{"href":"https:\/\/escoladigital.madeira.gov.pt\/eb1pepeaguiar\/wp-json\/wp\/v2\/pages\/198","targetHints":{"allow":["GET"]}}],"collection":[{"href":"https:\/\/escoladigital.madeira.gov.pt\/eb1pepeaguiar\/wp-json\/wp\/v2\/pages"}],"about":[{"href":"https:\/\/escoladigital.madeira.gov.pt\/eb1pepeaguiar\/wp-json\/wp\/v2\/types\/page"}],"author":[{"embeddable":true,"href":"https:\/\/escoladigital.madeira.gov.pt\/eb1pepeaguiar\/wp-json\/wp\/v2\/users\/65"}],"replies":[{"embeddable":true,"href":"https:\/\/escoladigital.madeira.gov.pt\/eb1pepeaguiar\/wp-json\/wp\/v2\/comments?post=198"}],"version-history":[{"count":68,"href":"https:\/\/escoladigital.madeira.gov.pt\/eb1pepeaguiar\/wp-json\/wp\/v2\/pages\/198\/revisions"}],"predecessor-version":[{"id":630,"href":"https:\/\/escoladigital.madeira.gov.pt\/eb1pepeaguiar\/wp-json\/wp\/v2\/pages\/198\/revisions\/630"}],"wp:attachment":[{"href":"https:\/\/escoladigital.madeira.gov.pt\/eb1pepeaguiar\/wp-json\/wp\/v2\/media?parent=198"}],"curies":[{"name":"wp","href":"https:\/\/api.w.org\/{rel}","templated":true}]}}