{"id":206,"date":"2024-11-28T17:06:47","date_gmt":"2024-11-28T17:06:47","guid":{"rendered":"https:\/\/escoladigital.madeira.gov.pt\/eb1pepeaguiar\/?page_id=206"},"modified":"2024-12-11T11:00:23","modified_gmt":"2024-12-11T11:00:23","slug":"horario-de-funcionamento","status":"publish","type":"page","link":"https:\/\/escoladigital.madeira.gov.pt\/eb1pepeaguiar\/horario-de-funcionamento\/","title":{"rendered":"Hor\u00e1rio de Funcionamento"},"content":{"rendered":"\n<p class=\"has-text-align-center has-ast-global-color-4-background-color has-background\"><strong>Escola em funcionamento das 08h \u00e0s 18:30<\/strong><\/p>\n\n\n\n<p class=\"has-text-align-center\">As turmas do <strong>Pr\u00e9-Escolar e Creche<\/strong> funcionam das 8:00h \u00e0s 18:30h, contudo, estar\u00e1 presente<br>na Escola um elemento do PND que, por impossibilidade devidamente comprovada dos<br>Pais\/Encarregados de Educa\u00e7\u00e3o, receber\u00e1 os alunos a partir das 7:30h.<\/p>\n\n\n\n<figure class=\"wp-block-image aligncenter size-full\"><img fetchpriority=\"high\" decoding=\"async\" width=\"1006\" height=\"294\" src=\"https:\/\/escoladigital.madeira.gov.pt\/eb1pepeaguiar\/wp-content\/uploads\/sites\/49\/2024\/12\/Horario-de-Funcionamento-1ociclo.png\" alt=\"\" class=\"wp-image-430\" srcset=\"https:\/\/escoladigital.madeira.gov.pt\/eb1pepeaguiar\/wp-content\/uploads\/sites\/49\/2024\/12\/Horario-de-Funcionamento-1ociclo.png 1006w, https:\/\/escoladigital.madeira.gov.pt\/eb1pepeaguiar\/wp-content\/uploads\/sites\/49\/2024\/12\/Horario-de-Funcionamento-1ociclo-300x88.png 300w, https:\/\/escoladigital.madeira.gov.pt\/eb1pepeaguiar\/wp-content\/uploads\/sites\/49\/2024\/12\/Horario-de-Funcionamento-1ociclo-768x224.png 768w\" sizes=\"(max-width: 1006px) 100vw, 1006px\" \/><\/figure>\n\n\n\n<p class=\"has-text-align-center has-ast-global-color-4-background-color has-background\">Hor\u00e1rio de funcionamento dos <strong>Servi\u00e7os Administrativos<\/strong> das 09:00 \u00e0s 17:00<\/p>\n\n\n\n<p><\/p>\n","protected":false},"excerpt":{"rendered":"<p>Escola em funcionamento das 08h \u00e0s 18:30 As turmas do Pr\u00e9-Escolar e Creche funcionam das 8:00h \u00e0s 18:30h, contudo, estar\u00e1 [&hellip;]<\/p>\n","protected":false},"author":65,"featured_media":0,"parent":0,"menu_order":0,"comment_status":"closed","ping_status":"closed","template":"","meta":{"site-sidebar-layout":"default","site-content-layout":"","ast-site-content-layout":"default","site-content-style":"default","site-sidebar-style":"default","ast-global-header-display":"","ast-banner-title-visibility":"","ast-main-header-display":"","ast-hfb-above-header-display":"","ast-hfb-below-header-display":"","ast-hfb-mobile-header-display":"","site-post-title":"","ast-breadcrumbs-content":"","ast-featured-img":"","footer-sml-layout":"","ast-disable-related-posts":"","theme-transparent-header-meta":"","adv-header-id-meta":"","stick-header-meta":"","header-above-stick-meta":"","header-main-stick-meta":"","header-below-stick-meta":"","astra-migrate-meta-layouts":"default","ast-page-background-enabled":"default","ast-page-background-meta":{"desktop":{"background-color":"var(--ast-global-color-4)","background-image":"","background-repeat":"repeat","background-position":"center center","background-size":"auto","background-attachment":"scroll","background-type":"","background-media":"","overlay-type":"","overlay-color":"","overlay-opacity":"","overlay-gradient":""},"tablet":{"background-color":"","background-image":"","background-repeat":"repeat","background-position":"center center","background-size":"auto","background-attachment":"scroll","background-type":"","background-media":"","overlay-type":"","overlay-color":"","overlay-opacity":"","overlay-gradient":""},"mobile":{"background-color":"","background-image":"","background-repeat":"repeat","background-position":"center center","background-size":"auto","background-attachment":"scroll","background-type":"","background-media":"","overlay-type":"","overlay-color":"","overlay-opacity":"","overlay-gradient":""}},"ast-content-background-meta":{"desktop":{"background-color":"var(--ast-global-color-5)","background-image":"","background-repeat":"repeat","background-position":"center center","background-size":"auto","background-attachment":"scroll","background-type":"","background-media":"","overlay-type":"","overlay-color":"","overlay-opacity":"","overlay-gradient":""},"tablet":{"background-color":"var(--ast-global-color-5)","background-image":"","background-repeat":"repeat","background-position":"center center","background-size":"auto","background-attachment":"scroll","background-type":"","background-media":"","overlay-type":"","overlay-color":"","overlay-opacity":"","overlay-gradient":""},"mobile":{"background-color":"var(--ast-global-color-5)","background-image":"","background-repeat":"repeat","background-position":"center center","background-size":"auto","background-attachment":"scroll","background-type":"","background-media":"","overlay-type":"","overlay-color":"","overlay-opacity":"","overlay-gradient":""}},"_themeisle_gutenberg_block_has_review":false,"footnotes":""},"class_list":["post-206","page","type-page","status-publish","hentry"],"_links":{"self":[{"href":"https:\/\/escoladigital.madeira.gov.pt\/eb1pepeaguiar\/wp-json\/wp\/v2\/pages\/206","targetHints":{"allow":["GET"]}}],"collection":[{"href":"https:\/\/escoladigital.madeira.gov.pt\/eb1pepeaguiar\/wp-json\/wp\/v2\/pages"}],"about":[{"href":"https:\/\/escoladigital.madeira.gov.pt\/eb1pepeaguiar\/wp-json\/wp\/v2\/types\/page"}],"author":[{"embeddable":true,"href":"https:\/\/escoladigital.madeira.gov.pt\/eb1pepeaguiar\/wp-json\/wp\/v2\/users\/65"}],"replies":[{"embeddable":true,"href":"https:\/\/escoladigital.madeira.gov.pt\/eb1pepeaguiar\/wp-json\/wp\/v2\/comments?post=206"}],"version-history":[{"count":9,"href":"https:\/\/escoladigital.madeira.gov.pt\/eb1pepeaguiar\/wp-json\/wp\/v2\/pages\/206\/revisions"}],"predecessor-version":[{"id":529,"href":"https:\/\/escoladigital.madeira.gov.pt\/eb1pepeaguiar\/wp-json\/wp\/v2\/pages\/206\/revisions\/529"}],"wp:attachment":[{"href":"https:\/\/escoladigital.madeira.gov.pt\/eb1pepeaguiar\/wp-json\/wp\/v2\/media?parent=206"}],"curies":[{"name":"wp","href":"https:\/\/api.w.org\/{rel}","templated":true}]}}

Horário de Funcionamento

<p class="has-text-align-center has-ast-global-color-4-background-color has-background"><strong>Escola em funcionamento das 08h às 18:30</strong></p>



<p class="has-text-align-center">As turmas do <strong>Pré-Escolar e Creche</strong> funcionam das 8:00h às 18:30h, contudo, estará presente<br>na Escola um elemento do PND que, por impossibilidade devidamente comprovada dos<br>Pais/Encarregados de Educação, receberá os alunos a partir das 7:30h.</p>



<figure class="wp-block-image aligncenter size-full"><img fetchpriority="high" decoding="async" width="1006" height="294" src="https://escoladigital.madeira.gov.pt/eb1pepeaguiar/wp-content/uploads/sites/49/2024/12/Horario-de-Funcionamento-1ociclo.png" alt="" class="wp-image-430" srcset="https://escoladigital.madeira.gov.pt/eb1pepeaguiar/wp-content/uploads/sites/49/2024/12/Horario-de-Funcionamento-1ociclo.png 1006w, https://escoladigital.madeira.gov.pt/eb1pepeaguiar/wp-content/uploads/sites/49/2024/12/Horario-de-Funcionamento-1ociclo-300x88.png 300w, https://escoladigital.madeira.gov.pt/eb1pepeaguiar/wp-content/uploads/sites/49/2024/12/Horario-de-Funcionamento-1ociclo-768x224.png 768w" sizes="(max-width: 1006px) 100vw, 1006px" /></figure>



<p class="has-text-align-center has-ast-global-color-4-background-color has-background">Horário de funcionamento dos <strong>Serviços Administrativos</strong> das 09:00 às 17:00</p>



<p></p>

<p>Escola em funcionamento das 08h às 18:30 As turmas do Pré-Escolar e Creche funcionam das 8:00h às 18:30h, contudo, estará [&hellip;]</p>
