{"id":420,"date":"2024-12-08T20:54:56","date_gmt":"2024-12-08T20:54:56","guid":{"rendered":"https:\/\/escoladigital.madeira.gov.pt\/eb1pepeaguiar\/?page_id=420"},"modified":"2024-12-08T21:09:16","modified_gmt":"2024-12-08T21:09:16","slug":"missao-visao-valores","status":"publish","type":"page","link":"https:\/\/escoladigital.madeira.gov.pt\/eb1pepeaguiar\/missao-visao-valores\/","title":{"rendered":"Miss\u00e3o \/ Vis\u00e3o \/Valores"},"content":{"rendered":"\n<p class=\"has-ast-global-color-4-background-color has-background\">\u00a0<em><strong>Miss\u00e3o<\/strong><\/em><\/p>\n\n\n\n<p><em>\u201cDe m\u00e3os dadas para o sucesso\u201d<\/em><\/p>\n\n\n\n<p>A EB1 \/ PEC Professor Eleut\u00e9rio de Aguiar, pretende atingir o sucesso dos seus alunos, com pol\u00edticas assentes em pressupostos inclusivos, com uma identidade pr\u00f3pria, capaz de valorizar as diferen\u00e7as e gerar equidade de oportunidades, prestando um servi\u00e7o de qualidade, apoiada por toda a comunidade envolvente, Encarregados de Educa\u00e7\u00e3o e restantes parceiros, onde a igualdade de oportunidades seja uma realidade.<\/p>\n\n\n\n<p class=\"has-ast-global-color-4-background-color has-background\"><em><strong>Vis\u00e3o<\/strong><\/em><\/p>\n\n\n\n<p>Ser uma Escola de refer\u00eancia na educa\u00e7\u00e3o em geral e na educa\u00e7\u00e3o bilingue dos alunos Surdos, inovadora numa pr\u00e1tica pedag\u00f3gica geradora de aprendizagem, que educa para a cidadania global, com uma gest\u00e3o colaborativa, que potencia a qualidade do seu ambiente interno e das rela\u00e7\u00f5es externas e reflete um elevado grau de satisfa\u00e7\u00e3o das fam\u00edlias.<\/p>\n\n\n\n<p class=\"has-ast-global-color-4-background-color has-background\"><em><strong>Valores<\/strong><\/em><\/p>\n\n\n\n<ul class=\"wp-block-list\">\n<li>Promover uma cidadania com respeito pela diferen\u00e7a e pela diversidade cultural;<\/li>\n\n\n\n<li>Promover condi\u00e7\u00f5es de equidade favor\u00e1veis ao sucesso escolar;<\/li>\n\n\n\n<li>Estimular a curiosidade, o interesse, o empenho, o pensamento reflexivo, o pensamento cr\u00edtico e o respeito pelo outro;<\/li>\n\n\n\n<li>Ser perseverante perante as dificuldades;<\/li>\n<\/ul>\n\n\n\n<p><\/p>\n","protected":false},"excerpt":{"rendered":"<p>\u00a0Miss\u00e3o \u201cDe m\u00e3os dadas para o sucesso\u201d A EB1 \/ PEC Professor Eleut\u00e9rio de Aguiar, pretende atingir o sucesso dos [&hellip;]<\/p>\n","protected":false},"author":65,"featured_media":0,"parent":0,"menu_order":0,"comment_status":"closed","ping_status":"closed","template":"","meta":{"site-sidebar-layout":"default","site-content-layout":"","ast-site-content-layout":"default","site-content-style":"default","site-sidebar-style":"default","ast-global-header-display":"","ast-banner-title-visibility":"","ast-main-header-display":"","ast-hfb-above-header-display":"","ast-hfb-below-header-display":"","ast-hfb-mobile-header-display":"","site-post-title":"","ast-breadcrumbs-content":"","ast-featured-img":"","footer-sml-layout":"","ast-disable-related-posts":"","theme-transparent-header-meta":"","adv-header-id-meta":"","stick-header-meta":"","header-above-stick-meta":"","header-main-stick-meta":"","header-below-stick-meta":"","astra-migrate-meta-layouts":"default","ast-page-background-enabled":"default","ast-page-background-meta":{"desktop":{"background-color":"var(--ast-global-color-4)","background-image":"","background-repeat":"repeat","background-position":"center center","background-size":"auto","background-attachment":"scroll","background-type":"","background-media":"","overlay-type":"","overlay-color":"","overlay-opacity":"","overlay-gradient":""},"tablet":{"background-color":"","background-image":"","background-repeat":"repeat","background-position":"center center","background-size":"auto","background-attachment":"scroll","background-type":"","background-media":"","overlay-type":"","overlay-color":"","overlay-opacity":"","overlay-gradient":""},"mobile":{"background-color":"","background-image":"","background-repeat":"repeat","background-position":"center center","background-size":"auto","background-attachment":"scroll","background-type":"","background-media":"","overlay-type":"","overlay-color":"","overlay-opacity":"","overlay-gradient":""}},"ast-content-background-meta":{"desktop":{"background-color":"var(--ast-global-color-5)","background-image":"","background-repeat":"repeat","background-position":"center center","background-size":"auto","background-attachment":"scroll","background-type":"","background-media":"","overlay-type":"","overlay-color":"","overlay-opacity":"","overlay-gradient":""},"tablet":{"background-color":"var(--ast-global-color-5)","background-image":"","background-repeat":"repeat","background-position":"center center","background-size":"auto","background-attachment":"scroll","background-type":"","background-media":"","overlay-type":"","overlay-color":"","overlay-opacity":"","overlay-gradient":""},"mobile":{"background-color":"var(--ast-global-color-5)","background-image":"","background-repeat":"repeat","background-position":"center center","background-size":"auto","background-attachment":"scroll","background-type":"","background-media":"","overlay-type":"","overlay-color":"","overlay-opacity":"","overlay-gradient":""}},"_themeisle_gutenberg_block_has_review":false,"footnotes":""},"class_list":["post-420","page","type-page","status-publish","hentry"],"_links":{"self":[{"href":"https:\/\/escoladigital.madeira.gov.pt\/eb1pepeaguiar\/wp-json\/wp\/v2\/pages\/420","targetHints":{"allow":["GET"]}}],"collection":[{"href":"https:\/\/escoladigital.madeira.gov.pt\/eb1pepeaguiar\/wp-json\/wp\/v2\/pages"}],"about":[{"href":"https:\/\/escoladigital.madeira.gov.pt\/eb1pepeaguiar\/wp-json\/wp\/v2\/types\/page"}],"author":[{"embeddable":true,"href":"https:\/\/escoladigital.madeira.gov.pt\/eb1pepeaguiar\/wp-json\/wp\/v2\/users\/65"}],"replies":[{"embeddable":true,"href":"https:\/\/escoladigital.madeira.gov.pt\/eb1pepeaguiar\/wp-json\/wp\/v2\/comments?post=420"}],"version-history":[{"count":6,"href":"https:\/\/escoladigital.madeira.gov.pt\/eb1pepeaguiar\/wp-json\/wp\/v2\/pages\/420\/revisions"}],"predecessor-version":[{"id":427,"href":"https:\/\/escoladigital.madeira.gov.pt\/eb1pepeaguiar\/wp-json\/wp\/v2\/pages\/420\/revisions\/427"}],"wp:attachment":[{"href":"https:\/\/escoladigital.madeira.gov.pt\/eb1pepeaguiar\/wp-json\/wp\/v2\/media?parent=420"}],"curies":[{"name":"wp","href":"https:\/\/api.w.org\/{rel}","templated":true}]}}

Missão / Visão /Valores

<p class="has-ast-global-color-4-background-color has-background"> <em><strong>Missão</strong></em></p>



<p><em>“De mãos dadas para o sucesso”</em></p>



<p>A EB1 / PEC Professor Eleutério de Aguiar, pretende atingir o sucesso dos seus alunos, com políticas assentes em pressupostos inclusivos, com uma identidade própria, capaz de valorizar as diferenças e gerar equidade de oportunidades, prestando um serviço de qualidade, apoiada por toda a comunidade envolvente, Encarregados de Educação e restantes parceiros, onde a igualdade de oportunidades seja uma realidade.</p>



<p class="has-ast-global-color-4-background-color has-background"><em><strong>Visão</strong></em></p>



<p>Ser uma Escola de referência na educação em geral e na educação bilingue dos alunos Surdos, inovadora numa prática pedagógica geradora de aprendizagem, que educa para a cidadania global, com uma gestão colaborativa, que potencia a qualidade do seu ambiente interno e das relações externas e reflete um elevado grau de satisfação das famílias.</p>



<p class="has-ast-global-color-4-background-color has-background"><em><strong>Valores</strong></em></p>



<ul class="wp-block-list">
<li>Promover uma cidadania com respeito pela diferença e pela diversidade cultural;</li>



<li>Promover condições de equidade favoráveis ao sucesso escolar;</li>



<li>Estimular a curiosidade, o interesse, o empenho, o pensamento reflexivo, o pensamento crítico e o respeito pelo outro;</li>



<li>Ser perseverante perante as dificuldades;</li>
</ul>



<p></p>

<p> Missão “De mãos dadas para o sucesso” A EB1 / PEC Professor Eleutério de Aguiar, pretende atingir o sucesso dos [&hellip;]</p>
