{"id":513,"date":"2024-12-11T09:54:26","date_gmt":"2024-12-11T09:54:26","guid":{"rendered":"https:\/\/escoladigital.madeira.gov.pt\/eb1pepeaguiar\/?page_id=513"},"modified":"2024-12-11T11:02:35","modified_gmt":"2024-12-11T11:02:35","slug":"pagamentos-de-mensalidades-alimentacao","status":"publish","type":"page","link":"https:\/\/escoladigital.madeira.gov.pt\/eb1pepeaguiar\/pagamentos-de-mensalidades-alimentacao\/","title":{"rendered":"Pagamentos de Mensalidades \/ Alimenta\u00e7\u00e3o"},"content":{"rendered":"\n<p class=\"has-ast-global-color-4-background-color has-background\">Os pagamentos das mensalidades dever\u00e3o ser realizados entre o dia 01 e 08 de cada m\u00eas.<\/p>\n\n\n\n<p class=\"has-ast-global-color-4-background-color has-background\">Ap\u00f3s o prazo estipulado para a data limite de pagamento, ocorre o acr\u00e9scimo de 10%.<\/p>\n\n\n\n<p class=\"has-ast-global-color-4-background-color has-background\">O pagamento poder\u00e1 ser efetuado por transfer\u00eancia banc\u00e1ria atrav\u00e9s do IBAN: <strong>PT50 0018 0008 01546307020 26  <\/strong><\/p>\n\n\n\n<p class=\"has-ast-global-color-4-background-color has-background\">E neste caso dever\u00e1 ser enviado comprovativo da transa\u00e7\u00e3o, com o nome e sala da crian\u00e7a, para o email da secret\u00e1ria da escola: secretariaeleuterio@edu.madeira.gov.pt <\/p>\n\n\n\n<p class=\"has-text-align-center\"><strong>Faltas <\/strong><\/p>\n\n\n\n<p class=\"has-ast-global-color-4-background-color has-background\">As faltas imprevistas s\u00e3o exclusivamente, para casos de doen\u00e7a s\u00fabita e, ter\u00e3o de ser avisadas at\u00e9 \u00e0s 11h00 do pr\u00f3prio dia.<\/p>\n\n\n\n<p class=\"has-ast-global-color-4-background-color has-background\">As faltas por motivo (que n\u00e3o por doen\u00e7a s\u00fabita) ter\u00e3o de ser avisadas antecipadamente, impreterivelmente, at\u00e9 \u00e0s 16h00 da v\u00e9spera da falta.<\/p>\n\n\n\n<p class=\"has-ast-global-color-4-background-color has-background\">Todas as faltas dever\u00e3o ser comunicadas \u00e0 secretaria da escola, por email secretariaeleuterio@edu.madeira.gov.pt ou por contato telef\u00f3nico <strong>291 146 017 ou 962 727 403 <\/strong><\/p>\n\n\n\n<p><\/p>\n","protected":false},"excerpt":{"rendered":"<p>Os pagamentos das mensalidades dever\u00e3o ser realizados entre o dia 01 e 08 de cada m\u00eas. Ap\u00f3s o prazo estipulado [&hellip;]<\/p>\n","protected":false},"author":65,"featured_media":0,"parent":0,"menu_order":0,"comment_status":"closed","ping_status":"closed","template":"","meta":{"site-sidebar-layout":"default","site-content-layout":"","ast-site-content-layout":"default","site-content-style":"default","site-sidebar-style":"default","ast-global-header-display":"","ast-banner-title-visibility":"","ast-main-header-display":"","ast-hfb-above-header-display":"","ast-hfb-below-header-display":"","ast-hfb-mobile-header-display":"","site-post-title":"","ast-breadcrumbs-content":"","ast-featured-img":"","footer-sml-layout":"","ast-disable-related-posts":"","theme-transparent-header-meta":"","adv-header-id-meta":"","stick-header-meta":"","header-above-stick-meta":"","header-main-stick-meta":"","header-below-stick-meta":"","astra-migrate-meta-layouts":"default","ast-page-background-enabled":"default","ast-page-background-meta":{"desktop":{"background-color":"var(--ast-global-color-4)","background-image":"","background-repeat":"repeat","background-position":"center center","background-size":"auto","background-attachment":"scroll","background-type":"","background-media":"","overlay-type":"","overlay-color":"","overlay-opacity":"","overlay-gradient":""},"tablet":{"background-color":"","background-image":"","background-repeat":"repeat","background-position":"center center","background-size":"auto","background-attachment":"scroll","background-type":"","background-media":"","overlay-type":"","overlay-color":"","overlay-opacity":"","overlay-gradient":""},"mobile":{"background-color":"","background-image":"","background-repeat":"repeat","background-position":"center center","background-size":"auto","background-attachment":"scroll","background-type":"","background-media":"","overlay-type":"","overlay-color":"","overlay-opacity":"","overlay-gradient":""}},"ast-content-background-meta":{"desktop":{"background-color":"var(--ast-global-color-5)","background-image":"","background-repeat":"repeat","background-position":"center center","background-size":"auto","background-attachment":"scroll","background-type":"","background-media":"","overlay-type":"","overlay-color":"","overlay-opacity":"","overlay-gradient":""},"tablet":{"background-color":"var(--ast-global-color-5)","background-image":"","background-repeat":"repeat","background-position":"center center","background-size":"auto","background-attachment":"scroll","background-type":"","background-media":"","overlay-type":"","overlay-color":"","overlay-opacity":"","overlay-gradient":""},"mobile":{"background-color":"var(--ast-global-color-5)","background-image":"","background-repeat":"repeat","background-position":"center center","background-size":"auto","background-attachment":"scroll","background-type":"","background-media":"","overlay-type":"","overlay-color":"","overlay-opacity":"","overlay-gradient":""}},"_themeisle_gutenberg_block_has_review":false,"footnotes":""},"class_list":["post-513","page","type-page","status-publish","hentry"],"_links":{"self":[{"href":"https:\/\/escoladigital.madeira.gov.pt\/eb1pepeaguiar\/wp-json\/wp\/v2\/pages\/513","targetHints":{"allow":["GET"]}}],"collection":[{"href":"https:\/\/escoladigital.madeira.gov.pt\/eb1pepeaguiar\/wp-json\/wp\/v2\/pages"}],"about":[{"href":"https:\/\/escoladigital.madeira.gov.pt\/eb1pepeaguiar\/wp-json\/wp\/v2\/types\/page"}],"author":[{"embeddable":true,"href":"https:\/\/escoladigital.madeira.gov.pt\/eb1pepeaguiar\/wp-json\/wp\/v2\/users\/65"}],"replies":[{"embeddable":true,"href":"https:\/\/escoladigital.madeira.gov.pt\/eb1pepeaguiar\/wp-json\/wp\/v2\/comments?post=513"}],"version-history":[{"count":5,"href":"https:\/\/escoladigital.madeira.gov.pt\/eb1pepeaguiar\/wp-json\/wp\/v2\/pages\/513\/revisions"}],"predecessor-version":[{"id":531,"href":"https:\/\/escoladigital.madeira.gov.pt\/eb1pepeaguiar\/wp-json\/wp\/v2\/pages\/513\/revisions\/531"}],"wp:attachment":[{"href":"https:\/\/escoladigital.madeira.gov.pt\/eb1pepeaguiar\/wp-json\/wp\/v2\/media?parent=513"}],"curies":[{"name":"wp","href":"https:\/\/api.w.org\/{rel}","templated":true}]}}