{"id":463,"date":"2025-10-12T21:19:29","date_gmt":"2025-10-12T21:19:29","guid":{"rendered":"https:\/\/escoladigital.madeira.gov.pt\/eb1pepena\/?page_id=463"},"modified":"2026-03-23T10:09:14","modified_gmt":"2026-03-23T10:09:14","slug":"codeweek-2025","status":"publish","type":"page","link":"https:\/\/escoladigital.madeira.gov.pt\/eb1pepena\/codeweek-2025\/","title":{"rendered":"Ci\u00eancias da Computa\u00e7\u00e3o"},"content":{"rendered":"\n<p>Uma vez mais celebramos o evento Codeweek na EB1\/PE da Pena. Iremos realizar atividades de forma a celebrar a criatividade, a l\u00f3gica e o pensamento computacional. <\/p>\n\n\n\n<p>Neste espa\u00e7o deixaremos algumas sugest\u00f5es de atividades! Bom trabalho!<\/p>\n\n\n\n<p><a href=\"https:\/\/www.coquinhos.com\/jogo-de-raciocinio-logico...\/play\">Blinky I<\/a> Ver\u00e3o<\/p>\n\n\n\n<p><a href=\"https:\/\/www.coquinhos.com\/jogo-de-raciocinio-logico-blinky-ii\/play\/\">Blinky II Outono<\/a><\/p>\n\n\n\n<p><a href=\"https:\/\/www.coquinhos.com\/code-slime\/play\/\">Slime (programar) simples<\/a> *<\/p>\n\n\n\n<p><a href=\"https:\/\/www.coquinhos.com\/programar-o-panda\/play\/\">Panda (programar) simples<\/a> *<\/p>\n\n\n\n<p><a href=\"https:\/\/www.coquinhos.com\/aprender-a-programar-um-robo\/play\/\">Lighbot simples<\/a><\/p>\n\n\n\n<p><a href=\"https:\/\/www.coquinhos.com\/lightbot-com-wall-e\/play\">Lightbot<\/a> avan\u00e7ado<\/p>\n\n\n\n<p><a href=\"https:\/\/www.digipuzzle.net\/minigames\/codegrid\/codegrid_images_reverse_shapes.htm?language=portuguese&amp;linkback=..\/..\/pt\/jogoseducativos\/ciencias\/index.htm\">Digipuzzle &#8211; encontra a figura<\/a> <\/p>\n\n\n\n<p><a href=\"https:\/\/www.digipuzzle.net\/minigames\/codegrid\/codegrid_images_shapes.htm?language=portuguese&amp;linkback=..\/..\/pt\/jogoseducativos\/ciencias\/index.htm\">Digipuzzle &#8211; programa o rob\u00f4<\/a><\/p>\n\n\n\n<p><a href=\"https:\/\/www.coquinhos.com\/code-maze\/play\/\">CODE Maze (avan\u00e7ado)<\/a><\/p>\n\n\n\n<p><a href=\"https:\/\/www.coquinhos.com\/seguir-as-instrucoes-para-desenhar\/play\/\">Ditado gr\u00e1fico (passo a passo)<\/a><\/p>\n\n\n\n<p><a href=\"https:\/\/www.coquinhos.com\/teste-de-digitacao\/play\/\">Digita\u00e7\u00e3o &#8211; treino (todos os anos)<\/a><\/p>\n\n\n\n<div class=\"wp-block-group is-layout-grid wp-container-core-group-is-layout-478b6e6b wp-block-group-is-layout-grid\">\n<figure class=\"wp-block-image size-full\"><a href=\"https:\/\/editor.p5js.org\/rodolfodu7\/full\/VqGXPCH-D\"><img fetchpriority=\"high\" decoding=\"async\" width=\"709\" height=\"421\" src=\"https:\/\/escoladigital.madeira.gov.pt\/eb1pepena\/wp-content\/uploads\/sites\/50\/2025\/12\/missao-natal.png\" alt=\"\" class=\"wp-image-562\" srcset=\"https:\/\/escoladigital.madeira.gov.pt\/eb1pepena\/wp-content\/uploads\/sites\/50\/2025\/12\/missao-natal.png 709w, https:\/\/escoladigital.madeira.gov.pt\/eb1pepena\/wp-content\/uploads\/sites\/50\/2025\/12\/missao-natal-300x178.png 300w\" sizes=\"(max-width: 709px) 100vw, 709px\" \/><\/a><\/figure>\n\n\n\n<figure class=\"wp-block-image size-large\"><a href=\"https:\/\/editor.p5js.org\/rodolfodu7\/full\/KHZ4Lj0eK\"><img decoding=\"async\" width=\"1024\" height=\"416\" src=\"https:\/\/escoladigital.madeira.gov.pt\/eb1pepena\/wp-content\/uploads\/sites\/50\/2026\/03\/Coelho-explorador-2-1024x416.png\" alt=\"\" class=\"wp-image-728\" srcset=\"https:\/\/escoladigital.madeira.gov.pt\/eb1pepena\/wp-content\/uploads\/sites\/50\/2026\/03\/Coelho-explorador-2-1024x416.png 1024w, https:\/\/escoladigital.madeira.gov.pt\/eb1pepena\/wp-content\/uploads\/sites\/50\/2026\/03\/Coelho-explorador-2-300x122.png 300w, https:\/\/escoladigital.madeira.gov.pt\/eb1pepena\/wp-content\/uploads\/sites\/50\/2026\/03\/Coelho-explorador-2-768x312.png 768w, https:\/\/escoladigital.madeira.gov.pt\/eb1pepena\/wp-content\/uploads\/sites\/50\/2026\/03\/Coelho-explorador-2.png 1299w\" sizes=\"(max-width: 1024px) 100vw, 1024px\" \/><\/a><\/figure>\n\n\n\n<figure class=\"wp-block-image size-large\"><a href=\"https:\/\/editor.p5js.org\/rodolfodu7\/full\/OIaPLR-NMS\"><img decoding=\"async\" width=\"1024\" height=\"454\" src=\"https:\/\/escoladigital.madeira.gov.pt\/eb1pepena\/wp-content\/uploads\/sites\/50\/2026\/03\/Missao-espacial-1024x454.png\" alt=\"\" class=\"wp-image-730\" srcset=\"https:\/\/escoladigital.madeira.gov.pt\/eb1pepena\/wp-content\/uploads\/sites\/50\/2026\/03\/Missao-espacial-1024x454.png 1024w, https:\/\/escoladigital.madeira.gov.pt\/eb1pepena\/wp-content\/uploads\/sites\/50\/2026\/03\/Missao-espacial-300x133.png 300w, https:\/\/escoladigital.madeira.gov.pt\/eb1pepena\/wp-content\/uploads\/sites\/50\/2026\/03\/Missao-espacial-768x341.png 768w, https:\/\/escoladigital.madeira.gov.pt\/eb1pepena\/wp-content\/uploads\/sites\/50\/2026\/03\/Missao-espacial.png 1299w\" sizes=\"(max-width: 1024px) 100vw, 1024px\" \/><\/a><\/figure>\n<\/div>\n\n\n\n<p><\/p>\n","protected":false},"excerpt":{"rendered":"<p>Uma vez mais celebramos o evento Codeweek na EB1\/PE da Pena. Iremos realizar atividades de forma a celebrar a criatividade, [&hellip;]<\/p>\n","protected":false},"author":66,"featured_media":0,"parent":0,"menu_order":0,"comment_status":"closed","ping_status":"closed","template":"","meta":{"site-sidebar-layout":"default","site-content-layout":"","ast-site-content-layout":"default","site-content-style":"default","site-sidebar-style":"default","ast-global-header-display":"","ast-banner-title-visibility":"","ast-main-header-display":"","ast-hfb-above-header-display":"","ast-hfb-below-header-display":"","ast-hfb-mobile-header-display":"","site-post-title":"","ast-breadcrumbs-content":"","ast-featured-img":"","footer-sml-layout":"","ast-disable-related-posts":"","theme-transparent-header-meta":"","adv-header-id-meta":"","stick-header-meta":"","header-above-stick-meta":"","header-main-stick-meta":"","header-below-stick-meta":"","astra-migrate-meta-layouts":"default","ast-page-background-enabled":"default","ast-page-background-meta":{"desktop":{"background-color":"var(--ast-global-color-5)","background-image":"","background-repeat":"repeat","background-position":"center center","background-size":"auto","background-attachment":"scroll","background-type":"","background-media":"","overlay-type":"","overlay-color":"","overlay-opacity":"","overlay-gradient":""},"tablet":{"background-color":"","background-image":"","background-repeat":"repeat","background-position":"center center","background-size":"auto","background-attachment":"scroll","background-type":"","background-media":"","overlay-type":"","overlay-color":"","overlay-opacity":"","overlay-gradient":""},"mobile":{"background-color":"","background-image":"","background-repeat":"repeat","background-position":"center center","background-size":"auto","background-attachment":"scroll","background-type":"","background-media":"","overlay-type":"","overlay-color":"","overlay-opacity":"","overlay-gradient":""}},"ast-content-background-meta":{"desktop":{"background-color":"var(--ast-global-color-4)","background-image":"","background-repeat":"repeat","background-position":"center center","background-size":"auto","background-attachment":"scroll","background-type":"","background-media":"","overlay-type":"","overlay-color":"","overlay-opacity":"","overlay-gradient":""},"tablet":{"background-color":"var(--ast-global-color-4)","background-image":"","background-repeat":"repeat","background-position":"center center","background-size":"auto","background-attachment":"scroll","background-type":"","background-media":"","overlay-type":"","overlay-color":"","overlay-opacity":"","overlay-gradient":""},"mobile":{"background-color":"var(--ast-global-color-4)","background-image":"","background-repeat":"repeat","background-position":"center center","background-size":"auto","background-attachment":"scroll","background-type":"","background-media":"","overlay-type":"","overlay-color":"","overlay-opacity":"","overlay-gradient":""}},"_themeisle_gutenberg_block_has_review":false,"footnotes":""},"class_list":["post-463","page","type-page","status-publish","hentry"],"_links":{"self":[{"href":"https:\/\/escoladigital.madeira.gov.pt\/eb1pepena\/wp-json\/wp\/v2\/pages\/463","targetHints":{"allow":["GET"]}}],"collection":[{"href":"https:\/\/escoladigital.madeira.gov.pt\/eb1pepena\/wp-json\/wp\/v2\/pages"}],"about":[{"href":"https:\/\/escoladigital.madeira.gov.pt\/eb1pepena\/wp-json\/wp\/v2\/types\/page"}],"author":[{"embeddable":true,"href":"https:\/\/escoladigital.madeira.gov.pt\/eb1pepena\/wp-json\/wp\/v2\/users\/66"}],"replies":[{"embeddable":true,"href":"https:\/\/escoladigital.madeira.gov.pt\/eb1pepena\/wp-json\/wp\/v2\/comments?post=463"}],"version-history":[{"count":14,"href":"https:\/\/escoladigital.madeira.gov.pt\/eb1pepena\/wp-json\/wp\/v2\/pages\/463\/revisions"}],"predecessor-version":[{"id":733,"href":"https:\/\/escoladigital.madeira.gov.pt\/eb1pepena\/wp-json\/wp\/v2\/pages\/463\/revisions\/733"}],"wp:attachment":[{"href":"https:\/\/escoladigital.madeira.gov.pt\/eb1pepena\/wp-json\/wp\/v2\/media?parent=463"}],"curies":[{"name":"wp","href":"https:\/\/api.w.org\/{rel}","templated":true}]}}