{"id":84,"date":"2025-05-07T14:20:15","date_gmt":"2025-05-07T14:20:15","guid":{"rendered":"https:\/\/escoladigital.madeira.gov.pt\/eb1pepena\/?page_id=84"},"modified":"2025-05-07T15:45:53","modified_gmt":"2025-05-07T15:45:53","slug":"pagamentos-mensalidades","status":"publish","type":"page","link":"https:\/\/escoladigital.madeira.gov.pt\/eb1pepena\/pagamentos-mensalidades\/","title":{"rendered":"Pagamentos\/ Mensalidades"},"content":{"rendered":"\n<p>O pagamento das mensalidades dever\u00e3o ser realizados entre o&nbsp;<strong>dia 1 e 8 de cada m\u00eas.<\/strong><\/p>\n\n\n\n<p>O mesmo poder\u00e1 ser efetuado por de transfer\u00eancia banc\u00e1ria atrav\u00e9s do NIB:&nbsp;<\/p>\n\n\n\n<p><strong>0018 000 80154044102092<\/strong>&nbsp;<\/p>\n\n\n\n<p>&nbsp;Para consultar a &nbsp;informa\u00e7\u00e3o relativa ao pagamento das mensalidades pode consultar o documento abaixo.&nbsp;<img decoding=\"async\" src=\"http:\/\/escolas.madeira-edu.pt\/Providers\/HtmlEditorProviders\/Fck\/fckeditor\/editor\/images\/smiley\/msn\/teeth_smile.gif\" alt=\"\"><\/p>\n\n\n\n<div data-wp-interactive=\"core\/file\" class=\"wp-block-file\"><object data-wp-bind--hidden=\"!state.hasPdfPreview\" hidden class=\"wp-block-file__embed\" data=\"https:\/\/escoladigital.madeira.gov.pt\/eb1pepena\/wp-content\/uploads\/sites\/50\/2025\/04\/Informacoes-Mensalidades.pdf\" type=\"application\/pdf\" style=\"width:100%;height:600px\" aria-label=\"Incorpora\u00e7\u00e3o de Informa\u00e7\u00f5es Mensalidades.\"><\/object><a id=\"wp-block-file--media-f87cfa84-dca7-4ab3-8c1d-4f262f6327f5\" href=\"https:\/\/escoladigital.madeira.gov.pt\/eb1pepena\/wp-content\/uploads\/sites\/50\/2025\/04\/Informacoes-Mensalidades.pdf\">Informa\u00e7\u00f5es Mensalidades<\/a><a href=\"https:\/\/escoladigital.madeira.gov.pt\/eb1pepena\/wp-content\/uploads\/sites\/50\/2025\/04\/Informacoes-Mensalidades.pdf\" class=\"wp-block-file__button wp-element-button\" download aria-describedby=\"wp-block-file--media-f87cfa84-dca7-4ab3-8c1d-4f262f6327f5\">Descarregar<\/a><\/div>\n\n\n\n<p><strong>IMPORTANTE:<\/strong>&nbsp;Quem fizer o pagamento por transfer\u00eancia banc\u00e1ria dever\u00e1 enviar o comprovativo de pagamento para os seguintes emails<strong>:&nbsp;<\/strong><\/p>\n\n\n\n<p><strong>luciamacedo@edu.madeira.gov.pt<\/strong>;&nbsp;<\/p>\n\n\n\n<p><strong>fatima.mfnobreg<\/strong>a<strong>@edu.madeira.gov.pt<\/strong><\/p>\n\n\n\n<p><strong>&nbsp;<\/strong>com conhecimento a&nbsp;&nbsp;<strong>eb1pepena@edu.madeira.gov.pt<\/strong><\/p>\n\n\n\n<p><\/p>\n","protected":false},"excerpt":{"rendered":"<p>O pagamento das mensalidades dever\u00e3o ser realizados entre o&nbsp;dia 1 e 8 de cada m\u00eas. O mesmo poder\u00e1 ser efetuado [&hellip;]<\/p>\n","protected":false},"author":66,"featured_media":0,"parent":0,"menu_order":0,"comment_status":"closed","ping_status":"closed","template":"","meta":{"site-sidebar-layout":"default","site-content-layout":"","ast-site-content-layout":"default","site-content-style":"default","site-sidebar-style":"default","ast-global-header-display":"","ast-banner-title-visibility":"","ast-main-header-display":"","ast-hfb-above-header-display":"","ast-hfb-below-header-display":"","ast-hfb-mobile-header-display":"","site-post-title":"","ast-breadcrumbs-content":"","ast-featured-img":"","footer-sml-layout":"","ast-disable-related-posts":"","theme-transparent-header-meta":"","adv-header-id-meta":"","stick-header-meta":"","header-above-stick-meta":"","header-main-stick-meta":"","header-below-stick-meta":"","astra-migrate-meta-layouts":"default","ast-page-background-enabled":"default","ast-page-background-meta":{"desktop":{"background-color":"var(--ast-global-color-5)","background-image":"","background-repeat":"repeat","background-position":"center center","background-size":"auto","background-attachment":"scroll","background-type":"","background-media":"","overlay-type":"","overlay-color":"","overlay-opacity":"","overlay-gradient":""},"tablet":{"background-color":"","background-image":"","background-repeat":"repeat","background-position":"center center","background-size":"auto","background-attachment":"scroll","background-type":"","background-media":"","overlay-type":"","overlay-color":"","overlay-opacity":"","overlay-gradient":""},"mobile":{"background-color":"","background-image":"","background-repeat":"repeat","background-position":"center center","background-size":"auto","background-attachment":"scroll","background-type":"","background-media":"","overlay-type":"","overlay-color":"","overlay-opacity":"","overlay-gradient":""}},"ast-content-background-meta":{"desktop":{"background-color":"var(--ast-global-color-4)","background-image":"","background-repeat":"repeat","background-position":"center center","background-size":"auto","background-attachment":"scroll","background-type":"","background-media":"","overlay-type":"","overlay-color":"","overlay-opacity":"","overlay-gradient":""},"tablet":{"background-color":"var(--ast-global-color-4)","background-image":"","background-repeat":"repeat","background-position":"center center","background-size":"auto","background-attachment":"scroll","background-type":"","background-media":"","overlay-type":"","overlay-color":"","overlay-opacity":"","overlay-gradient":""},"mobile":{"background-color":"var(--ast-global-color-4)","background-image":"","background-repeat":"repeat","background-position":"center center","background-size":"auto","background-attachment":"scroll","background-type":"","background-media":"","overlay-type":"","overlay-color":"","overlay-opacity":"","overlay-gradient":""}},"_themeisle_gutenberg_block_has_review":false,"footnotes":""},"class_list":["post-84","page","type-page","status-publish","hentry"],"_links":{"self":[{"href":"https:\/\/escoladigital.madeira.gov.pt\/eb1pepena\/wp-json\/wp\/v2\/pages\/84","targetHints":{"allow":["GET"]}}],"collection":[{"href":"https:\/\/escoladigital.madeira.gov.pt\/eb1pepena\/wp-json\/wp\/v2\/pages"}],"about":[{"href":"https:\/\/escoladigital.madeira.gov.pt\/eb1pepena\/wp-json\/wp\/v2\/types\/page"}],"author":[{"embeddable":true,"href":"https:\/\/escoladigital.madeira.gov.pt\/eb1pepena\/wp-json\/wp\/v2\/users\/66"}],"replies":[{"embeddable":true,"href":"https:\/\/escoladigital.madeira.gov.pt\/eb1pepena\/wp-json\/wp\/v2\/comments?post=84"}],"version-history":[{"count":5,"href":"https:\/\/escoladigital.madeira.gov.pt\/eb1pepena\/wp-json\/wp\/v2\/pages\/84\/revisions"}],"predecessor-version":[{"id":281,"href":"https:\/\/escoladigital.madeira.gov.pt\/eb1pepena\/wp-json\/wp\/v2\/pages\/84\/revisions\/281"}],"wp:attachment":[{"href":"https:\/\/escoladigital.madeira.gov.pt\/eb1pepena\/wp-json\/wp\/v2\/media?parent=84"}],"curies":[{"name":"wp","href":"https:\/\/api.w.org\/{rel}","templated":true}]}}