{"id":120,"date":"2024-10-16T15:11:00","date_gmt":"2024-10-16T15:11:00","guid":{"rendered":"https:\/\/escoladigital.madeira.gov.pt\/eb1pepsol\/?page_id=120"},"modified":"2025-06-13T08:24:37","modified_gmt":"2025-06-13T08:24:37","slug":"rgpc","status":"publish","type":"page","link":"https:\/\/escoladigital.madeira.gov.pt\/eb1pepsol\/rgpc\/","title":{"rendered":"RGPC"},"content":{"rendered":"\n<h2 id=\"wp-block-themeisle-blocks-advanced-heading-53d5b064\" class=\"wp-block-themeisle-blocks-advanced-heading wp-block-themeisle-blocks-advanced-heading-53d5b064\">GEST\u00c3O DE RISCOS DE CORRUP\u00c7\u00c3O E INFRA\u00c7\u00d5ES CONEXAS<\/h2>\n\n\n\n<blockquote class=\"wp-block-quote has-text-align-left is-style-plain is-layout-flow wp-block-quote-is-layout-flow\">\n<p class=\"has-text-align-left\"><a href=\"https:\/\/escoladigital.madeira.gov.pt\/eb1pepsol\/wp-content\/uploads\/sites\/22\/2025\/06\/plano-de-formacao-2025.pdf\" data-type=\"link\" data-id=\"https:\/\/escoladigital.madeira.gov.pt\/eb1pepsol\/wp-content\/uploads\/sites\/22\/2025\/06\/plano-de-formacao-2025.pdf\">Plano de forma\u00e7\u00e3o 2025<\/a><\/p>\n\n\n\n<p class=\"has-text-align-left\"><a href=\"https:\/\/escoladigital.madeira.gov.pt\/eb1pepsol\/wp-content\/uploads\/sites\/22\/2025\/06\/Relatorio-de-Avaliacao-Anual-de-Execucao-do-PPR-04-25.pdf\" data-type=\"link\" data-id=\"https:\/\/escoladigital.madeira.gov.pt\/eb1pepsol\/wp-content\/uploads\/sites\/22\/2025\/06\/Relatorio-de-Avaliacao-Anual-de-Execucao-do-PPR-04-25.pdf\">Relat\u00f3rio de Avalia\u00e7\u00e3o Anual de Execu\u00e7\u00e3o do PPR 04-25<\/a><\/p>\n\n\n\n<p class=\"has-text-align-left\"><a href=\"https:\/\/escoladigital.madeira.gov.pt\/eb1pepsol\/wp-content\/uploads\/sites\/22\/2025\/06\/Plano-de-Prevencao-de-Riscos-Corrupcao-e-Infracoes-fev2025.pdf\" data-type=\"link\" data-id=\"https:\/\/escoladigital.madeira.gov.pt\/eb1pepsol\/wp-content\/uploads\/sites\/22\/2025\/06\/Plano-de-Prevencao-de-Riscos-Corrupcao-e-Infracoes-fev2025.pdf\">Plano de preven\u00e7\u00e3o de riscos corrup\u00e7\u00e3o e infra\u00e7\u00f5es 2025<\/a><\/p>\n<\/blockquote>\n\n\n\n<p><\/p>\n","protected":false},"excerpt":{"rendered":"<p>Plano de forma\u00e7\u00e3o 2025 Relat\u00f3rio de Avalia\u00e7\u00e3o Anual de Execu\u00e7\u00e3o do PPR 04-25 Plano de preven\u00e7\u00e3o de riscos corrup\u00e7\u00e3o e infra\u00e7\u00f5es 2025<\/p>\n","protected":false},"author":31,"featured_media":0,"parent":0,"menu_order":0,"comment_status":"closed","ping_status":"closed","template":"","meta":{"_themeisle_gutenberg_block_has_review":false,"inspiro_hide_title":false,"footnotes":""},"class_list":["post-120","page","type-page","status-publish","hentry"],"_links":{"self":[{"href":"https:\/\/escoladigital.madeira.gov.pt\/eb1pepsol\/wp-json\/wp\/v2\/pages\/120","targetHints":{"allow":["GET"]}}],"collection":[{"href":"https:\/\/escoladigital.madeira.gov.pt\/eb1pepsol\/wp-json\/wp\/v2\/pages"}],"about":[{"href":"https:\/\/escoladigital.madeira.gov.pt\/eb1pepsol\/wp-json\/wp\/v2\/types\/page"}],"author":[{"embeddable":true,"href":"https:\/\/escoladigital.madeira.gov.pt\/eb1pepsol\/wp-json\/wp\/v2\/users\/31"}],"replies":[{"embeddable":true,"href":"https:\/\/escoladigital.madeira.gov.pt\/eb1pepsol\/wp-json\/wp\/v2\/comments?post=120"}],"version-history":[{"count":13,"href":"https:\/\/escoladigital.madeira.gov.pt\/eb1pepsol\/wp-json\/wp\/v2\/pages\/120\/revisions"}],"predecessor-version":[{"id":783,"href":"https:\/\/escoladigital.madeira.gov.pt\/eb1pepsol\/wp-json\/wp\/v2\/pages\/120\/revisions\/783"}],"wp:attachment":[{"href":"https:\/\/escoladigital.madeira.gov.pt\/eb1pepsol\/wp-json\/wp\/v2\/media?parent=120"}],"curies":[{"name":"wp","href":"https:\/\/api.w.org\/{rel}","templated":true}]}}