{"id":547,"date":"2024-10-21T10:48:00","date_gmt":"2024-10-21T10:48:00","guid":{"rendered":"https:\/\/escoladigital.madeira.gov.pt\/eb1pepsol\/?page_id=547"},"modified":"2025-10-27T07:56:26","modified_gmt":"2025-10-27T07:56:26","slug":"bebetecando","status":"publish","type":"page","link":"https:\/\/escoladigital.madeira.gov.pt\/eb1pepsol\/bebetecando\/","title":{"rendered":"Bebetecando"},"content":{"rendered":"\n<p>Este projeto tem como p\u00fablico-alvo as crian\u00e7as que frequentam a creche e o Pr\u00e9-Escolar no edif\u00edcio \u201cO Sol\u201d. A bebeteca \u00e9 um espa\u00e7o dedicado aos beb\u00e9s e \u00e0s crian\u00e7as at\u00e9 aos 3 anos de idade e est\u00e1 a funcionar em pleno desde janeiro de 2024.<\/p>\n\n\n\n<div data-wp-interactive=\"core\/file\" class=\"wp-block-file\"><object data-wp-bind--hidden=\"!state.hasPdfPreview\" hidden class=\"wp-block-file__embed\" data=\"https:\/\/escoladigital.madeira.gov.pt\/eb1pepsol\/wp-content\/uploads\/sites\/22\/2025\/10\/PROJETO_BEBETECANDO_2025-2026.pdf\" type=\"application\/pdf\" style=\"width:100%;height:600px\" aria-label=\"Incorpora\u00e7\u00e3o de PROJETO_BEBETECANDO_2025-2026.\"><\/object><a id=\"wp-block-file--media-5260a47d-a8ca-4ab8-ab58-b00e3d93ce21\" href=\"https:\/\/escoladigital.madeira.gov.pt\/eb1pepsol\/wp-content\/uploads\/sites\/22\/2025\/10\/PROJETO_BEBETECANDO_2025-2026.pdf\">PROJETO_BEBETECANDO_2025-2026<\/a><a href=\"https:\/\/escoladigital.madeira.gov.pt\/eb1pepsol\/wp-content\/uploads\/sites\/22\/2025\/10\/PROJETO_BEBETECANDO_2025-2026.pdf\" class=\"wp-block-file__button wp-element-button\" download aria-describedby=\"wp-block-file--media-5260a47d-a8ca-4ab8-ab58-b00e3d93ce21\">Descarregar<\/a><\/div>\n","protected":false},"excerpt":{"rendered":"<p>Este projeto tem como p\u00fablico-alvo as crian\u00e7as que frequentam a creche e o Pr\u00e9-Escolar no edif\u00edcio \u201cO Sol\u201d. A bebeteca \u00e9 um espa\u00e7o dedicado aos beb\u00e9s e \u00e0s crian\u00e7as at\u00e9 aos 3 anos de idade e est\u00e1 a funcionar em pleno desde janeiro de 2024.<\/p>\n","protected":false},"author":31,"featured_media":0,"parent":0,"menu_order":0,"comment_status":"closed","ping_status":"closed","template":"","meta":{"_themeisle_gutenberg_block_has_review":false,"inspiro_hide_title":false,"footnotes":""},"class_list":["post-547","page","type-page","status-publish","hentry"],"_links":{"self":[{"href":"https:\/\/escoladigital.madeira.gov.pt\/eb1pepsol\/wp-json\/wp\/v2\/pages\/547","targetHints":{"allow":["GET"]}}],"collection":[{"href":"https:\/\/escoladigital.madeira.gov.pt\/eb1pepsol\/wp-json\/wp\/v2\/pages"}],"about":[{"href":"https:\/\/escoladigital.madeira.gov.pt\/eb1pepsol\/wp-json\/wp\/v2\/types\/page"}],"author":[{"embeddable":true,"href":"https:\/\/escoladigital.madeira.gov.pt\/eb1pepsol\/wp-json\/wp\/v2\/users\/31"}],"replies":[{"embeddable":true,"href":"https:\/\/escoladigital.madeira.gov.pt\/eb1pepsol\/wp-json\/wp\/v2\/comments?post=547"}],"version-history":[{"count":2,"href":"https:\/\/escoladigital.madeira.gov.pt\/eb1pepsol\/wp-json\/wp\/v2\/pages\/547\/revisions"}],"predecessor-version":[{"id":826,"href":"https:\/\/escoladigital.madeira.gov.pt\/eb1pepsol\/wp-json\/wp\/v2\/pages\/547\/revisions\/826"}],"wp:attachment":[{"href":"https:\/\/escoladigital.madeira.gov.pt\/eb1pepsol\/wp-json\/wp\/v2\/media?parent=547"}],"curies":[{"name":"wp","href":"https:\/\/api.w.org\/{rel}","templated":true}]}}