{"id":275,"date":"2025-05-14T11:02:33","date_gmt":"2025-05-14T10:02:33","guid":{"rendered":"https:\/\/escoladigital.madeira.gov.pt\/eb1peralforra\/?page_id=275"},"modified":"2025-05-30T13:06:47","modified_gmt":"2025-05-30T12:06:47","slug":"desafios-seguranet-1-o-ciclo","status":"publish","type":"page","link":"https:\/\/escoladigital.madeira.gov.pt\/eb1peralforra\/desafios-seguranet-1-o-ciclo\/","title":{"rendered":"Desafios SeguraNet 1.\u00ba Ciclo"},"content":{"rendered":"\t\t<div data-elementor-type=\"wp-page\" data-elementor-id=\"275\" class=\"elementor elementor-275\">\n\t\t\t\t<div class=\"elementor-element elementor-element-8b795f7 e-flex e-con-boxed e-con e-parent\" data-id=\"8b795f7\" data-element_type=\"container\" data-e-type=\"container\">\n\t\t\t\t\t<div class=\"e-con-inner\">\n\t\t\t\t<div class=\"elementor-element elementor-element-1d5606f elementor-widget elementor-widget-heading\" data-id=\"1d5606f\" data-element_type=\"widget\" data-e-type=\"widget\" data-widget_type=\"heading.default\">\n\t\t\t\t<div class=\"elementor-widget-container\">\n\t\t\t\t\t<h2 class=\"elementor-heading-title elementor-size-default\">Desafios SeguraNet 1.\u00ba Ciclo<\/h2>\t\t\t\t<\/div>\n\t\t\t\t<\/div>\n\t\t\t\t\t<\/div>\n\t\t\t\t<\/div>\n\t\t<div class=\"elementor-element elementor-element-9b3bdda e-grid e-con-boxed e-con e-parent\" data-id=\"9b3bdda\" data-element_type=\"container\" data-e-type=\"container\">\n\t\t\t\t\t<div class=\"e-con-inner\">\n\t\t\t\t<div class=\"elementor-element elementor-element-374a69f elementor-widget elementor-widget-text-editor\" data-id=\"374a69f\" data-element_type=\"widget\" data-e-type=\"widget\" data-widget_type=\"text-editor.default\">\n\t\t\t\t<div class=\"elementor-widget-container\">\n\t\t\t\t\t\t\t\t\t<p>Com a explora\u00e7\u00e3o dos v\u00e1rios, Desafios SeguraNet pretende-se alertar, fomentar e estimular as comunidades educativas, alunos, professores e encarregados de educa\u00e7\u00e3o, para a import\u00e2ncia da Educa\u00e7\u00e3o para a Cidadania Digital.<\/p>\t\t\t\t\t\t\t\t<\/div>\n\t\t\t\t<\/div>\n\t\t\t\t\t<\/div>\n\t\t\t\t<\/div>\n\t\t<div class=\"elementor-element elementor-element-494b9e6 e-grid e-con-boxed e-con e-parent\" data-id=\"494b9e6\" data-element_type=\"container\" data-e-type=\"container\">\n\t\t\t\t\t<div class=\"e-con-inner\">\n\t\t\t\t<div class=\"elementor-element elementor-element-8320613 elementor-widget elementor-widget-spacer\" data-id=\"8320613\" data-element_type=\"widget\" data-e-type=\"widget\" data-widget_type=\"spacer.default\">\n\t\t\t\t<div class=\"elementor-widget-container\">\n\t\t\t\t\t\t\t<div class=\"elementor-spacer\">\n\t\t\t<div class=\"elementor-spacer-inner\"><\/div>\n\t\t<\/div>\n\t\t\t\t\t\t<\/div>\n\t\t\t\t<\/div>\n\t\t\t\t\t<\/div>\n\t\t\t\t<\/div>\n\t\t<div class=\"elementor-element elementor-element-f1b9ffc e-flex e-con-boxed e-con e-parent\" data-id=\"f1b9ffc\" data-element_type=\"container\" data-e-type=\"container\">\n\t\t\t\t\t<div class=\"e-con-inner\">\n\t\t<div class=\"elementor-element elementor-element-524f53f e-con-full e-flex e-con e-child\" data-id=\"524f53f\" data-element_type=\"container\" data-e-type=\"container\">\n\t\t\t\t<div class=\"elementor-element elementor-element-e5e666a elementor-widget elementor-widget-text-editor\" data-id=\"e5e666a\" data-element_type=\"widget\" data-e-type=\"widget\" data-widget_type=\"text-editor.default\">\n\t\t\t\t<div class=\"elementor-widget-container\">\n\t\t\t\t\t\t\t\t\t<p>Desafio 1 dirigido ao 1.\u00ba Ciclo<\/p><p>Exploradores do<br \/>Mundo Digital:<br \/>Protejam-se<br \/>Contra os Riscos<br \/>Online<\/p>\t\t\t\t\t\t\t\t<\/div>\n\t\t\t\t<\/div>\n\t\t\t\t<\/div>\n\t\t<div class=\"elementor-element elementor-element-ab33f61 e-con-full e-flex e-con e-child\" data-id=\"ab33f61\" data-element_type=\"container\" data-e-type=\"container\">\n\t\t\t\t<div class=\"elementor-element elementor-element-5910c7f elementor-widget elementor-widget-image\" data-id=\"5910c7f\" data-element_type=\"widget\" data-e-type=\"widget\" data-widget_type=\"image.default\">\n\t\t\t\t<div class=\"elementor-widget-container\">\n\t\t\t\t\t\t\t\t\t\t\t\t<figure class=\"wp-caption\">\n\t\t\t\t\t\t\t\t\t\t\t<a href=\"https:\/\/www.seguranet.pt\/sites\/default\/files\/upload\/primeirociclo\/Desafios%20SeguraNet%20Resposta%20ao%20Desafio%201%20EB1PE%20Ribeiro%20de%20Alforra.pdf\">\n\t\t\t\t\t\t\t<img fetchpriority=\"high\" decoding=\"async\" width=\"1024\" height=\"508\" src=\"https:\/\/escoladigital.madeira.gov.pt\/eb1peralforra\/wp-content\/uploads\/sites\/29\/2025\/05\/Desafio-1-1024x508.jpg\" class=\"attachment-large size-large wp-image-286\" alt=\"\" srcset=\"https:\/\/escoladigital.madeira.gov.pt\/eb1peralforra\/wp-content\/uploads\/sites\/29\/2025\/05\/Desafio-1-1024x508.jpg 1024w, https:\/\/escoladigital.madeira.gov.pt\/eb1peralforra\/wp-content\/uploads\/sites\/29\/2025\/05\/Desafio-1-300x149.jpg 300w, https:\/\/escoladigital.madeira.gov.pt\/eb1peralforra\/wp-content\/uploads\/sites\/29\/2025\/05\/Desafio-1-768x381.jpg 768w, https:\/\/escoladigital.madeira.gov.pt\/eb1peralforra\/wp-content\/uploads\/sites\/29\/2025\/05\/Desafio-1-1536x762.jpg 1536w, https:\/\/escoladigital.madeira.gov.pt\/eb1peralforra\/wp-content\/uploads\/sites\/29\/2025\/05\/Desafio-1-2048x1017.jpg 2048w\" sizes=\"(max-width: 1024px) 100vw, 1024px\" \/>\t\t\t\t\t\t\t\t<\/a>\n\t\t\t\t\t\t\t\t\t\t\t<figcaption class=\"widget-image-caption wp-caption-text\"><\/figcaption>\n\t\t\t\t\t\t\t\t\t\t<\/figure>\n\t\t\t\t\t\t\t\t\t<\/div>\n\t\t\t\t<\/div>\n\t\t\t\t<\/div>\n\t\t\t\t\t<\/div>\n\t\t\t\t<\/div>\n\t\t<div class=\"elementor-element elementor-element-836fed8 e-grid e-con-boxed e-con e-parent\" data-id=\"836fed8\" data-element_type=\"container\" data-e-type=\"container\">\n\t\t\t\t\t<div class=\"e-con-inner\">\n\t\t\t\t\t<\/div>\n\t\t\t\t<\/div>\n\t\t<div class=\"elementor-element elementor-element-0702f5e e-flex e-con-boxed e-con e-parent\" data-id=\"0702f5e\" data-element_type=\"container\" data-e-type=\"container\">\n\t\t\t\t\t<div class=\"e-con-inner\">\n\t\t<div class=\"elementor-element elementor-element-1d67b85 e-con-full e-flex e-con e-child\" data-id=\"1d67b85\" data-element_type=\"container\" data-e-type=\"container\">\n\t\t\t\t<div class=\"elementor-element elementor-element-d2b7712 elementor-widget elementor-widget-text-editor\" data-id=\"d2b7712\" data-element_type=\"widget\" data-e-type=\"widget\" data-widget_type=\"text-editor.default\">\n\t\t\t\t<div class=\"elementor-widget-container\">\n\t\t\t\t\t\t\t\t\t<p>Desafio 2 dirigido ao 1.\u00ba Ciclo<\/p><p>\u201cOs amigos organizam atividades para al\u00e9m do ecr\u00e3 com a ajuda da tecnologia.\u201d<\/p>\t\t\t\t\t\t\t\t<\/div>\n\t\t\t\t<\/div>\n\t\t\t\t<\/div>\n\t\t<div class=\"elementor-element elementor-element-b74f3d5 e-con-full e-flex e-con e-child\" data-id=\"b74f3d5\" data-element_type=\"container\" data-e-type=\"container\">\n\t\t\t\t<div class=\"elementor-element elementor-element-9b4e454 elementor-widget elementor-widget-image\" data-id=\"9b4e454\" data-element_type=\"widget\" data-e-type=\"widget\" data-widget_type=\"image.default\">\n\t\t\t\t<div class=\"elementor-widget-container\">\n\t\t\t\t\t\t\t\t\t\t\t\t\t\t\t\t<a href=\"https:\/\/padlet.com\/carvalho77ster\/seguranet-desafio-2-k78vclaol7p5hdvb\">\n\t\t\t\t\t\t\t<img decoding=\"async\" width=\"1024\" height=\"463\" src=\"https:\/\/escoladigital.madeira.gov.pt\/eb1peralforra\/wp-content\/uploads\/sites\/29\/2025\/05\/Desafio-2-1024x463.jpg\" class=\"attachment-large size-large wp-image-302\" alt=\"\" srcset=\"https:\/\/escoladigital.madeira.gov.pt\/eb1peralforra\/wp-content\/uploads\/sites\/29\/2025\/05\/Desafio-2-1024x463.jpg 1024w, https:\/\/escoladigital.madeira.gov.pt\/eb1peralforra\/wp-content\/uploads\/sites\/29\/2025\/05\/Desafio-2-300x136.jpg 300w, https:\/\/escoladigital.madeira.gov.pt\/eb1peralforra\/wp-content\/uploads\/sites\/29\/2025\/05\/Desafio-2-768x347.jpg 768w, https:\/\/escoladigital.madeira.gov.pt\/eb1peralforra\/wp-content\/uploads\/sites\/29\/2025\/05\/Desafio-2-1536x694.jpg 1536w, https:\/\/escoladigital.madeira.gov.pt\/eb1peralforra\/wp-content\/uploads\/sites\/29\/2025\/05\/Desafio-2-2048x926.jpg 2048w\" sizes=\"(max-width: 1024px) 100vw, 1024px\" \/>\t\t\t\t\t\t\t\t<\/a>\n\t\t\t\t\t\t\t\t\t\t\t\t\t\t\t<\/div>\n\t\t\t\t<\/div>\n\t\t\t\t<\/div>\n\t\t\t\t\t<\/div>\n\t\t\t\t<\/div>\n\t\t<div class=\"elementor-element elementor-element-3e79b28 e-grid e-con-boxed e-con e-parent\" data-id=\"3e79b28\" data-element_type=\"container\" data-e-type=\"container\">\n\t\t\t\t\t<div class=\"e-con-inner\">\n\t\t\t\t<div class=\"elementor-element elementor-element-4a2fb9a elementor-widget elementor-widget-spacer\" data-id=\"4a2fb9a\" data-element_type=\"widget\" data-e-type=\"widget\" data-widget_type=\"spacer.default\">\n\t\t\t\t<div class=\"elementor-widget-container\">\n\t\t\t\t\t\t\t<div class=\"elementor-spacer\">\n\t\t\t<div class=\"elementor-spacer-inner\"><\/div>\n\t\t<\/div>\n\t\t\t\t\t\t<\/div>\n\t\t\t\t<\/div>\n\t\t\t\t\t<\/div>\n\t\t\t\t<\/div>\n\t\t<div class=\"elementor-element elementor-element-8cb3d32 e-flex e-con-boxed e-con e-parent\" data-id=\"8cb3d32\" data-element_type=\"container\" data-e-type=\"container\">\n\t\t\t\t\t<div class=\"e-con-inner\">\n\t\t<div class=\"elementor-element elementor-element-993bba5 e-con-full e-flex e-con e-child\" data-id=\"993bba5\" data-element_type=\"container\" data-e-type=\"container\">\n\t\t\t\t<div class=\"elementor-element elementor-element-ea590a0 elementor-widget elementor-widget-text-editor\" data-id=\"ea590a0\" data-element_type=\"widget\" data-e-type=\"widget\" data-widget_type=\"text-editor.default\">\n\t\t\t\t<div class=\"elementor-widget-container\">\n\t\t\t\t\t\t\t\t\t<p>Desafio 3\u00a0<\/p>\t\t\t\t\t\t\t\t<\/div>\n\t\t\t\t<\/div>\n\t\t\t\t<\/div>\n\t\t<div class=\"elementor-element elementor-element-6f7176f e-con-full e-flex e-con e-child\" data-id=\"6f7176f\" data-element_type=\"container\" data-e-type=\"container\">\n\t\t\t\t<div class=\"elementor-element elementor-element-659b9b3 elementor-widget elementor-widget-image\" data-id=\"659b9b3\" data-element_type=\"widget\" data-e-type=\"widget\" data-widget_type=\"image.default\">\n\t\t\t\t<div class=\"elementor-widget-container\">\n\t\t\t\t\t\t\t\t\t\t\t\t\t\t\t\t<a href=\"https:\/\/escoladigital.madeira.gov.pt\/eb1peralforra\/wp-content\/uploads\/sites\/29\/2025\/05\/Resposta-ao-Desafio-3-Combate-e-Prevencao-ao-Discurso-de-Odio-EB1PE-Ribeiro-de-Alforra.pdf\" target=\"_blank\">\n\t\t\t\t\t\t\t<img decoding=\"async\" width=\"1024\" height=\"743\" src=\"https:\/\/escoladigital.madeira.gov.pt\/eb1peralforra\/wp-content\/uploads\/sites\/29\/2025\/05\/Desafio-3-1024x743.jpg\" class=\"attachment-large size-large wp-image-477\" alt=\"\" srcset=\"https:\/\/escoladigital.madeira.gov.pt\/eb1peralforra\/wp-content\/uploads\/sites\/29\/2025\/05\/Desafio-3-1024x743.jpg 1024w, https:\/\/escoladigital.madeira.gov.pt\/eb1peralforra\/wp-content\/uploads\/sites\/29\/2025\/05\/Desafio-3-300x218.jpg 300w, https:\/\/escoladigital.madeira.gov.pt\/eb1peralforra\/wp-content\/uploads\/sites\/29\/2025\/05\/Desafio-3-768x557.jpg 768w, https:\/\/escoladigital.madeira.gov.pt\/eb1peralforra\/wp-content\/uploads\/sites\/29\/2025\/05\/Desafio-3-1536x1114.jpg 1536w, https:\/\/escoladigital.madeira.gov.pt\/eb1peralforra\/wp-content\/uploads\/sites\/29\/2025\/05\/Desafio-3.jpg 1923w\" sizes=\"(max-width: 1024px) 100vw, 1024px\" \/>\t\t\t\t\t\t\t\t<\/a>\n\t\t\t\t\t\t\t\t\t\t\t\t\t\t\t<\/div>\n\t\t\t\t<\/div>\n\t\t\t\t<\/div>\n\t\t\t\t\t<\/div>\n\t\t\t\t<\/div>\n\t\t<div class=\"elementor-element elementor-element-91bcfed e-flex e-con-boxed e-con e-parent\" data-id=\"91bcfed\" data-element_type=\"container\" data-e-type=\"container\">\n\t\t\t\t\t<div class=\"e-con-inner\">\n\t\t\t\t<div class=\"elementor-element elementor-element-b5e866f elementor-widget elementor-widget-spacer\" data-id=\"b5e866f\" data-element_type=\"widget\" data-e-type=\"widget\" data-widget_type=\"spacer.default\">\n\t\t\t\t<div class=\"elementor-widget-container\">\n\t\t\t\t\t\t\t<div class=\"elementor-spacer\">\n\t\t\t<div class=\"elementor-spacer-inner\"><\/div>\n\t\t<\/div>\n\t\t\t\t\t\t<\/div>\n\t\t\t\t<\/div>\n\t\t\t\t\t<\/div>\n\t\t\t\t<\/div>\n\t\t<div class=\"elementor-element elementor-element-984f774 e-grid e-con-boxed e-con e-parent\" data-id=\"984f774\" data-element_type=\"container\" data-e-type=\"container\">\n\t\t\t\t\t<div class=\"e-con-inner\">\n\t\t\t\t<div class=\"elementor-element elementor-element-120182c elementor-widget__width-inherit elementor-grid-eael-col-4 elementor-grid-tablet-eael-col-2 elementor-grid-mobile-eael-col-1 elementor-widget elementor-widget-eael-post-grid\" data-id=\"120182c\" data-element_type=\"widget\" data-e-type=\"widget\" data-settings=\"{&quot;eael_post_grid_columns&quot;:&quot;eael-col-4&quot;,&quot;eael_post_grid_columns_tablet&quot;:&quot;eael-col-2&quot;,&quot;eael_post_grid_columns_mobile&quot;:&quot;eael-col-1&quot;}\" data-widget_type=\"eael-post-grid.default\">\n\t\t\t\t<div class=\"elementor-widget-container\">\n\t\t\t\t\t<div id=\"eael-post-grid-120182c\" class=\"eael-post-grid-container\">\n            <div class=\"eael-post-grid eael-post-appender eael-post-appender-120182c eael-post-grid-style-one\" data-layout-mode=\"masonry\"><article class=\"eael-grid-post  eael-post-grid-column eael-pg-post-460 category-seguranet\" data-id=\"460\">\n        <div class=\"eael-grid-post-holder\">\n            <div class=\"eael-grid-post-holder-inner\"><div class=\"eael-entry-media\"><div class=\"eael-entry-overlay fade-in\"><i class=\"fas fa-long-arrow-alt-right\" aria-hidden=\"true\"><\/i><a href=\"https:\/\/escoladigital.madeira.gov.pt\/eb1peralforra\/2025\/05\/29\/desafios-seguranet-1-o-ciclo\/\"><\/a><\/div><div class=\"eael-entry-thumbnail \">\n                <img loading=\"lazy\" decoding=\"async\" width=\"300\" height=\"200\" src=\"https:\/\/escoladigital.madeira.gov.pt\/eb1peralforra\/wp-content\/uploads\/sites\/29\/2025\/05\/Desadio-3-2025-300x200.jpg\" class=\"attachment-medium size-medium wp-image-462\" alt=\"\" srcset=\"https:\/\/escoladigital.madeira.gov.pt\/eb1peralforra\/wp-content\/uploads\/sites\/29\/2025\/05\/Desadio-3-2025-300x200.jpg 300w, https:\/\/escoladigital.madeira.gov.pt\/eb1peralforra\/wp-content\/uploads\/sites\/29\/2025\/05\/Desadio-3-2025-1024x683.jpg 1024w, https:\/\/escoladigital.madeira.gov.pt\/eb1peralforra\/wp-content\/uploads\/sites\/29\/2025\/05\/Desadio-3-2025-768x512.jpg 768w, https:\/\/escoladigital.madeira.gov.pt\/eb1peralforra\/wp-content\/uploads\/sites\/29\/2025\/05\/Desadio-3-2025.jpg 1193w\" sizes=\"(max-width: 300px) 100vw, 300px\" \/>\n            <\/div>\n        <\/div><div class=\"eael-entry-wrapper\"><header class=\"eael-entry-header\"><h2 class=\"eael-entry-title\"><a class=\"eael-grid-post-link\" href=\"https:\/\/escoladigital.madeira.gov.pt\/eb1peralforra\/2025\/05\/29\/desafios-seguranet-1-o-ciclo\/\" title=\"Desafios SeguraNet 1.\u00ba Ciclo\">Desafios SeguraNet 1.\u00ba Ciclo<\/a><\/h2><\/header><div class=\"eael-entry-content\">\n                        <div class=\"eael-grid-post-excerpt\"><p><\/p><a href=\"https:\/\/escoladigital.madeira.gov.pt\/eb1peralforra\/2025\/05\/29\/desafios-seguranet-1-o-ciclo\/\" class=\"eael-post-elements-readmore-btn\">Read More<\/a><\/div>\n                    <\/div><div class=\"eael-entry-footer\"><div class=\"eael-author-avatar\"><a href=\"https:\/\/escoladigital.madeira.gov.pt\/eb1peralforra\/author\/eb1peralforra\/\"><img alt='eb1peralforra' src='https:\/\/secure.gravatar.com\/avatar\/25f238cbdcc0bcdd46a0642167dfd351be5cf84fd1779d99ffe999486f80048c?s=96&#038;d=mm&#038;r=g' srcset='https:\/\/secure.gravatar.com\/avatar\/25f238cbdcc0bcdd46a0642167dfd351be5cf84fd1779d99ffe999486f80048c?s=192&#038;d=mm&#038;r=g 2x' class='avatar avatar-96 photo' height='96' width='96' \/><\/a><\/div><div class=\"eael-entry-meta\"><span class=\"eael-posted-by\"><a href=\"https:\/\/escoladigital.madeira.gov.pt\/eb1peralforra\/author\/eb1peralforra\/\" title=\"Posts by eb1peralforra\" rel=\"author\">eb1peralforra<\/a><\/span><span class=\"eael-posted-on\"><time datetime=\"29 de Maio, 2025\">29 de Maio, 2025<\/time><\/span><\/div><\/div><\/div><\/div>\n        <\/div>\n    <\/article><article class=\"eael-grid-post  eael-post-grid-column eael-pg-post-431 category-seguranet\" data-id=\"431\">\n        <div class=\"eael-grid-post-holder\">\n            <div class=\"eael-grid-post-holder-inner\"><div class=\"eael-entry-media\"><div class=\"eael-entry-overlay fade-in\"><i class=\"fas fa-long-arrow-alt-right\" aria-hidden=\"true\"><\/i><a href=\"https:\/\/escoladigital.madeira.gov.pt\/eb1peralforra\/2025\/05\/25\/viii-encontro-regional-seguranet-ambiente-digital-seguro\/\"><\/a><\/div><div class=\"eael-entry-thumbnail \">\n                <img loading=\"lazy\" decoding=\"async\" width=\"300\" height=\"248\" src=\"https:\/\/escoladigital.madeira.gov.pt\/eb1peralforra\/wp-content\/uploads\/sites\/29\/2025\/05\/Seguranet-300x248.jpg\" class=\"attachment-medium size-medium wp-image-436\" alt=\"\" srcset=\"https:\/\/escoladigital.madeira.gov.pt\/eb1peralforra\/wp-content\/uploads\/sites\/29\/2025\/05\/Seguranet-300x248.jpg 300w, https:\/\/escoladigital.madeira.gov.pt\/eb1peralforra\/wp-content\/uploads\/sites\/29\/2025\/05\/Seguranet-768x634.jpg 768w, https:\/\/escoladigital.madeira.gov.pt\/eb1peralforra\/wp-content\/uploads\/sites\/29\/2025\/05\/Seguranet.jpg 922w\" sizes=\"(max-width: 300px) 100vw, 300px\" \/>\n            <\/div>\n        <\/div><div class=\"eael-entry-wrapper\"><header class=\"eael-entry-header\"><h2 class=\"eael-entry-title\"><a class=\"eael-grid-post-link\" href=\"https:\/\/escoladigital.madeira.gov.pt\/eb1peralforra\/2025\/05\/25\/viii-encontro-regional-seguranet-ambiente-digital-seguro\/\" title=\"VIII Encontro Regional SeguraNet | Ambiente Digital Seguro\">VIII Encontro Regional SeguraNet | Ambiente Digital Seguro<\/a><\/h2><\/header><div class=\"eael-entry-content\">\n                        <div class=\"eael-grid-post-excerpt\"><p><\/p><a href=\"https:\/\/escoladigital.madeira.gov.pt\/eb1peralforra\/2025\/05\/25\/viii-encontro-regional-seguranet-ambiente-digital-seguro\/\" class=\"eael-post-elements-readmore-btn\">Read More<\/a><\/div>\n                    <\/div><div class=\"eael-entry-footer\"><div class=\"eael-author-avatar\"><a href=\"https:\/\/escoladigital.madeira.gov.pt\/eb1peralforra\/author\/eb1peralforra\/\"><img alt='eb1peralforra' src='https:\/\/secure.gravatar.com\/avatar\/25f238cbdcc0bcdd46a0642167dfd351be5cf84fd1779d99ffe999486f80048c?s=96&#038;d=mm&#038;r=g' srcset='https:\/\/secure.gravatar.com\/avatar\/25f238cbdcc0bcdd46a0642167dfd351be5cf84fd1779d99ffe999486f80048c?s=192&#038;d=mm&#038;r=g 2x' class='avatar avatar-96 photo' height='96' width='96' \/><\/a><\/div><div class=\"eael-entry-meta\"><span class=\"eael-posted-by\"><a href=\"https:\/\/escoladigital.madeira.gov.pt\/eb1peralforra\/author\/eb1peralforra\/\" title=\"Posts by eb1peralforra\" rel=\"author\">eb1peralforra<\/a><\/span><span class=\"eael-posted-on\"><time datetime=\"25 de Maio, 2025\">25 de Maio, 2025<\/time><\/span><\/div><\/div><\/div><\/div>\n        <\/div>\n    <\/article><\/div>\n            <div class=\"clearfix\"><\/div>\n        <\/div>\t\t\t\t<\/div>\n\t\t\t\t<\/div>\n\t\t\t\t\t<\/div>\n\t\t\t\t<\/div>\n\t\t\t\t<\/div>\n\t\t","protected":false},"excerpt":{"rendered":"<p>Desafios SeguraNet 1.\u00ba Ciclo Com a explora\u00e7\u00e3o dos v\u00e1rios, Desafios SeguraNet pretende-se alertar, fomentar e estimular as comunidades educativas, alunos, [&hellip;]<\/p>\n","protected":false},"author":39,"featured_media":0,"parent":0,"menu_order":0,"comment_status":"closed","ping_status":"closed","template":"","meta":{"site-sidebar-layout":"no-sidebar","site-content-layout":"","ast-site-content-layout":"full-width-container","site-content-style":"default","site-sidebar-style":"default","ast-global-header-display":"","ast-banner-title-visibility":"","ast-main-header-display":"","ast-hfb-above-header-display":"","ast-hfb-below-header-display":"","ast-hfb-mobile-header-display":"","site-post-title":"disabled","ast-breadcrumbs-content":"","ast-featured-img":"disabled","footer-sml-layout":"","ast-disable-related-posts":"","theme-transparent-header-meta":"","adv-header-id-meta":"","stick-header-meta":"","header-above-stick-meta":"","header-main-stick-meta":"","header-below-stick-meta":"","astra-migrate-meta-layouts":"default","ast-page-background-enabled":"default","ast-page-background-meta":{"desktop":{"background-color":"var(--ast-global-color-5)","background-image":"","background-repeat":"repeat","background-position":"center center","background-size":"auto","background-attachment":"scroll","background-type":"","background-media":"","overlay-type":"","overlay-color":"","overlay-opacity":"","overlay-gradient":""},"tablet":{"background-color":"","background-image":"","background-repeat":"repeat","background-position":"center center","background-size":"auto","background-attachment":"scroll","background-type":"","background-media":"","overlay-type":"","overlay-color":"","overlay-opacity":"","overlay-gradient":""},"mobile":{"background-color":"","background-image":"","background-repeat":"repeat","background-position":"center center","background-size":"auto","background-attachment":"scroll","background-type":"","background-media":"","overlay-type":"","overlay-color":"","overlay-opacity":"","overlay-gradient":""}},"ast-content-background-meta":{"desktop":{"background-color":"var(--ast-global-color-4)","background-image":"","background-repeat":"repeat","background-position":"center center","background-size":"auto","background-attachment":"scroll","background-type":"","background-media":"","overlay-type":"","overlay-color":"","overlay-opacity":"","overlay-gradient":""},"tablet":{"background-color":"var(--ast-global-color-4)","background-image":"","background-repeat":"repeat","background-position":"center center","background-size":"auto","background-attachment":"scroll","background-type":"","background-media":"","overlay-type":"","overlay-color":"","overlay-opacity":"","overlay-gradient":""},"mobile":{"background-color":"var(--ast-global-color-4)","background-image":"","background-repeat":"repeat","background-position":"center center","background-size":"auto","background-attachment":"scroll","background-type":"","background-media":"","overlay-type":"","overlay-color":"","overlay-opacity":"","overlay-gradient":""}},"_themeisle_gutenberg_block_has_review":false,"footnotes":""},"class_list":["post-275","page","type-page","status-publish","hentry"],"_links":{"self":[{"href":"https:\/\/escoladigital.madeira.gov.pt\/eb1peralforra\/wp-json\/wp\/v2\/pages\/275","targetHints":{"allow":["GET"]}}],"collection":[{"href":"https:\/\/escoladigital.madeira.gov.pt\/eb1peralforra\/wp-json\/wp\/v2\/pages"}],"about":[{"href":"https:\/\/escoladigital.madeira.gov.pt\/eb1peralforra\/wp-json\/wp\/v2\/types\/page"}],"author":[{"embeddable":true,"href":"https:\/\/escoladigital.madeira.gov.pt\/eb1peralforra\/wp-json\/wp\/v2\/users\/39"}],"replies":[{"embeddable":true,"href":"https:\/\/escoladigital.madeira.gov.pt\/eb1peralforra\/wp-json\/wp\/v2\/comments?post=275"}],"version-history":[{"count":38,"href":"https:\/\/escoladigital.madeira.gov.pt\/eb1peralforra\/wp-json\/wp\/v2\/pages\/275\/revisions"}],"predecessor-version":[{"id":482,"href":"https:\/\/escoladigital.madeira.gov.pt\/eb1peralforra\/wp-json\/wp\/v2\/pages\/275\/revisions\/482"}],"wp:attachment":[{"href":"https:\/\/escoladigital.madeira.gov.pt\/eb1peralforra\/wp-json\/wp\/v2\/media?parent=275"}],"curies":[{"name":"wp","href":"https:\/\/api.w.org\/{rel}","templated":true}]}}