{"id":51,"date":"2025-01-29T15:14:39","date_gmt":"2025-01-29T15:14:39","guid":{"rendered":"https:\/\/escoladigital.madeira.gov.pt\/eb1perbrava\/?page_id=51"},"modified":"2025-06-23T11:01:52","modified_gmt":"2025-06-23T11:01:52","slug":"projetos-e-clubes","status":"publish","type":"page","link":"https:\/\/escoladigital.madeira.gov.pt\/eb1perbrava\/projetos-e-clubes\/","title":{"rendered":"Projetos e Clubes"},"content":{"rendered":"\n<div id=\"wp-block-themeisle-blocks-accordion-be800448\" class=\"wp-block-themeisle-blocks-accordion exclusive\">\n<details class=\"wp-block-themeisle-blocks-accordion-item\"><summary class=\"wp-block-themeisle-blocks-accordion-item__title\"><div>Programa Eco-escolas<\/div><\/summary><div class=\"wp-block-themeisle-blocks-accordion-item__content\">\n<figure class=\"wp-block-image size-full is-resized\"><img fetchpriority=\"high\" decoding=\"async\" width=\"986\" height=\"616\" src=\"https:\/\/escoladigital.madeira.gov.pt\/eb1perbrava\/wp-content\/uploads\/sites\/46\/2025\/02\/image-2.png\" alt=\"\" class=\"wp-image-449\" style=\"width:260px;height:auto\" srcset=\"https:\/\/escoladigital.madeira.gov.pt\/eb1perbrava\/wp-content\/uploads\/sites\/46\/2025\/02\/image-2.png 986w, https:\/\/escoladigital.madeira.gov.pt\/eb1perbrava\/wp-content\/uploads\/sites\/46\/2025\/02\/image-2-300x187.png 300w, https:\/\/escoladigital.madeira.gov.pt\/eb1perbrava\/wp-content\/uploads\/sites\/46\/2025\/02\/image-2-768x480.png 768w\" sizes=\"(max-width: 986px) 100vw, 986px\" \/><\/figure>\n\n\n\n<div class=\"wp-block-columns is-layout-flex wp-container-core-columns-is-layout-28f84493 wp-block-columns-is-layout-flex\">\n<div class=\"wp-block-column is-layout-flow wp-block-column-is-layout-flow\" style=\"flex-basis:100%\">\n<div class=\"wp-block-group is-layout-constrained wp-block-group-is-layout-constrained\">\n<p class=\"has-text-align-left\">Eco-Escolas \u00e9 um programa internacional da \u201cFoundation for Environmental Education\u201d, desenvolvido em Portugal desde 1996 pela ABAE. Pretende encorajar a\u00e7\u00f5es e reconhecer o trabalho de qualidade desenvolvido pela escola, no \u00e2mbito da Educa\u00e7\u00e3o Ambiental para a Sustentabilidade.<br>O programa \u00e9 coordenado a n\u00edvel internacional, nacional, regional e de escola. Esta coordena\u00e7\u00e3o multin\u00edvel permite a conflu\u00eancia para objetivos, metodologias e crit\u00e9rios comuns que respeitam a especificidade de cada escola relativamente aos seus alunos e carater\u00edsticas do meio envolvente.<\/p>\n<\/div>\n\n\n\n<figure class=\"wp-block-image aligncenter size-large is-resized\"><img decoding=\"async\" width=\"931\" height=\"1024\" src=\"https:\/\/escoladigital.madeira.gov.pt\/eb1perbrava\/wp-content\/uploads\/sites\/46\/2025\/06\/WhatsApp-Image-2025-06-23-at-09.43.19-931x1024.jpeg\" alt=\"\" class=\"wp-image-656\" style=\"width:404px;height:auto\" srcset=\"https:\/\/escoladigital.madeira.gov.pt\/eb1perbrava\/wp-content\/uploads\/sites\/46\/2025\/06\/WhatsApp-Image-2025-06-23-at-09.43.19-931x1024.jpeg 931w, https:\/\/escoladigital.madeira.gov.pt\/eb1perbrava\/wp-content\/uploads\/sites\/46\/2025\/06\/WhatsApp-Image-2025-06-23-at-09.43.19-273x300.jpeg 273w, https:\/\/escoladigital.madeira.gov.pt\/eb1perbrava\/wp-content\/uploads\/sites\/46\/2025\/06\/WhatsApp-Image-2025-06-23-at-09.43.19-768x845.jpeg 768w, https:\/\/escoladigital.madeira.gov.pt\/eb1perbrava\/wp-content\/uploads\/sites\/46\/2025\/06\/WhatsApp-Image-2025-06-23-at-09.43.19-1397x1536.jpeg 1397w, https:\/\/escoladigital.madeira.gov.pt\/eb1perbrava\/wp-content\/uploads\/sites\/46\/2025\/06\/WhatsApp-Image-2025-06-23-at-09.43.19.jpeg 1455w\" sizes=\"(max-width: 931px) 100vw, 931px\" \/><\/figure>\n<\/div>\n<\/div>\n<\/div><\/details>\n\n\n\n<details class=\"wp-block-themeisle-blocks-accordion-item\"><summary class=\"wp-block-themeisle-blocks-accordion-item__title\"><div>ESPR &#8211; Educa\u00e7\u00e3o para a seguran\u00e7a e preven\u00e7\u00e3o de riscos<\/div><\/summary><div class=\"wp-block-themeisle-blocks-accordion-item__content\">\n<figure class=\"wp-block-image size-full is-resized\"><img decoding=\"async\" width=\"662\" height=\"316\" src=\"https:\/\/escoladigital.madeira.gov.pt\/eb1perbrava\/wp-content\/uploads\/sites\/46\/2025\/02\/image.png\" alt=\"\" class=\"wp-image-439\" style=\"width:334px;height:auto\" srcset=\"https:\/\/escoladigital.madeira.gov.pt\/eb1perbrava\/wp-content\/uploads\/sites\/46\/2025\/02\/image.png 662w, https:\/\/escoladigital.madeira.gov.pt\/eb1perbrava\/wp-content\/uploads\/sites\/46\/2025\/02\/image-300x143.png 300w\" sizes=\"(max-width: 662px) 100vw, 662px\" \/><\/figure>\n\n\n\n<p>O Projeto de Educa\u00e7\u00e3o para a Seguran\u00e7a e Preven\u00e7\u00e3o de Riscos (ESPR) permite dotar os alunos de conhecimentos sobre os diferentes riscos a que est\u00e3o expostos e incentivar a ado\u00e7\u00e3o consciente de atitudes e comportamentos de preven\u00e7\u00e3o e de autoprote\u00e7\u00e3o que minimizem a exposi\u00e7\u00e3o e vulnerabilidade a diversos tipos de acidentes e que consciencializem e treinem alguns procedimentos de preven\u00e7\u00e3o e emerg\u00eancia.<\/p>\n<\/div><\/details>\n<\/div>\n\n\n\n<div id=\"wp-block-themeisle-blocks-accordion-aa651fb9\" class=\"wp-block-themeisle-blocks-accordion exclusive\">\n<details class=\"wp-block-themeisle-blocks-accordion-item\"><summary class=\"wp-block-themeisle-blocks-accordion-item__title\"><div>Clube de artes e cultura &#8211; 3\u00baA, 3\u00baB, 4\u00baA, 4\u00baB e 4\u00baC<\/div><\/summary><div class=\"wp-block-themeisle-blocks-accordion-item__content\">\n<p>Sensibilizar os alunos para a import\u00e2ncia das artes; Identificar os espa\u00e7os \u00e0 sua volta (a sua comunidade).<\/p>\n\n\n\n<p>Promover e divulgar as artes pl\u00e1sticas; Enriquecer os alunos de compet\u00eancias t\u00e9cnicas para a produ\u00e7\u00e3o art\u00edstica no \u00e2mbito do desenho, pintura, colagem e escultura;<\/p>\n\n\n\n<p>Manifestar capacidades expressivas e criativas nas suas produ\u00e7\u00f5es pl\u00e1sticas, evidenciando os conhecimentos e t\u00e9cnicas adquiridas;<\/p>\n\n\n\n<p>Reconhecer elementos da sua pr\u00f3pria cultura, diferentes aspetos de si pr\u00f3prio e identificar pessoas, lugares e aspetos que s\u00e3o importantes para si e para sua cultura;<\/p>\n\n\n\n<p><\/p>\n\n\n\n<p><\/p>\n<\/div><\/details>\n\n\n\n<details class=\"wp-block-themeisle-blocks-accordion-item\"><summary class=\"wp-block-themeisle-blocks-accordion-item__title\"><div>Clube de Escrita Criativa &#8211; 4\u00baA<\/div><\/summary><div class=\"wp-block-themeisle-blocks-accordion-item__content\">\n<p>Escrever de forma descontra\u00edda e criativa; Promover o gosto pela leitura e pela escrita criativa; Participar em desafios de escrita.<\/p>\n<\/div><\/details>\n<\/div>\n\n\n\n<div id=\"wp-block-themeisle-blocks-accordion-1cc63a7d\" class=\"wp-block-themeisle-blocks-accordion exclusive\">\n<details class=\"wp-block-themeisle-blocks-accordion-item\"><summary class=\"wp-block-themeisle-blocks-accordion-item__title\"><div>Clube das experi\u00eancias &#8211; 4\u00baC<\/div><\/summary><div class=\"wp-block-themeisle-blocks-accordion-item__content\">\n<p>This is a placeholder tab content. It is important to have the necessary information in the block, but at this stage, it is just a placeholder to help you visualise how the content is displayed. Feel free to edit this with your actual content.<\/p>\n<\/div><\/details>\n\n\n\n<details class=\"wp-block-themeisle-blocks-accordion-item\"><summary class=\"wp-block-themeisle-blocks-accordion-item__title\"><div>clube &#8220;da horta \u00e0 mesa&#8221; &#8211; 3\u00baA e 3\u00baB<\/div><\/summary><div class=\"wp-block-themeisle-blocks-accordion-item__content\">\n<p>This is a placeholder tab content. It is important to have the necessary information in the block, but at this stage, it is just a placeholder to help you visualise how the content is displayed. Feel free to edit this with your actual content.<\/p>\n<\/div><\/details>\n\n\n\n<details class=\"wp-block-themeisle-blocks-accordion-item\"><summary class=\"wp-block-themeisle-blocks-accordion-item__title\"><div>clube das ci\u00eancias da computa\u00e7\u00e3o e EducaMedia &#8211; 2\u00baA e 2\u00baB<\/div><\/summary><div class=\"wp-block-themeisle-blocks-accordion-item__content\">\n<figure class=\"wp-block-image size-full is-resized\"><img loading=\"lazy\" decoding=\"async\" width=\"791\" height=\"365\" src=\"https:\/\/escoladigital.madeira.gov.pt\/eb1perbrava\/wp-content\/uploads\/sites\/46\/2025\/02\/image-1.png\" alt=\"\" class=\"wp-image-444\" style=\"width:222px;height:auto\" srcset=\"https:\/\/escoladigital.madeira.gov.pt\/eb1perbrava\/wp-content\/uploads\/sites\/46\/2025\/02\/image-1.png 791w, https:\/\/escoladigital.madeira.gov.pt\/eb1perbrava\/wp-content\/uploads\/sites\/46\/2025\/02\/image-1-300x138.png 300w, https:\/\/escoladigital.madeira.gov.pt\/eb1perbrava\/wp-content\/uploads\/sites\/46\/2025\/02\/image-1-768x354.png 768w\" sizes=\"(max-width: 791px) 100vw, 791px\" \/><\/figure>\n\n\n\n<p>A integra\u00e7\u00e3o das Ci\u00eancias da Computa\u00e7\u00e3o na educa\u00e7\u00e3o proporciona, aos alunos, uma compreens\u00e3o abrangente sobre o funcionamento e a aplica\u00e7\u00e3o da tecnologia no mundo moderno. Esta \u00e1rea n\u00e3o se limita apenas ao desenvolvimento de compet\u00eancias t\u00e9cnicas, mas tamb\u00e9m promove o pensamento cr\u00edtico, a resolu\u00e7\u00e3o de problemas de forma criativa e a capacidade de trabalhar colaborativamente, compet\u00eancias essenciais para o sucesso no s\u00e9culo XXI.<\/p>\n\n\n\n<figure class=\"wp-block-image size-full\"><img loading=\"lazy\" decoding=\"async\" width=\"401\" height=\"127\" src=\"https:\/\/escoladigital.madeira.gov.pt\/eb1perbrava\/wp-content\/uploads\/sites\/46\/2025\/03\/icone-peq-educamedia.png\" alt=\"\" class=\"wp-image-537\" srcset=\"https:\/\/escoladigital.madeira.gov.pt\/eb1perbrava\/wp-content\/uploads\/sites\/46\/2025\/03\/icone-peq-educamedia.png 401w, https:\/\/escoladigital.madeira.gov.pt\/eb1perbrava\/wp-content\/uploads\/sites\/46\/2025\/03\/icone-peq-educamedia-300x95.png 300w\" sizes=\"(max-width: 401px) 100vw, 401px\" \/><figcaption class=\"wp-element-caption\">O programa EDUCAMEDIA Assenta na vertente &#8220;Educa\u00e7\u00e3o para os media\u201d e apresenta-se como ve\u00edculo de promo\u00e7\u00e3o da inclus\u00e3o social e exerc\u00edcio da cidadania, procura melhorar a qualidade do ensino nas escolas e a qualidade de vida das comunidades nas quais se insere. Visa tamb\u00e9m introduzir novos m\u00e9todos pedag\u00f3gicos na sala de aula, promover novas t\u00e9cnicas de ensino e formas alternativas de aprendizagem ativa.<\/figcaption><\/figure>\n\n\n\n<div id=\"wp-block-themeisle-blocks-slider-964f53c5\" class=\"wp-block-themeisle-blocks-slider glide\" data-per-view=\"1\" data-gap=\"0\" data-peek=\"0\" data-autoplay=\"true\" data-height=\"400px\" data-hide-arrows=\"false\"><div class=\"glide__track\" data-glide-el=\"track\"><div class=\"glide__slides\"><div class=\"wp-block-themeisle-blocks-slider-item-wrapper glide__slide\"><figure><img decoding=\"async\" class=\"wp-block-themeisle-blocks-slider-item\" src=\"https:\/\/escoladigital.madeira.gov.pt\/eb1perbrava\/wp-content\/uploads\/sites\/46\/2025\/06\/WhatsApp-Image-2025-06-20-at-19.26.26-scaled.jpeg\" alt=\"\" title=\"\" data-id=\"665\" \/><\/figure><\/div><div class=\"wp-block-themeisle-blocks-slider-item-wrapper glide__slide\"><figure><img decoding=\"async\" class=\"wp-block-themeisle-blocks-slider-item\" src=\"https:\/\/escoladigital.madeira.gov.pt\/eb1perbrava\/wp-content\/uploads\/sites\/46\/2025\/06\/WhatsApp-Image-2025-06-18-at-23.18.46-scaled.jpeg\" alt=\"\" title=\"\" data-id=\"663\" \/><\/figure><\/div><div class=\"wp-block-themeisle-blocks-slider-item-wrapper glide__slide\"><figure><img decoding=\"async\" class=\"wp-block-themeisle-blocks-slider-item\" src=\"https:\/\/escoladigital.madeira.gov.pt\/eb1perbrava\/wp-content\/uploads\/sites\/46\/2025\/06\/WhatsApp-Image-2025-06-18-at-18.29.25-3.jpeg\" alt=\"\" title=\"\" data-id=\"660\" \/><\/figure><\/div><div class=\"wp-block-themeisle-blocks-slider-item-wrapper glide__slide\"><figure><img decoding=\"async\" class=\"wp-block-themeisle-blocks-slider-item\" src=\"https:\/\/escoladigital.madeira.gov.pt\/eb1perbrava\/wp-content\/uploads\/sites\/46\/2025\/06\/WhatsApp-Image-2025-06-18-at-18.29.25.jpeg\" alt=\"\" title=\"\" data-id=\"666\" \/><\/figure><\/div><div class=\"wp-block-themeisle-blocks-slider-item-wrapper glide__slide\"><figure><img decoding=\"async\" class=\"wp-block-themeisle-blocks-slider-item\" src=\"https:\/\/escoladigital.madeira.gov.pt\/eb1perbrava\/wp-content\/uploads\/sites\/46\/2025\/06\/WhatsApp-Image-2025-06-18-at-18.29.24.jpeg\" alt=\"\" title=\"\" data-id=\"661\" \/><\/figure><\/div><div class=\"wp-block-themeisle-blocks-slider-item-wrapper glide__slide\"><figure><img decoding=\"async\" class=\"wp-block-themeisle-blocks-slider-item\" src=\"https:\/\/escoladigital.madeira.gov.pt\/eb1perbrava\/wp-content\/uploads\/sites\/46\/2025\/06\/WhatsApp-Image-2025-06-18-at-17.02.03.jpeg\" alt=\"\" title=\"\" data-id=\"662\" \/><\/figure><\/div><div class=\"wp-block-themeisle-blocks-slider-item-wrapper glide__slide\"><figure><img decoding=\"async\" class=\"wp-block-themeisle-blocks-slider-item\" src=\"https:\/\/escoladigital.madeira.gov.pt\/eb1perbrava\/wp-content\/uploads\/sites\/46\/2025\/06\/WhatsApp-Image-2025-06-18-at-17.02.02-1.jpeg\" alt=\"\" title=\"\" data-id=\"664\" \/><\/figure><\/div><div class=\"wp-block-themeisle-blocks-slider-item-wrapper glide__slide\"><figure><img decoding=\"async\" class=\"wp-block-themeisle-blocks-slider-item\" src=\"https:\/\/escoladigital.madeira.gov.pt\/eb1perbrava\/wp-content\/uploads\/sites\/46\/2025\/06\/WhatsApp-Image-2025-06-18-at-17.02.02.jpeg\" alt=\"\" title=\"\" data-id=\"667\" \/><\/figure><\/div><div class=\"wp-block-themeisle-blocks-slider-item-wrapper glide__slide\"><figure><img decoding=\"async\" class=\"wp-block-themeisle-blocks-slider-item\" src=\"https:\/\/escoladigital.madeira.gov.pt\/eb1perbrava\/wp-content\/uploads\/sites\/46\/2025\/06\/zoot.webp\" alt=\"\" title=\"\" data-id=\"668\" \/><\/figure><\/div><\/div><div class=\"glide__bullets\" data-glide-el=\"controls[nav]\"><button class=\"glide__bullet\" data-glide-dir=\"=0\"><\/button><button class=\"glide__bullet\" data-glide-dir=\"=1\"><\/button><button class=\"glide__bullet\" data-glide-dir=\"=2\"><\/button><button class=\"glide__bullet\" data-glide-dir=\"=3\"><\/button><button class=\"glide__bullet\" data-glide-dir=\"=4\"><\/button><button class=\"glide__bullet\" data-glide-dir=\"=5\"><\/button><button class=\"glide__bullet\" data-glide-dir=\"=6\"><\/button><button class=\"glide__bullet\" data-glide-dir=\"=7\"><\/button><button class=\"glide__bullet\" data-glide-dir=\"=8\"><\/button><\/div><\/div><\/div>\n<\/div><\/details>\n<\/div>\n\n\n\n<div id=\"wp-block-themeisle-blocks-accordion-48110c78\" class=\"wp-block-themeisle-blocks-accordion exclusive\">\n<details class=\"wp-block-themeisle-blocks-accordion-item\"><summary class=\"wp-block-themeisle-blocks-accordion-item__title\"><div>Clube de xadrez &#8211; 3\u00baA, 3\u00baB, 4\u00baA, 4\u00baB e 4\u00baC<\/div><\/summary><div class=\"wp-block-themeisle-blocks-accordion-item__content\">\n<p>Desenvolver as capacidades de racioc\u00ednio, resolu\u00e7\u00e3o de problemas, criatividade, estrat\u00e9gia, observa\u00e7\u00e3o e de iniciativa; Proporcionar um espa\u00e7o de aprendizagem de um jogo desportivo e desenvolvimento de compet\u00eancias matem\u00e1ticas.<\/p>\n\n\n\n<h2 class=\"wp-block-heading\">IV Torneio de Xadrez 2025<\/h2>\n\n\n\n<p>Clique no \u00edcone para aceder \u00e0 publica\u00e7\u00e3o deste evento <\/p>\n\n\n\n<ul class=\"wp-block-social-links is-layout-flex wp-block-social-links-is-layout-flex\"><li class=\"wp-social-link wp-social-link-facebook  wp-block-social-link\"><a href=\"https:\/\/www.facebook.com\/story.php?story_fbid=1149246597246654&#038;id=100064839722291&#038;rdid=ru67ROBpC9LuQvQ0#\" class=\"wp-block-social-link-anchor\"><svg width=\"24\" height=\"24\" viewBox=\"0 0 24 24\" version=\"1.1\" xmlns=\"http:\/\/www.w3.org\/2000\/svg\" aria-hidden=\"true\" focusable=\"false\"><path d=\"M12 2C6.5 2 2 6.5 2 12c0 5 3.7 9.1 8.4 9.9v-7H7.9V12h2.5V9.8c0-2.5 1.5-3.9 3.8-3.9 1.1 0 2.2.2 2.2.2v2.5h-1.3c-1.2 0-1.6.8-1.6 1.6V12h2.8l-.4 2.9h-2.3v7C18.3 21.1 22 17 22 12c0-5.5-4.5-10-10-10z\"><\/path><\/svg><span class=\"wp-block-social-link-label screen-reader-text\">Facebook<\/span><\/a><\/li><\/ul>\n<\/div><\/details>\n\n\n\n<details class=\"wp-block-themeisle-blocks-accordion-item\"><summary class=\"wp-block-themeisle-blocks-accordion-item__title\"><div>clube ludoteca &#8211; 1\u00baA e 1\u00baB; 2\u00baA e 2\u00baB<\/div><\/summary><div class=\"wp-block-themeisle-blocks-accordion-item__content\">\n<p>Estimular a aten\u00e7\u00e3o, observa\u00e7\u00e3o, a reflex\u00e3o e a leitura cr\u00edtica; Fortalecer as emo\u00e7\u00f5es, a cogni\u00e7\u00e3o e a intera\u00e7\u00e3o; Desenvolver a criatividade e a imagina\u00e7\u00e3o.<\/p>\n<\/div><\/details>\n\n\n\n<details class=\"wp-block-themeisle-blocks-accordion-item\"><summary class=\"wp-block-themeisle-blocks-accordion-item__title\"><div>clube aprender brincando &#8211; 1\u00baA e 1\u00baB; 2\u00baA e 2\u00baB<\/div><\/summary><div class=\"wp-block-themeisle-blocks-accordion-item__content\">\n<figure class=\"wp-block-image size-large is-resized\"><img loading=\"lazy\" decoding=\"async\" width=\"619\" height=\"1024\" src=\"https:\/\/escoladigital.madeira.gov.pt\/eb1perbrava\/wp-content\/uploads\/sites\/46\/2025\/02\/WhatsApp-Image-2025-02-12-at-18.47.20-619x1024.jpeg\" alt=\"\" class=\"wp-image-447\" style=\"width:102px;height:auto\" srcset=\"https:\/\/escoladigital.madeira.gov.pt\/eb1perbrava\/wp-content\/uploads\/sites\/46\/2025\/02\/WhatsApp-Image-2025-02-12-at-18.47.20-619x1024.jpeg 619w, https:\/\/escoladigital.madeira.gov.pt\/eb1perbrava\/wp-content\/uploads\/sites\/46\/2025\/02\/WhatsApp-Image-2025-02-12-at-18.47.20-181x300.jpeg 181w, https:\/\/escoladigital.madeira.gov.pt\/eb1perbrava\/wp-content\/uploads\/sites\/46\/2025\/02\/WhatsApp-Image-2025-02-12-at-18.47.20-768x1271.jpeg 768w, https:\/\/escoladigital.madeira.gov.pt\/eb1perbrava\/wp-content\/uploads\/sites\/46\/2025\/02\/WhatsApp-Image-2025-02-12-at-18.47.20-928x1536.jpeg 928w, https:\/\/escoladigital.madeira.gov.pt\/eb1perbrava\/wp-content\/uploads\/sites\/46\/2025\/02\/WhatsApp-Image-2025-02-12-at-18.47.20.jpeg 966w\" sizes=\"(max-width: 619px) 100vw, 619px\" \/><figcaption class=\"wp-element-caption\">Promover a socializa\u00e7\u00e3o das crian\u00e7as; Fomentar o esp\u00edrito de equipa; Aprender a cumprir regras.<\/figcaption><\/figure>\n\n\n\n<p class=\"has-text-align-right\"><\/p>\n<\/div><\/details>\n<\/div>\n\n\n\n<div id=\"wp-block-themeisle-blocks-accordion-94c7b656\" class=\"wp-block-themeisle-blocks-accordion exclusive\">\n<details class=\"wp-block-themeisle-blocks-accordion-item\"><summary class=\"wp-block-themeisle-blocks-accordion-item__title\"><div>Clube da Natureza &#8211; 1\u00baA e 1\u00baB; 2\u00baA e 2\u00baB<\/div><\/summary><div class=\"wp-block-themeisle-blocks-accordion-item__content\">\n<p>Estimular h\u00e1bitos de vida saud\u00e1veis, a pr\u00e1tica de exerc\u00edcio f\u00edsico e sobretudo o bem-estar emocional dos alunos; Conectar as crian\u00e7as com a natureza e a capacidade de se conseguirem maravilhar com tudo o que o meio ambiente lhes oferece.<\/p>\n<\/div><\/details>\n\n\n\n<details class=\"wp-block-themeisle-blocks-accordion-item\"><summary class=\"wp-block-themeisle-blocks-accordion-item__title\"><div>Clube CriArte &#8211; 1\u00baA e 1\u00baB<\/div><\/summary><div class=\"wp-block-themeisle-blocks-accordion-item__content\">\n<p>Sensibilizar os alunos para a import\u00e2ncia das artes; Promover e divulgar as artes pl\u00e1sticas.<\/p>\n<\/div><\/details>\n<\/div>\n\n\n\n<div id=\"wp-block-themeisle-blocks-accordion-fc1b140f\" class=\"wp-block-themeisle-blocks-accordion exclusive\">\n<details class=\"wp-block-themeisle-blocks-accordion-item\"><summary class=\"wp-block-themeisle-blocks-accordion-item__title\"><div>Projeto Ba\u00fa da leitura<\/div><\/summary><div class=\"wp-block-themeisle-blocks-accordion-item__content\">\n<figure class=\"wp-block-image size-large is-resized\"><img loading=\"lazy\" decoding=\"async\" width=\"1024\" height=\"1024\" src=\"https:\/\/escoladigital.madeira.gov.pt\/eb1perbrava\/wp-content\/uploads\/sites\/46\/2025\/02\/projeto-bau-da-leitura-1-1024x1024.jpeg\" alt=\"\" class=\"wp-image-467\" style=\"width:218px;height:auto\" srcset=\"https:\/\/escoladigital.madeira.gov.pt\/eb1perbrava\/wp-content\/uploads\/sites\/46\/2025\/02\/projeto-bau-da-leitura-1-1024x1024.jpeg 1024w, https:\/\/escoladigital.madeira.gov.pt\/eb1perbrava\/wp-content\/uploads\/sites\/46\/2025\/02\/projeto-bau-da-leitura-1-300x300.jpeg 300w, https:\/\/escoladigital.madeira.gov.pt\/eb1perbrava\/wp-content\/uploads\/sites\/46\/2025\/02\/projeto-bau-da-leitura-1-150x150.jpeg 150w, https:\/\/escoladigital.madeira.gov.pt\/eb1perbrava\/wp-content\/uploads\/sites\/46\/2025\/02\/projeto-bau-da-leitura-1-768x768.jpeg 768w, https:\/\/escoladigital.madeira.gov.pt\/eb1perbrava\/wp-content\/uploads\/sites\/46\/2025\/02\/projeto-bau-da-leitura-1-1536x1536.jpeg 1536w, https:\/\/escoladigital.madeira.gov.pt\/eb1perbrava\/wp-content\/uploads\/sites\/46\/2025\/02\/projeto-bau-da-leitura-1-2048x2048.jpeg 2048w\" sizes=\"(max-width: 1024px) 100vw, 1024px\" \/><\/figure>\n\n\n\n<p> Ba\u00fa de Leitura \u00e9 um projeto escolar da Secretaria Regional da Educa\u00e7\u00e3o, implementado na Regi\u00e3o Aut\u00f3noma da Madeira em 2001, com o apoio da Funda\u00e7\u00e3o Gulbenkian, cujo objetivo principal \u00e9 promover h\u00e1bitos de leitura e escrita, junto dos alunos de todos os n\u00edveis de ensino.  Al\u00e9m de permitir a partilha de recursos entre as escolas, o Ba\u00fa de Leitura realiza atividades conjuntas, nomeadamente passatempos, exposi\u00e7\u00f5es e projetos interescolares, sendo o livro o elemento aglutinador.<\/p>\n\n\n\n<div class=\"wp-block-buttons is-layout-flex wp-block-buttons-is-layout-flex\">\n<div class=\"wp-block-button\"><a class=\"wp-block-button__link wp-element-button\" href=\"https:\/\/www.facebook.com\/story.php?story_fbid=1064181232405270&amp;id=100064402102836&amp;rdid=tA3dfcxo8J6bEuU8#\">Triatlo Liter\u00e1rio 24\/25<\/a><\/div>\n<\/div>\n<\/div><\/details>\n<\/div>\n\n\n\n<p><\/p>\n","protected":false},"excerpt":{"rendered":"","protected":false},"author":62,"featured_media":0,"parent":0,"menu_order":0,"comment_status":"closed","ping_status":"closed","template":"","meta":{"site-sidebar-layout":"default","site-content-layout":"","ast-site-content-layout":"","site-content-style":"default","site-sidebar-style":"default","ast-global-header-display":"","ast-banner-title-visibility":"","ast-main-header-display":"","ast-hfb-above-header-display":"","ast-hfb-below-header-display":"","ast-hfb-mobile-header-display":"","site-post-title":"","ast-breadcrumbs-content":"","ast-featured-img":"","footer-sml-layout":"","ast-disable-related-posts":"","theme-transparent-header-meta":"","adv-header-id-meta":"","stick-header-meta":"","header-above-stick-meta":"","header-main-stick-meta":"","header-below-stick-meta":"","astra-migrate-meta-layouts":"default","ast-page-background-enabled":"default","ast-page-background-meta":{"desktop":{"background-color":"var(--ast-global-color-5)","background-image":"","background-repeat":"repeat","background-position":"center center","background-size":"auto","background-attachment":"scroll","background-type":"","background-media":"","overlay-type":"","overlay-color":"","overlay-opacity":"","overlay-gradient":""},"tablet":{"background-color":"","background-image":"","background-repeat":"repeat","background-position":"center center","background-size":"auto","background-attachment":"scroll","background-type":"","background-media":"","overlay-type":"","overlay-color":"","overlay-opacity":"","overlay-gradient":""},"mobile":{"background-color":"","background-image":"","background-repeat":"repeat","background-position":"center center","background-size":"auto","background-attachment":"scroll","background-type":"","background-media":"","overlay-type":"","overlay-color":"","overlay-opacity":"","overlay-gradient":""}},"ast-content-background-meta":{"desktop":{"background-color":"var(--ast-global-color-4)","background-image":"","background-repeat":"repeat","background-position":"center center","background-size":"auto","background-attachment":"scroll","background-type":"","background-media":"","overlay-type":"","overlay-color":"","overlay-opacity":"","overlay-gradient":""},"tablet":{"background-color":"var(--ast-global-color-4)","background-image":"","background-repeat":"repeat","background-position":"center center","background-size":"auto","background-attachment":"scroll","background-type":"","background-media":"","overlay-type":"","overlay-color":"","overlay-opacity":"","overlay-gradient":""},"mobile":{"background-color":"var(--ast-global-color-4)","background-image":"","background-repeat":"repeat","background-position":"center center","background-size":"auto","background-attachment":"scroll","background-type":"","background-media":"","overlay-type":"","overlay-color":"","overlay-opacity":"","overlay-gradient":""}},"_themeisle_gutenberg_block_has_review":false,"footnotes":""},"class_list":["post-51","page","type-page","status-publish","hentry"],"_links":{"self":[{"href":"https:\/\/escoladigital.madeira.gov.pt\/eb1perbrava\/wp-json\/wp\/v2\/pages\/51","targetHints":{"allow":["GET"]}}],"collection":[{"href":"https:\/\/escoladigital.madeira.gov.pt\/eb1perbrava\/wp-json\/wp\/v2\/pages"}],"about":[{"href":"https:\/\/escoladigital.madeira.gov.pt\/eb1perbrava\/wp-json\/wp\/v2\/types\/page"}],"author":[{"embeddable":true,"href":"https:\/\/escoladigital.madeira.gov.pt\/eb1perbrava\/wp-json\/wp\/v2\/users\/62"}],"replies":[{"embeddable":true,"href":"https:\/\/escoladigital.madeira.gov.pt\/eb1perbrava\/wp-json\/wp\/v2\/comments?post=51"}],"version-history":[{"count":18,"href":"https:\/\/escoladigital.madeira.gov.pt\/eb1perbrava\/wp-json\/wp\/v2\/pages\/51\/revisions"}],"predecessor-version":[{"id":678,"href":"https:\/\/escoladigital.madeira.gov.pt\/eb1perbrava\/wp-json\/wp\/v2\/pages\/51\/revisions\/678"}],"wp:attachment":[{"href":"https:\/\/escoladigital.madeira.gov.pt\/eb1perbrava\/wp-json\/wp\/v2\/media?parent=51"}],"curies":[{"name":"wp","href":"https:\/\/api.w.org\/{rel}","templated":true}]}}