{"id":140,"date":"2025-12-03T15:17:36","date_gmt":"2025-12-03T15:17:36","guid":{"rendered":"https:\/\/escoladigital.madeira.gov.pt\/eb1pesantana\/?page_id=140"},"modified":"2025-12-17T11:53:11","modified_gmt":"2025-12-17T11:53:11","slug":"noticias","status":"publish","type":"page","link":"https:\/\/escoladigital.madeira.gov.pt\/eb1pesantana\/noticias\/","title":{"rendered":"Not\u00edcias"},"content":{"rendered":"\n<h4 class=\"wp-block-heading has-text-align-center\"><span class=\"highlight\">ACONTECE@CRECHE,PR\u00c9-ESCOLAR E 1.\u00ba CICLO DE<\/span><span class=\"highlight\"> <\/span><span class=\"highlight\"><\/span><span class=\"highlight\">SANTANA:<\/span><\/h4>\n\n\n\n<div style=\"height:19px\" aria-hidden=\"true\" class=\"wp-block-spacer\"><\/div>\n\n\n<div class=\"is-style-boxed wp-block-themeisle-blocks-posts-grid\" id=\"wp-block-themeisle-blocks-posts-grid-83cc31b7\"><div class=\"is-grid o-posts-grid-columns-3\"><div class=\"o-posts-grid-post-blog o-posts-grid-post-plain\"><div class=\"o-posts-grid-post\"><div class=\"o-posts-grid-post-body is-full\"><span class=\"o-posts-grid-post-category\"><a href=\"https:\/\/escoladigital.madeira.gov.pt\/eb1pesantana\/category\/eco-escolas\/\">Eco-Escolas<\/a><\/span><h4 class=\"o-posts-grid-post-title\"><a href=\"https:\/\/escoladigital.madeira.gov.pt\/eb1pesantana\/2026\/04\/10\/desafio-educamedia-ideias-do-presente-para-o-mundo-sustentavel-de-amanha\/\">Desafio EDUCAmedia &#8220;Ideias do presente para o mundo sustent\u00e1vel de amanh\u00e3&#8221;<\/a><\/h4><p class=\"o-posts-grid-post-meta\">  <time datetime=\"2026-04-10T19:04:50+00:00\">10 de Abril, 2026<\/time> by <a href=\"https:\/\/escoladigital.madeira.gov.pt\/eb1pesantana\/author\/eb1pesantana\/\">eb1pesantana<\/a><\/p><div class=\"o-posts-grid-post-description\"><p>Desafio do m\u00eas de mar\u00e7o &#8220;Ideias do presente para o mundo sustent\u00e1vel de amanh\u00e3&#8221; &#8211; \u2026<\/p><\/div><\/div><\/div><\/div><div class=\"o-posts-grid-post-blog o-posts-grid-post-plain\"><div class=\"o-posts-grid-post\"><div class=\"o-posts-grid-post-body is-full\"><span class=\"o-posts-grid-post-category\"><a href=\"https:\/\/escoladigital.madeira.gov.pt\/eb1pesantana\/category\/eco-escolas\/\">Eco-Escolas<\/a><\/span><h4 class=\"o-posts-grid-post-title\"><a href=\"https:\/\/escoladigital.madeira.gov.pt\/eb1pesantana\/2026\/04\/08\/educamedia-projeto-aprender-com-o-cinema-home\/\">EDUCAmedia &#8211; Projeto Aprender com o Cinema: &#8220;Home&#8221;<\/a><\/h4><p class=\"o-posts-grid-post-meta\">  <time datetime=\"2026-04-08T19:05:53+00:00\">8 de Abril, 2026<\/time> by <a href=\"https:\/\/escoladigital.madeira.gov.pt\/eb1pesantana\/author\/eb1pesantana\/\">eb1pesantana<\/a><\/p><div class=\"o-posts-grid-post-description\"><p>Trabalhos realizados no \u00e2mbito do projeto Aprender com o Cinema, da EBS\/PE\/C Bispo D. Manuel F. Cabr\u2026<\/p><\/div><\/div><\/div><\/div><div class=\"o-posts-grid-post-blog o-posts-grid-post-plain\"><div class=\"o-posts-grid-post\"><div class=\"o-posts-grid-post-body is-full\"><span class=\"o-posts-grid-post-category\"><a href=\"https:\/\/escoladigital.madeira.gov.pt\/eb1pesantana\/category\/parcerias\/\">parcerias<\/a><\/span><h4 class=\"o-posts-grid-post-title\"><a href=\"https:\/\/escoladigital.madeira.gov.pt\/eb1pesantana\/2026\/04\/02\/de-maos-dadas-com-o-tempo-pascoa-2026\/\">&#8220;De M\u00e3os dadas com o tempo&#8221; &#8211; P\u00e1scoa 2026<\/a><\/h4><p class=\"o-posts-grid-post-meta\">  <time datetime=\"2026-04-02T15:43:14+00:00\">2 de Abril, 2026<\/time> by <a href=\"https:\/\/escoladigital.madeira.gov.pt\/eb1pesantana\/author\/eb1pesantana\/\">eb1pesantana<\/a><\/p><div class=\"o-posts-grid-post-description\"><p><\/p><\/div><\/div><\/div><\/div><div class=\"o-posts-grid-post-blog o-posts-grid-post-plain\"><div class=\"o-posts-grid-post\"><div class=\"o-posts-grid-post-body is-full\"><span class=\"o-posts-grid-post-category\"><a href=\"https:\/\/escoladigital.madeira.gov.pt\/eb1pesantana\/category\/parcerias\/\">parcerias<\/a><\/span><h4 class=\"o-posts-grid-post-title\"><a href=\"https:\/\/escoladigital.madeira.gov.pt\/eb1pesantana\/2026\/04\/02\/pascoa-docinha-com-amendoas-da-jf-santana\/\">P\u00e1scoa docinha com am\u00eandoas da JF-Santana!<\/a><\/h4><p class=\"o-posts-grid-post-meta\">  <time datetime=\"2026-04-02T15:38:34+00:00\">2 de Abril, 2026<\/time> by <a href=\"https:\/\/escoladigital.madeira.gov.pt\/eb1pesantana\/author\/eb1pesantana\/\">eb1pesantana<\/a><\/p><div class=\"o-posts-grid-post-description\"><p>A P\u00e1scoa dos nossos meninos tornou-se ainda mais docinha pela oferta de ovos e am\u00eandoas \u00e0s nossas cr\u2026<\/p><\/div><\/div><\/div><\/div><div class=\"o-posts-grid-post-blog o-posts-grid-post-plain\"><div class=\"o-posts-grid-post\"><div class=\"o-posts-grid-post-body is-full\"><span class=\"o-posts-grid-post-category\"><a href=\"https:\/\/escoladigital.madeira.gov.pt\/eb1pesantana\/category\/pre-escolar\/\">pr\u00e9-escolar<\/a><\/span><h4 class=\"o-posts-grid-post-title\"><a href=\"https:\/\/escoladigital.madeira.gov.pt\/eb1pesantana\/2026\/04\/02\/dia-internacional-do-livro-infantil\/\">Dia Internacional do Livro Infantil<\/a><\/h4><p class=\"o-posts-grid-post-meta\">  <time datetime=\"2026-04-02T10:11:00+00:00\">2 de Abril, 2026<\/time> by <a href=\"https:\/\/escoladigital.madeira.gov.pt\/eb1pesantana\/author\/eb1pesantana\/\">eb1pesantana<\/a><\/p><div class=\"o-posts-grid-post-description\"><p><\/p><\/div><\/div><\/div><\/div><div class=\"o-posts-grid-post-blog o-posts-grid-post-plain\"><div class=\"o-posts-grid-post\"><div class=\"o-posts-grid-post-body is-full\"><span class=\"o-posts-grid-post-category\"><a href=\"https:\/\/escoladigital.madeira.gov.pt\/eb1pesantana\/category\/eco-escolas\/\">Eco-Escolas<\/a><\/span><h4 class=\"o-posts-grid-post-title\"><a href=\"https:\/\/escoladigital.madeira.gov.pt\/eb1pesantana\/2026\/03\/31\/hora-do-planeta-2026-edificio-do-serrado\/\">Hora do Planeta 2026: Edif\u00edcio do Serrado<\/a><\/h4><p class=\"o-posts-grid-post-meta\">  <time datetime=\"2026-03-31T15:45:36+00:00\">31 de Mar\u00e7o, 2026<\/time> by <a href=\"https:\/\/escoladigital.madeira.gov.pt\/eb1pesantana\/author\/eb1pesantana\/\">eb1pesantana<\/a><\/p><div class=\"o-posts-grid-post-description\"><p><\/p><\/div><\/div><\/div><\/div><\/div> <\/div>","protected":false},"excerpt":{"rendered":"<p>ACONTECE@CRECHE,PR\u00c9-ESCOLAR E 1.\u00ba CICLO DE SANTANA:<\/p>\n","protected":false},"author":72,"featured_media":0,"parent":0,"menu_order":0,"comment_status":"closed","ping_status":"closed","template":"","meta":{"site-sidebar-layout":"no-sidebar","site-content-layout":"","ast-site-content-layout":"default","site-content-style":"default","site-sidebar-style":"default","ast-global-header-display":"","ast-banner-title-visibility":"","ast-main-header-display":"","ast-hfb-above-header-display":"","ast-hfb-below-header-display":"","ast-hfb-mobile-header-display":"","site-post-title":"","ast-breadcrumbs-content":"","ast-featured-img":"","footer-sml-layout":"","ast-disable-related-posts":"","theme-transparent-header-meta":"","adv-header-id-meta":"","stick-header-meta":"","header-above-stick-meta":"","header-main-stick-meta":"","header-below-stick-meta":"","astra-migrate-meta-layouts":"default","ast-page-background-enabled":"default","ast-page-background-meta":{"desktop":{"background-color":"var(--ast-global-color-5)","background-image":"","background-repeat":"repeat","background-position":"center center","background-size":"auto","background-attachment":"scroll","background-type":"","background-media":"","overlay-type":"","overlay-color":"","overlay-opacity":"","overlay-gradient":""},"tablet":{"background-color":"","background-image":"","background-repeat":"repeat","background-position":"center center","background-size":"auto","background-attachment":"scroll","background-type":"","background-media":"","overlay-type":"","overlay-color":"","overlay-opacity":"","overlay-gradient":""},"mobile":{"background-color":"","background-image":"","background-repeat":"repeat","background-position":"center center","background-size":"auto","background-attachment":"scroll","background-type":"","background-media":"","overlay-type":"","overlay-color":"","overlay-opacity":"","overlay-gradient":""}},"ast-content-background-meta":{"desktop":{"background-color":"var(--ast-global-color-4)","background-image":"","background-repeat":"repeat","background-position":"center center","background-size":"auto","background-attachment":"scroll","background-type":"","background-media":"","overlay-type":"","overlay-color":"","overlay-opacity":"","overlay-gradient":""},"tablet":{"background-color":"var(--ast-global-color-4)","background-image":"","background-repeat":"repeat","background-position":"center center","background-size":"auto","background-attachment":"scroll","background-type":"","background-media":"","overlay-type":"","overlay-color":"","overlay-opacity":"","overlay-gradient":""},"mobile":{"background-color":"var(--ast-global-color-4)","background-image":"","background-repeat":"repeat","background-position":"center center","background-size":"auto","background-attachment":"scroll","background-type":"","background-media":"","overlay-type":"","overlay-color":"","overlay-opacity":"","overlay-gradient":""}},"_themeisle_gutenberg_block_has_review":false,"footnotes":""},"class_list":["post-140","page","type-page","status-publish","hentry"],"_links":{"self":[{"href":"https:\/\/escoladigital.madeira.gov.pt\/eb1pesantana\/wp-json\/wp\/v2\/pages\/140","targetHints":{"allow":["GET"]}}],"collection":[{"href":"https:\/\/escoladigital.madeira.gov.pt\/eb1pesantana\/wp-json\/wp\/v2\/pages"}],"about":[{"href":"https:\/\/escoladigital.madeira.gov.pt\/eb1pesantana\/wp-json\/wp\/v2\/types\/page"}],"author":[{"embeddable":true,"href":"https:\/\/escoladigital.madeira.gov.pt\/eb1pesantana\/wp-json\/wp\/v2\/users\/72"}],"replies":[{"embeddable":true,"href":"https:\/\/escoladigital.madeira.gov.pt\/eb1pesantana\/wp-json\/wp\/v2\/comments?post=140"}],"version-history":[{"count":7,"href":"https:\/\/escoladigital.madeira.gov.pt\/eb1pesantana\/wp-json\/wp\/v2\/pages\/140\/revisions"}],"predecessor-version":[{"id":494,"href":"https:\/\/escoladigital.madeira.gov.pt\/eb1pesantana\/wp-json\/wp\/v2\/pages\/140\/revisions\/494"}],"wp:attachment":[{"href":"https:\/\/escoladigital.madeira.gov.pt\/eb1pesantana\/wp-json\/wp\/v2\/media?parent=140"}],"curies":[{"name":"wp","href":"https:\/\/api.w.org\/{rel}","templated":true}]}}