{"id":30,"date":"2025-01-29T14:40:44","date_gmt":"2025-01-29T14:40:44","guid":{"rendered":"https:\/\/escoladigital.madeira.gov.pt\/eb1pescruz\/?page_id=30"},"modified":"2026-01-05T12:18:20","modified_gmt":"2026-01-05T12:18:20","slug":"documentos","status":"publish","type":"page","link":"https:\/\/escoladigital.madeira.gov.pt\/eb1pescruz\/documentos\/","title":{"rendered":"Documenta\u00e7\u00e3o"},"content":{"rendered":"\n<ul class=\"wp-block-list\">\n<li><a href=\"https:\/\/escoladigital.madeira.gov.pt\/eb1pescruz\/eb1pescruz\/shared-files\/218\/?Relat%C3%B3rio%20de%20Autoavalia%C3%A7%C3%A3o%20da%20Escola.pdf\"><strong>Relat\u00f3rio de Autoavalia\u00e7\u00e3o da Escola<\/strong><\/a><\/li>\n\n\n\n<li><strong><a href=\"https:\/\/escoladigital.madeira.gov.pt\/eb1pescruz\/eb1pescruz\/shared-files\/74\/?PAA%2024-25.pdf\">Plano Anual de Atividades<\/a><\/strong><\/li>\n\n\n\n<li><strong><a href=\"https:\/\/escoladigital.madeira.gov.pt\/eb1pescruz\/eb1pescruz\/shared-files\/77\/?PEE%202022-2026.pdf\">Projeto Educativo de Escola<\/a><\/strong><\/li>\n\n\n\n<li><strong><a href=\"https:\/\/escoladigital.madeira.gov.pt\/eb1pescruz\/eb1pescruz\/shared-files\/80\/?RI%202024.pdf\">Regulamento Interno<\/a><\/strong><\/li>\n\n\n\n<li><strong><a href=\"https:\/\/escoladigital.madeira.gov.pt\/eb1pescruz\/eb1pescruz\/shared-files\/260\/?PT-2526_EB1PE-e-Creche-de-Santa-Cruz.pdf\">Plano TIC<\/a><\/strong><\/li>\n<\/ul>\n\n\n\n<p><\/p>\n","protected":false},"excerpt":{"rendered":"","protected":false},"author":71,"featured_media":0,"parent":0,"menu_order":0,"comment_status":"closed","ping_status":"closed","template":"","meta":{"site-sidebar-layout":"default","site-content-layout":"","ast-site-content-layout":"default","site-content-style":"default","site-sidebar-style":"default","ast-global-header-display":"","ast-banner-title-visibility":"","ast-main-header-display":"","ast-hfb-above-header-display":"","ast-hfb-below-header-display":"","ast-hfb-mobile-header-display":"","site-post-title":"","ast-breadcrumbs-content":"","ast-featured-img":"","footer-sml-layout":"","ast-disable-related-posts":"","theme-transparent-header-meta":"","adv-header-id-meta":"","stick-header-meta":"","header-above-stick-meta":"","header-main-stick-meta":"","header-below-stick-meta":"","astra-migrate-meta-layouts":"default","ast-page-background-enabled":"default","ast-page-background-meta":{"desktop":{"background-color":"var(--ast-global-color-5)","background-image":"","background-repeat":"repeat","background-position":"center center","background-size":"auto","background-attachment":"scroll","background-type":"","background-media":"","overlay-type":"","overlay-color":"","overlay-opacity":"","overlay-gradient":""},"tablet":{"background-color":"","background-image":"","background-repeat":"repeat","background-position":"center center","background-size":"auto","background-attachment":"scroll","background-type":"","background-media":"","overlay-type":"","overlay-color":"","overlay-opacity":"","overlay-gradient":""},"mobile":{"background-color":"","background-image":"","background-repeat":"repeat","background-position":"center center","background-size":"auto","background-attachment":"scroll","background-type":"","background-media":"","overlay-type":"","overlay-color":"","overlay-opacity":"","overlay-gradient":""}},"ast-content-background-meta":{"desktop":{"background-color":"var(--ast-global-color-4)","background-image":"","background-repeat":"repeat","background-position":"center center","background-size":"auto","background-attachment":"scroll","background-type":"","background-media":"","overlay-type":"","overlay-color":"","overlay-opacity":"","overlay-gradient":""},"tablet":{"background-color":"var(--ast-global-color-4)","background-image":"","background-repeat":"repeat","background-position":"center center","background-size":"auto","background-attachment":"scroll","background-type":"","background-media":"","overlay-type":"","overlay-color":"","overlay-opacity":"","overlay-gradient":""},"mobile":{"background-color":"var(--ast-global-color-4)","background-image":"","background-repeat":"repeat","background-position":"center center","background-size":"auto","background-attachment":"scroll","background-type":"","background-media":"","overlay-type":"","overlay-color":"","overlay-opacity":"","overlay-gradient":""}},"_themeisle_gutenberg_block_has_review":false,"footnotes":""},"class_list":["post-30","page","type-page","status-publish","hentry"],"_links":{"self":[{"href":"https:\/\/escoladigital.madeira.gov.pt\/eb1pescruz\/wp-json\/wp\/v2\/pages\/30","targetHints":{"allow":["GET"]}}],"collection":[{"href":"https:\/\/escoladigital.madeira.gov.pt\/eb1pescruz\/wp-json\/wp\/v2\/pages"}],"about":[{"href":"https:\/\/escoladigital.madeira.gov.pt\/eb1pescruz\/wp-json\/wp\/v2\/types\/page"}],"author":[{"embeddable":true,"href":"https:\/\/escoladigital.madeira.gov.pt\/eb1pescruz\/wp-json\/wp\/v2\/users\/71"}],"replies":[{"embeddable":true,"href":"https:\/\/escoladigital.madeira.gov.pt\/eb1pescruz\/wp-json\/wp\/v2\/comments?post=30"}],"version-history":[{"count":13,"href":"https:\/\/escoladigital.madeira.gov.pt\/eb1pescruz\/wp-json\/wp\/v2\/pages\/30\/revisions"}],"predecessor-version":[{"id":263,"href":"https:\/\/escoladigital.madeira.gov.pt\/eb1pescruz\/wp-json\/wp\/v2\/pages\/30\/revisions\/263"}],"wp:attachment":[{"href":"https:\/\/escoladigital.madeira.gov.pt\/eb1pescruz\/wp-json\/wp\/v2\/media?parent=30"}],"curies":[{"name":"wp","href":"https:\/\/api.w.org\/{rel}","templated":true}]}}