{"id":730,"date":"2025-12-10T22:36:11","date_gmt":"2025-12-10T22:36:11","guid":{"rendered":"https:\/\/escoladigital.madeira.gov.pt\/eb1pesjorge\/?page_id=730"},"modified":"2025-12-13T18:37:51","modified_gmt":"2025-12-13T18:37:51","slug":"docentes","status":"publish","type":"page","link":"https:\/\/escoladigital.madeira.gov.pt\/eb1pesjorge\/docentes\/","title":{"rendered":"Pessoal Docente"},"content":{"rendered":"\n<div class=\"wp-block-columns has-border-color has-ast-global-color-2-color has-text-color has-link-color wp-elements-3fc75dc64b4e216d3b0fdc714b570aa5 is-layout-flex wp-container-core-columns-is-layout-28f84493 wp-block-columns-is-layout-flex\" style=\"border-color:var(--ast-global-color-1);border-width:5px;border-top-left-radius:10px;border-top-right-radius:10px;border-bottom-left-radius:10px;border-bottom-right-radius:10px\">\n<div class=\"wp-block-column has-border-color has-ast-global-color-1-border-color has-ast-global-color-5-background-color has-background has-small-font-size is-layout-flow wp-container-core-column-is-layout-f6aaae3a wp-block-column-is-layout-flow\" style=\"border-width:5px;padding-top:0;padding-right:var(--wp--preset--spacing--20);padding-bottom:0;padding-left:var(--wp--preset--spacing--20)\">\n<p class=\"has-text-align-center\" style=\"font-size:16px\"><strong>Grupo | Turma\/Atividade (s<\/strong>) <strong>| Clubes\/OTL<\/strong><\/p>\n\n\n\n<p class=\"has-text-align-center\" style=\"border-style:none;border-width:0px;font-size:14px\">Creche<\/p>\n\n\n\n<p class=\"has-text-align-center\" style=\"border-style:none;border-width:0px;font-size:14px\">Pr\u00e9-Escolar 1<\/p>\n\n\n\n<p class=\"has-text-align-center\" style=\"border-style:none;border-width:0px;font-size:14px\">Pr\u00e9-Escolar 2<\/p>\n\n\n\n<p class=\"has-text-align-center\" style=\"border-style:none;border-width:0px;font-size:14px\">1.\u00ba ano<\/p>\n\n\n\n<p class=\"has-text-align-center\" style=\"border-style:none;border-width:0px;font-size:14px\">2.\u00ba ano<\/p>\n\n\n\n<p class=\"has-text-align-center\" style=\"border-style:none;border-width:0px;font-size:14px\">3.\u00ba e 4.\u00ba anos<\/p>\n\n\n\n<p class=\"has-text-align-center\" style=\"border-style:none;border-width:0px;font-size:14px\">Educa\u00e7\u00e3o Especial<\/p>\n\n\n\n<p class=\"has-text-align-center\" style=\"border-style:none;border-width:0px;font-size:14px\">Ensino B\u00e1sico Recorrente; Exp. Pl\u00e1stica; Artes; OTL<\/p>\n\n\n\n<p class=\"has-text-align-center\" style=\"border-style:none;border-width:0px;font-size:14px\">Educa\u00e7\u00e3o F\u00edsica; Xadrez e do Super Quinas<\/p>\n\n\n\n<p class=\"has-text-align-center\" style=\"border-style:none;border-width:0px;font-size:14px\">Exp. Dram\u00e1tica\/T.\/M. e Dan\u00e7a; Modalidades Art\u00edsticas; Grupo Coral<\/p>\n\n\n\n<p class=\"has-text-align-center\" style=\"border-style:none;border-width:0px;font-size:14px\">Estudo (1.\u00ba, 3.\u00ba e 4.\u00ba anos); Apoio; Exploradores e Brincar com as Letras e os N.\u00ba<\/p>\n\n\n\n<p class=\"has-text-align-center\" style=\"border-style:none;border-width:0px;font-size:14px\">Estudo (2.\u00ba ano); TIC; Ci\u00eancias da Computa\u00e7\u00e3o; Clube TIC; Apoio; OTL<\/p>\n\n\n\n<p class=\"has-text-align-center\" style=\"border-style:none;border-width:0px;font-size:14px\">Ingl\u00eas; Ingl\u00eas&nbsp;(AEC); Apoio<\/p>\n<\/div>\n\n\n\n<div class=\"wp-block-column has-border-color has-ast-global-color-1-border-color has-ast-global-color-5-background-color has-background has-small-font-size is-layout-flow wp-container-core-column-is-layout-f6aaae3a wp-block-column-is-layout-flow\" style=\"border-width:5px;padding-top:0;padding-right:var(--wp--preset--spacing--20);padding-bottom:0;padding-left:var(--wp--preset--spacing--20)\">\n<p class=\"has-text-align-center\" style=\"border-style:none;border-width:0px;font-size:16px\"><strong><strong>Docente Titular de Grupo | Turma<\/strong><\/strong>\/<strong><strong>Docente da Atividade (s)<\/strong> | Clubes<\/strong><\/p>\n\n\n\n<p class=\"has-text-align-center\" style=\"border-style:none;border-width:0px;font-size:14px\">Guida Santos e Liliana Pereira<\/p>\n\n\n\n<p class=\"has-text-align-center\" style=\"border-style:none;border-width:0px;font-size:14px\">Lu\u00edsa Pereira e M\u00e1rcia Mendon\u00e7a<\/p>\n\n\n\n<p class=\"has-text-align-center\" style=\"border-style:none;border-width:0px;font-size:14px\">Andreia Santos e Georgita Noite<\/p>\n\n\n\n<p class=\"has-text-align-center\" style=\"border-style:none;border-width:0px;font-size:14px\">B\u00e1rbara Moreira<\/p>\n\n\n\n<p class=\"has-text-align-center\" style=\"border-style:none;border-width:0px;font-size:14px\">Ana Gil<\/p>\n\n\n\n<p class=\"has-text-align-center\" style=\"border-style:none;border-width:0px;font-size:14px\">Daniela Fernandes<\/p>\n\n\n\n<p class=\"has-text-align-center\" style=\"border-style:none;border-width:0px;font-size:14px\">C\u00e9lia Gouveia<\/p>\n\n\n\n<p class=\"has-text-align-center\" style=\"border-style:none;border-width:0px;font-size:14px\">M\u00f3nica Sp\u00ednola<\/p>\n\n\n\n<p class=\"has-text-align-center\" style=\"border-style:none;border-width:0px;font-size:14px\">Francisco Serafim<\/p>\n\n\n\n<p class=\"has-text-align-center\" style=\"border-style:none;border-width:0px;font-size:14px\">                                                                                                                Duarte Pereira<\/p>\n\n\n\n<p class=\"has-text-align-center\" style=\"border-style:none;border-width:0px;font-size:14px\">                                                                                                        Catarina Melim<\/p>\n\n\n\n<p class=\"has-text-align-center\" style=\"border-style:none;border-width:0px;font-size:14px\">Graciela Andrade<\/p>\n\n\n\n<p class=\"has-text-align-center\" style=\"border-style:none;border-width:0px;font-size:14px\">Liliana Santos<\/p>\n<\/div>\n<\/div>\n\n\n\n<p><\/p>\n","protected":false},"excerpt":{"rendered":"<p>Grupo | Turma\/Atividade (s) | Clubes\/OTL Creche Pr\u00e9-Escolar 1 Pr\u00e9-Escolar 2 1.\u00ba ano 2.\u00ba ano 3.\u00ba e 4.\u00ba anos Educa\u00e7\u00e3o [&hellip;]<\/p>\n","protected":false},"author":29,"featured_media":0,"parent":0,"menu_order":0,"comment_status":"closed","ping_status":"closed","template":"","meta":{"site-sidebar-layout":"default","site-content-layout":"","ast-site-content-layout":"default","site-content-style":"default","site-sidebar-style":"default","ast-global-header-display":"","ast-banner-title-visibility":"","ast-main-header-display":"","ast-hfb-above-header-display":"","ast-hfb-below-header-display":"","ast-hfb-mobile-header-display":"","site-post-title":"","ast-breadcrumbs-content":"","ast-featured-img":"","footer-sml-layout":"","ast-disable-related-posts":"","theme-transparent-header-meta":"","adv-header-id-meta":"","stick-header-meta":"","header-above-stick-meta":"","header-main-stick-meta":"","header-below-stick-meta":"","astra-migrate-meta-layouts":"default","ast-page-background-enabled":"default","ast-page-background-meta":{"desktop":{"background-color":"var(--ast-global-color-5)","background-image":"","background-repeat":"repeat","background-position":"center center","background-size":"auto","background-attachment":"scroll","background-type":"","background-media":"","overlay-type":"","overlay-color":"","overlay-opacity":"","overlay-gradient":""},"tablet":{"background-color":"","background-image":"","background-repeat":"repeat","background-position":"center center","background-size":"auto","background-attachment":"scroll","background-type":"","background-media":"","overlay-type":"","overlay-color":"","overlay-opacity":"","overlay-gradient":""},"mobile":{"background-color":"","background-image":"","background-repeat":"repeat","background-position":"center center","background-size":"auto","background-attachment":"scroll","background-type":"","background-media":"","overlay-type":"","overlay-color":"","overlay-opacity":"","overlay-gradient":""}},"ast-content-background-meta":{"desktop":{"background-color":"var(--ast-global-color-4)","background-image":"","background-repeat":"repeat","background-position":"center center","background-size":"auto","background-attachment":"scroll","background-type":"","background-media":"","overlay-type":"","overlay-color":"","overlay-opacity":"","overlay-gradient":""},"tablet":{"background-color":"var(--ast-global-color-4)","background-image":"","background-repeat":"repeat","background-position":"center center","background-size":"auto","background-attachment":"scroll","background-type":"","background-media":"","overlay-type":"","overlay-color":"","overlay-opacity":"","overlay-gradient":""},"mobile":{"background-color":"var(--ast-global-color-4)","background-image":"","background-repeat":"repeat","background-position":"center center","background-size":"auto","background-attachment":"scroll","background-type":"","background-media":"","overlay-type":"","overlay-color":"","overlay-opacity":"","overlay-gradient":""}},"_themeisle_gutenberg_block_has_review":false,"footnotes":""},"class_list":["post-730","page","type-page","status-publish","hentry"],"_links":{"self":[{"href":"https:\/\/escoladigital.madeira.gov.pt\/eb1pesjorge\/wp-json\/wp\/v2\/pages\/730","targetHints":{"allow":["GET"]}}],"collection":[{"href":"https:\/\/escoladigital.madeira.gov.pt\/eb1pesjorge\/wp-json\/wp\/v2\/pages"}],"about":[{"href":"https:\/\/escoladigital.madeira.gov.pt\/eb1pesjorge\/wp-json\/wp\/v2\/types\/page"}],"author":[{"embeddable":true,"href":"https:\/\/escoladigital.madeira.gov.pt\/eb1pesjorge\/wp-json\/wp\/v2\/users\/29"}],"replies":[{"embeddable":true,"href":"https:\/\/escoladigital.madeira.gov.pt\/eb1pesjorge\/wp-json\/wp\/v2\/comments?post=730"}],"version-history":[{"count":13,"href":"https:\/\/escoladigital.madeira.gov.pt\/eb1pesjorge\/wp-json\/wp\/v2\/pages\/730\/revisions"}],"predecessor-version":[{"id":991,"href":"https:\/\/escoladigital.madeira.gov.pt\/eb1pesjorge\/wp-json\/wp\/v2\/pages\/730\/revisions\/991"}],"wp:attachment":[{"href":"https:\/\/escoladigital.madeira.gov.pt\/eb1pesjorge\/wp-json\/wp\/v2\/media?parent=730"}],"curies":[{"name":"wp","href":"https:\/\/api.w.org\/{rel}","templated":true}]}}