{"id":736,"date":"2025-12-10T22:43:25","date_gmt":"2025-12-10T22:43:25","guid":{"rendered":"https:\/\/escoladigital.madeira.gov.pt\/eb1pesjorge\/?page_id=736"},"modified":"2025-12-16T16:50:30","modified_gmt":"2025-12-16T16:50:30","slug":"comunidade-escolar","status":"publish","type":"page","link":"https:\/\/escoladigital.madeira.gov.pt\/eb1pesjorge\/comunidade-escolar\/","title":{"rendered":"Quem Somos?"},"content":{"rendered":"\n<div class=\"wp-block-group has-border-color has-ast-global-color-5-background-color has-background is-vertical is-layout-flex wp-container-core-group-is-layout-fe9cc265 wp-block-group-is-layout-flex\" style=\"border-color:var(--ast-global-color-1);border-top-left-radius:5px;border-top-right-radius:5px;border-bottom-left-radius:5px;border-bottom-right-radius:5px\">\n<p>Somos a comunidade educativa do Edif\u00edcio de S\u00e3o Jorge, integrado na Escola B\u00e1sica e Secund\u00e1ria, com Pr\u00e9-Escolar e Creche Bispo D. Manuel Ferreira Cabral, concebido para acolher e acompanhar as crian\u00e7as, alunos e formandos, ao longo de diferentes etapas do seu percurso educativo, num ambiente seguro, inclusivo e orientado para o desenvolvimento integral.<\/p>\n\n\n\n<p>A nossa oferta educativa abrange a Creche, a Educa\u00e7\u00e3o Pr\u00e9-Escolar, o 1.\u00ba Ciclo do Ensino B\u00e1sico e o Ensino B\u00e1sico Recorrente, garantindo uma resposta articulada e cont\u00ednua \u00e0s necessidades das crian\u00e7as e adultos da comunidade.<\/p>\n\n\n\n<p>Assumimos como miss\u00e3o proporcionar um ensino de qualidade, centrado no educando, que valoriza o conhecimento, as compet\u00eancias sociais e os valores humanos. Apostamos num acompanhamento pr\u00f3ximo, em pr\u00e1ticas educativas inovadoras e numa forte liga\u00e7\u00e3o \u00e0s fam\u00edlias e \u00e0 comunidade envolvente.<\/p>\n\n\n\n<p>Enquanto espa\u00e7o educativo integrado, contribu\u00edmos para a constru\u00e7\u00e3o de um percurso formativo s\u00f3lido, que respeita as diferentes fases de aprendizagem e promove a inclus\u00e3o, a cidadania e a aprendizagem ao longo da vida.<\/p>\n<\/div>\n\n\n\n<p><\/p>\n","protected":false},"excerpt":{"rendered":"<p>Somos a comunidade educativa do Edif\u00edcio de S\u00e3o Jorge, integrado na Escola B\u00e1sica e Secund\u00e1ria, com Pr\u00e9-Escolar e Creche Bispo [&hellip;]<\/p>\n","protected":false},"author":29,"featured_media":0,"parent":0,"menu_order":0,"comment_status":"closed","ping_status":"closed","template":"","meta":{"site-sidebar-layout":"default","site-content-layout":"","ast-site-content-layout":"default","site-content-style":"default","site-sidebar-style":"default","ast-global-header-display":"","ast-banner-title-visibility":"","ast-main-header-display":"","ast-hfb-above-header-display":"","ast-hfb-below-header-display":"","ast-hfb-mobile-header-display":"","site-post-title":"","ast-breadcrumbs-content":"","ast-featured-img":"","footer-sml-layout":"","ast-disable-related-posts":"","theme-transparent-header-meta":"","adv-header-id-meta":"","stick-header-meta":"","header-above-stick-meta":"","header-main-stick-meta":"","header-below-stick-meta":"","astra-migrate-meta-layouts":"default","ast-page-background-enabled":"default","ast-page-background-meta":{"desktop":{"background-color":"var(--ast-global-color-5)","background-image":"","background-repeat":"repeat","background-position":"center center","background-size":"auto","background-attachment":"scroll","background-type":"","background-media":"","overlay-type":"","overlay-color":"","overlay-opacity":"","overlay-gradient":""},"tablet":{"background-color":"","background-image":"","background-repeat":"repeat","background-position":"center center","background-size":"auto","background-attachment":"scroll","background-type":"","background-media":"","overlay-type":"","overlay-color":"","overlay-opacity":"","overlay-gradient":""},"mobile":{"background-color":"","background-image":"","background-repeat":"repeat","background-position":"center center","background-size":"auto","background-attachment":"scroll","background-type":"","background-media":"","overlay-type":"","overlay-color":"","overlay-opacity":"","overlay-gradient":""}},"ast-content-background-meta":{"desktop":{"background-color":"var(--ast-global-color-4)","background-image":"","background-repeat":"repeat","background-position":"center center","background-size":"auto","background-attachment":"scroll","background-type":"","background-media":"","overlay-type":"","overlay-color":"","overlay-opacity":"","overlay-gradient":""},"tablet":{"background-color":"var(--ast-global-color-4)","background-image":"","background-repeat":"repeat","background-position":"center center","background-size":"auto","background-attachment":"scroll","background-type":"","background-media":"","overlay-type":"","overlay-color":"","overlay-opacity":"","overlay-gradient":""},"mobile":{"background-color":"var(--ast-global-color-4)","background-image":"","background-repeat":"repeat","background-position":"center center","background-size":"auto","background-attachment":"scroll","background-type":"","background-media":"","overlay-type":"","overlay-color":"","overlay-opacity":"","overlay-gradient":""}},"_themeisle_gutenberg_block_has_review":false,"footnotes":""},"class_list":["post-736","page","type-page","status-publish","hentry"],"_links":{"self":[{"href":"https:\/\/escoladigital.madeira.gov.pt\/eb1pesjorge\/wp-json\/wp\/v2\/pages\/736","targetHints":{"allow":["GET"]}}],"collection":[{"href":"https:\/\/escoladigital.madeira.gov.pt\/eb1pesjorge\/wp-json\/wp\/v2\/pages"}],"about":[{"href":"https:\/\/escoladigital.madeira.gov.pt\/eb1pesjorge\/wp-json\/wp\/v2\/types\/page"}],"author":[{"embeddable":true,"href":"https:\/\/escoladigital.madeira.gov.pt\/eb1pesjorge\/wp-json\/wp\/v2\/users\/29"}],"replies":[{"embeddable":true,"href":"https:\/\/escoladigital.madeira.gov.pt\/eb1pesjorge\/wp-json\/wp\/v2\/comments?post=736"}],"version-history":[{"count":5,"href":"https:\/\/escoladigital.madeira.gov.pt\/eb1pesjorge\/wp-json\/wp\/v2\/pages\/736\/revisions"}],"predecessor-version":[{"id":1119,"href":"https:\/\/escoladigital.madeira.gov.pt\/eb1pesjorge\/wp-json\/wp\/v2\/pages\/736\/revisions\/1119"}],"wp:attachment":[{"href":"https:\/\/escoladigital.madeira.gov.pt\/eb1pesjorge\/wp-json\/wp\/v2\/media?parent=736"}],"curies":[{"name":"wp","href":"https:\/\/api.w.org\/{rel}","templated":true}]}}