{"id":797,"date":"2025-12-11T16:50:26","date_gmt":"2025-12-11T16:50:26","guid":{"rendered":"https:\/\/escoladigital.madeira.gov.pt\/eb1pesjorge\/?page_id=797"},"modified":"2025-12-15T15:38:32","modified_gmt":"2025-12-15T15:38:32","slug":"atividades-de-enriquecimento-do-curriculo","status":"publish","type":"page","link":"https:\/\/escoladigital.madeira.gov.pt\/eb1pesjorge\/atividades-de-enriquecimento-do-curriculo\/","title":{"rendered":"AEC"},"content":{"rendered":"\n<p class=\"has-text-align-center has-ast-global-color-6-color has-text-color has-link-color has-medium-font-size wp-elements-382d5d7af0255a3f3caccd68953acd02\" style=\"border-style:none;border-width:0px;border-top-left-radius:45px;border-top-right-radius:45px;border-bottom-left-radius:45px;border-bottom-right-radius:45px\"><strong>Atividades de Enriquecimento do Curr\u00edculo<\/strong><\/p>\n\n\n\n<p class=\"has-border-color has-ast-global-color-1-border-color has-ast-global-color-6-color has-ast-global-color-5-background-color has-text-color has-background has-link-color wp-elements-bfd0ccc38c70ffc88bf77660e00f7272\" style=\"border-width:5px\">As AEC para os alunos do 1\u00ba Ciclo s\u00e3o de car\u00e1ter l\u00fadico e formativo, art\u00edstico, tecnol\u00f3gico e cultural, focadas em \u00e1reas como Express\u00e3o F\u00edsico e Motora, M\u00fasica, Artes Pl\u00e1sticas, TIC (Tecnologias de Informa\u00e7\u00e3o e Comunica\u00e7\u00e3o), Ingl\u00eas, Biblioteca e Estudo. S\u00e3o atividades facultativas, com carga hor\u00e1ria semanal definida pela legisla\u00e7\u00e3o regional.<\/p>\n\n\n\n<details class=\"wp-block-details is-layout-flow wp-block-details-is-layout-flow\"><summary><strong>Express\u00e3o F\u00edsico e Motora <\/strong><\/summary>\n<p class=\"has-border-color has-ast-global-color-1-border-color has-ast-global-color-6-color has-ast-global-color-5-background-color has-text-color has-background has-link-color wp-elements-4cdfa21930f37d455cfa1321dbef47ce\">A <strong>Educa\u00e7\u00e3o F\u00edsica<\/strong> promove o desenvolvimento motor, o bem-estar e h\u00e1bitos de vida saud\u00e1vel. Atrav\u00e9s de jogos, atividades f\u00edsicas e momentos de coopera\u00e7\u00e3o, os alunos desenvolvem compet\u00eancias motoras, esp\u00edrito de equipa, respeito pelas regras e gosto pela pr\u00e1tica de atividade f\u00edsica.<\/p>\n<\/details>\n\n\n\n<details class=\"wp-block-details is-layout-flow wp-block-details-is-layout-flow\"><summary><strong>Modalidades Art\u00edsticas<\/strong><\/summary>\n<p class=\"has-border-color has-ast-global-color-1-border-color has-ast-global-color-6-color has-ast-global-color-5-background-color has-text-color has-background has-link-color wp-elements-7e7277099a3f7d4dd0ab8faa28556e16\">As <strong>Modalidades Art\u00edsticas<\/strong> proporcionam experi\u00eancias diversificadas nas \u00e1reas da m\u00fasica, dan\u00e7a, teatro e express\u00e3o corporal. Atrav\u00e9s de atividades l\u00fadicas e criativas, promovem-se a express\u00e3o, a sensibilidade art\u00edstica, a confian\u00e7a e o gosto pelas artes, contribuindo para o desenvolvimento integral dos alunos.<\/p>\n<\/details>\n\n\n\n<details class=\"wp-block-details is-layout-flow wp-block-details-is-layout-flow\"><summary><strong>Express\u00e3o Pl\u00e1stica<\/strong><\/summary>\n<p class=\"has-border-color has-ast-global-color-1-border-color has-ast-global-color-6-color has-ast-global-color-5-background-color has-text-color has-background has-link-color wp-elements-ff995e8893f76346b45854155bf1be6b\">A <strong>Express\u00e3o Pl\u00e1stica<\/strong> proporciona experi\u00eancias criativas que estimulam a imagina\u00e7\u00e3o, a sensibilidade est\u00e9tica e a express\u00e3o pessoal. Atrav\u00e9s da explora\u00e7\u00e3o de diferentes materiais, t\u00e9cnicas e linguagens visuais, os alunos desenvolvem a criatividade, a autonomia e o gosto pela arte, complementando e enriquecendo as aprendizagens curriculares.<\/p>\n<\/details>\n\n\n\n<details class=\"wp-block-details is-layout-flow wp-block-details-is-layout-flow\"><summary><strong>TIC<\/strong><\/summary>\n<p class=\"has-border-color has-ast-global-color-1-border-color has-ast-global-color-6-color has-ast-global-color-5-background-color has-text-color has-background has-link-color wp-elements-2949435f6c7d78e34d9e5f6c1fa2b1f4\">As <strong>Tecnologias de Informa\u00e7\u00e3o e Comunica\u00e7\u00e3o (TIC)<\/strong> oferecem oportunidades de aprendizagem ativas, criativas e significativas. Atrav\u00e9s de atividades l\u00fadicas e orientadas, os alunos exploram ferramentas digitais, desenvolvem compet\u00eancias b\u00e1sicas de utiliza\u00e7\u00e3o das tecnologias e contactam com formas simples de programa\u00e7\u00e3o, comunica\u00e7\u00e3o e cria\u00e7\u00e3o multim\u00e9dia. Esta \u00e1rea promove o pensamento cr\u00edtico, a autonomia e a curiosidade, ajudando-os a compreender e a utilizar a tecnologia de forma segura e respons\u00e1vel. Esta atividade torna-se, assim, um apoio essencial ao curr\u00edculo, enriquecendo as aprendizagens e preparando os alunos para os desafios do mundo digital. As TIC com o Pr\u00e9-Escolar t\u00eam como documento orientador <a href=\"https:\/\/escoladigital.madeira.gov.pt\/eb1pesjorge\/wp-content\/uploads\/sites\/20\/2025\/12\/OTDC-apenasPRE_ESCOLAR.pdf\" data-type=\"attachment\" data-id=\"950\">Orienta\u00e7\u00f5es Tecnol\u00f3gicas, Digitais e Computacionais na Regi\u00e3o Aut\u00f3noma da Madeira <\/a>(p\u00e1g. 12 \u00e0 17) e com o 1.\u00ba ciclo o <a href=\"https:\/\/escoladigital.madeira.gov.pt\/eb1pesjorge\/wp-content\/uploads\/sites\/20\/2025\/12\/DOCUMENTO_ORIENTADOR_TIC_RAM22_23.pdf\" data-type=\"attachment\" data-id=\"949\">Documento Orientador TIC | RAM<\/a>.<br><\/p>\n<\/details>\n\n\n\n<details class=\"wp-block-details is-layout-flow wp-block-details-is-layout-flow\"><summary><strong>Ingl\u00eas<\/strong><\/summary>\n<p class=\"has-border-color has-ast-global-color-1-border-color has-ast-global-color-6-color has-ast-global-color-5-background-color has-text-color has-background has-link-color wp-elements-25dc56bed954e804781c4ab3178dbb95\">O <strong>Ingl\u00eas<\/strong> proporciona  um primeiro contacto com a l\u00edngua inglesa de forma l\u00fadica e significativa. Atrav\u00e9s de jogos, can\u00e7\u00f5es, hist\u00f3rias e atividades interativas, desenvolvem-se compet\u00eancias b\u00e1sicas de comunica\u00e7\u00e3o, promovendo a curiosidade, a confian\u00e7a e o gosto por aprender uma nova l\u00edngua.<\/p>\n<\/details>\n\n\n\n<details class=\"wp-block-details is-layout-flow wp-block-details-is-layout-flow\"><summary><strong>Biblioteca<\/strong><\/summary>\n<p class=\"has-border-color has-ast-global-color-1-border-color has-ast-global-color-6-color has-ast-global-color-5-background-color has-text-color has-background has-link-color wp-elements-a644e948327b8b1fb63fa6edf4094022\">A <strong>Biblioteca<\/strong> promove o gosto pela leitura, o contacto com os livros e o desenvolvimento da literacia. Atrav\u00e9s de momentos de leitura orientada, explora\u00e7\u00e3o de hist\u00f3rias e atividades l\u00fadicas, os alunos ampliam o vocabul\u00e1rio, a imagina\u00e7\u00e3o e o prazer de aprender, contribuindo para a forma\u00e7\u00e3o de leitores curiosos e aut\u00f3nomos.<\/p>\n<\/details>\n\n\n\n<details class=\"wp-block-details is-layout-flow wp-block-details-is-layout-flow\"><summary><strong>Estudo<\/strong><\/summary>\n<p class=\"has-border-color has-ast-global-color-1-border-color has-ast-global-color-6-color has-ast-global-color-5-background-color has-text-color has-background has-link-color wp-elements-74bc5f4385bb12d832b89ec39714ea8c\">O <strong>Estudo<\/strong> visa apoiar no desenvolvimento de m\u00e9todos e h\u00e1bitos de trabalho, organiza\u00e7\u00e3o e autonomia. Atrav\u00e9s de estrat\u00e9gias orientadas e acompanhamento regular, promove-se a aplica\u00e7\u00e3o e consolida\u00e7\u00e3o das aprendizagens, o esclarecimento de d\u00favidas e o refor\u00e7o da confian\u00e7a, contribuindo para o sucesso escolar.<\/p>\n<\/details>\n\n\n\n<p><\/p>\n","protected":false},"excerpt":{"rendered":"<p>Atividades de Enriquecimento do Curr\u00edculo As AEC para os alunos do 1\u00ba Ciclo s\u00e3o de car\u00e1ter l\u00fadico e formativo, art\u00edstico, [&hellip;]<\/p>\n","protected":false},"author":29,"featured_media":0,"parent":0,"menu_order":0,"comment_status":"closed","ping_status":"closed","template":"","meta":{"site-sidebar-layout":"default","site-content-layout":"","ast-site-content-layout":"default","site-content-style":"default","site-sidebar-style":"default","ast-global-header-display":"","ast-banner-title-visibility":"","ast-main-header-display":"","ast-hfb-above-header-display":"","ast-hfb-below-header-display":"","ast-hfb-mobile-header-display":"","site-post-title":"","ast-breadcrumbs-content":"","ast-featured-img":"","footer-sml-layout":"","ast-disable-related-posts":"","theme-transparent-header-meta":"","adv-header-id-meta":"","stick-header-meta":"","header-above-stick-meta":"","header-main-stick-meta":"","header-below-stick-meta":"","astra-migrate-meta-layouts":"default","ast-page-background-enabled":"default","ast-page-background-meta":{"desktop":{"background-color":"var(--ast-global-color-5)","background-image":"","background-repeat":"repeat","background-position":"center center","background-size":"auto","background-attachment":"scroll","background-type":"","background-media":"","overlay-type":"","overlay-color":"","overlay-opacity":"","overlay-gradient":""},"tablet":{"background-color":"","background-image":"","background-repeat":"repeat","background-position":"center center","background-size":"auto","background-attachment":"scroll","background-type":"","background-media":"","overlay-type":"","overlay-color":"","overlay-opacity":"","overlay-gradient":""},"mobile":{"background-color":"","background-image":"","background-repeat":"repeat","background-position":"center center","background-size":"auto","background-attachment":"scroll","background-type":"","background-media":"","overlay-type":"","overlay-color":"","overlay-opacity":"","overlay-gradient":""}},"ast-content-background-meta":{"desktop":{"background-color":"var(--ast-global-color-4)","background-image":"","background-repeat":"repeat","background-position":"center center","background-size":"auto","background-attachment":"scroll","background-type":"","background-media":"","overlay-type":"","overlay-color":"","overlay-opacity":"","overlay-gradient":""},"tablet":{"background-color":"var(--ast-global-color-4)","background-image":"","background-repeat":"repeat","background-position":"center center","background-size":"auto","background-attachment":"scroll","background-type":"","background-media":"","overlay-type":"","overlay-color":"","overlay-opacity":"","overlay-gradient":""},"mobile":{"background-color":"var(--ast-global-color-4)","background-image":"","background-repeat":"repeat","background-position":"center center","background-size":"auto","background-attachment":"scroll","background-type":"","background-media":"","overlay-type":"","overlay-color":"","overlay-opacity":"","overlay-gradient":""}},"_themeisle_gutenberg_block_has_review":false,"footnotes":""},"class_list":["post-797","page","type-page","status-publish","hentry"],"_links":{"self":[{"href":"https:\/\/escoladigital.madeira.gov.pt\/eb1pesjorge\/wp-json\/wp\/v2\/pages\/797","targetHints":{"allow":["GET"]}}],"collection":[{"href":"https:\/\/escoladigital.madeira.gov.pt\/eb1pesjorge\/wp-json\/wp\/v2\/pages"}],"about":[{"href":"https:\/\/escoladigital.madeira.gov.pt\/eb1pesjorge\/wp-json\/wp\/v2\/types\/page"}],"author":[{"embeddable":true,"href":"https:\/\/escoladigital.madeira.gov.pt\/eb1pesjorge\/wp-json\/wp\/v2\/users\/29"}],"replies":[{"embeddable":true,"href":"https:\/\/escoladigital.madeira.gov.pt\/eb1pesjorge\/wp-json\/wp\/v2\/comments?post=797"}],"version-history":[{"count":13,"href":"https:\/\/escoladigital.madeira.gov.pt\/eb1pesjorge\/wp-json\/wp\/v2\/pages\/797\/revisions"}],"predecessor-version":[{"id":1039,"href":"https:\/\/escoladigital.madeira.gov.pt\/eb1pesjorge\/wp-json\/wp\/v2\/pages\/797\/revisions\/1039"}],"wp:attachment":[{"href":"https:\/\/escoladigital.madeira.gov.pt\/eb1pesjorge\/wp-json\/wp\/v2\/media?parent=797"}],"curies":[{"name":"wp","href":"https:\/\/api.w.org\/{rel}","templated":true}]}}