{"id":809,"date":"2025-12-11T17:00:21","date_gmt":"2025-12-11T17:00:21","guid":{"rendered":"https:\/\/escoladigital.madeira.gov.pt\/eb1pesjorge\/?page_id=809"},"modified":"2025-12-15T19:08:14","modified_gmt":"2025-12-15T19:08:14","slug":"avaliacao-do-desempenho-docente","status":"publish","type":"page","link":"https:\/\/escoladigital.madeira.gov.pt\/eb1pesjorge\/avaliacao-do-desempenho-docente\/","title":{"rendered":"Avalia\u00e7\u00e3o do Desempenho Docente"},"content":{"rendered":"\n<p class=\"has-text-align-center has-ast-global-color-6-color has-text-color has-link-color has-medium-font-size wp-elements-819c15859ea6c9feeadc2bd379999711\"><strong>Legisla\u00e7\u00e3o em vigor: <\/strong><\/p>\n\n\n\n<div class=\"wp-block-columns alignwide has-border-color has-ast-global-color-5-background-color has-background is-layout-flex wp-container-core-columns-is-layout-28f84493 wp-block-columns-is-layout-flex\" style=\"border-color:var(--ast-global-color-1);border-width:5px;border-top-left-radius:10px;border-top-right-radius:10px;border-bottom-left-radius:10px;border-bottom-right-radius:10px\">\n<div class=\"wp-block-column is-layout-flow wp-block-column-is-layout-flow\">\n<div id=\"wp-block-themeisle-blocks-button-group-9ea5ddd1\" class=\"wp-block-themeisle-blocks-button-group wp-block-buttons align-center-desktop\">\n<div id=\"wp-block-themeisle-blocks-button-245280ec\" class=\"wp-block-themeisle-blocks-button wp-block-button\"><a href=\"https:\/\/escoladigital.madeira.gov.pt\/eb1pesjorge\/wp-content\/uploads\/sites\/20\/2025\/12\/DecretoRegulamentarRegional_26_2012_M.pdf\" target=\"_self\" rel=\"noopener noreferrer\" class=\"wp-block-button__link\"><span><br><strong>DRR n.\u00ba 26\/2012\/M<\/strong><\/span><\/a><\/div>\n<\/div>\n\n\n\n<p class=\"has-text-align-center\">Regulamenta o sistema de Avalia\u00e7\u00e3o do Desempenho do Pessoal Docente<\/p>\n<\/div>\n\n\n\n<div class=\"wp-block-column is-layout-flow wp-block-column-is-layout-flow\">\n<div id=\"wp-block-themeisle-blocks-button-group-07a56b88\" class=\"wp-block-themeisle-blocks-button-group wp-block-buttons align-center-desktop\">\n<div id=\"wp-block-themeisle-blocks-button-a31e42c4\" class=\"wp-block-themeisle-blocks-button wp-block-button\"><a href=\"https:\/\/escoladigital.madeira.gov.pt\/eb1pesjorge\/wp-content\/uploads\/sites\/20\/2025\/12\/DespachoConjunto_9_2013.pdf\" target=\"_self\" rel=\"noopener noreferrer\" class=\"wp-block-button__link\"><span><strong>Despacho Conjunto <\/strong><strong>n.\u00ba 10\/2013<\/strong><\/span><\/a><\/div>\n<\/div>\n\n\n\n<p class=\"has-text-align-center\">Estabelece a classifica\u00e7\u00e3o final  quantitativa da avalia\u00e7\u00e3o do desempenho docente<\/p>\n<\/div>\n\n\n\n<div class=\"wp-block-column is-layout-flow wp-block-column-is-layout-flow\">\n<div id=\"wp-block-themeisle-blocks-button-group-a90adf9a\" class=\"wp-block-themeisle-blocks-button-group wp-block-buttons align-center-desktop\">\n<div id=\"wp-block-themeisle-blocks-button-a4dcc6dd\" class=\"wp-block-themeisle-blocks-button wp-block-button\"><a href=\"https:\/\/escoladigital.madeira.gov.pt\/eb1pesjorge\/wp-content\/uploads\/sites\/20\/2025\/12\/DRR13-2018.pdf\" target=\"_self\" rel=\"noopener noreferrer\" class=\"wp-block-button__link\"><span><br><strong>DRR n.\u00ba 13\/2018\/M<\/strong><\/span><\/a><\/div>\n<\/div>\n\n\n\n<p class=\"has-text-align-center\">1.\u00aa altera\u00e7\u00e3o do Decreto Regulamentar Regional n.\u00ba 26\/2012\/M, de 8 de outubro<\/p>\n<\/div>\n\n\n\n<div class=\"wp-block-column is-layout-flow wp-block-column-is-layout-flow\">\n<div id=\"wp-block-themeisle-blocks-button-group-2917242e\" class=\"wp-block-themeisle-blocks-button-group wp-block-buttons align-center-desktop\">\n<div id=\"wp-block-themeisle-blocks-button-49e1793e\" class=\"wp-block-themeisle-blocks-button wp-block-button\"><a href=\"https:\/\/escoladigital.madeira.gov.pt\/eb1pesjorge\/wp-content\/uploads\/sites\/20\/2025\/12\/Port36-2021.pdf\" target=\"_self\" rel=\"noopener noreferrer\" class=\"wp-block-button__link\"><span><br><strong>Portaria n.\u00ba 36\/2021<\/strong><\/span><\/a><\/div>\n<\/div>\n\n\n\n<p class=\"has-text-align-center\">Regulamenta a Forma\u00e7\u00e3o Cont\u00ednua dos Docentes<\/p>\n<\/div>\n<\/div>\n\n\n\n<p><\/p>\n\n\n\n<p class=\"has-text-align-center has-border-color has-ast-global-color-1-border-color has-ast-global-color-6-color has-ast-global-color-5-background-color has-text-color has-background has-link-color wp-elements-98ccf32300bf264a1a506a46f8eae5bf\" style=\"border-width:5px\">Manual de Procedimentos da Avalia\u00e7\u00e3o do Desempenho Docente<\/p>\n\n\n\n<p class=\"has-text-align-center has-border-color has-ast-global-color-1-border-color has-ast-global-color-6-color has-ast-global-color-5-background-color has-text-color has-background has-link-color wp-elements-2ba42df280448279a1cba21726eaf61d\" style=\"border-width:5px\"><a href=\"https:\/\/escoladigital.madeira.gov.pt\/eb1pesjorge\/wp-content\/uploads\/sites\/20\/2025\/12\/ANEXO_1.1-calendarizacao-2025-26.pdf\" data-type=\"attachment\" data-id=\"1041\" target=\"_blank\" rel=\"noreferrer noopener\">Calendariza\u00e7\u00e3o 2025\/2026<\/a><\/p>\n\n\n\n<p><\/p>\n","protected":false},"excerpt":{"rendered":"<p>Legisla\u00e7\u00e3o em vigor: Regulamenta o sistema de Avalia\u00e7\u00e3o do Desempenho do Pessoal Docente Estabelece a classifica\u00e7\u00e3o final quantitativa da avalia\u00e7\u00e3o [&hellip;]<\/p>\n","protected":false},"author":29,"featured_media":0,"parent":0,"menu_order":0,"comment_status":"closed","ping_status":"closed","template":"","meta":{"site-sidebar-layout":"default","site-content-layout":"","ast-site-content-layout":"default","site-content-style":"default","site-sidebar-style":"default","ast-global-header-display":"","ast-banner-title-visibility":"","ast-main-header-display":"","ast-hfb-above-header-display":"","ast-hfb-below-header-display":"","ast-hfb-mobile-header-display":"","site-post-title":"","ast-breadcrumbs-content":"","ast-featured-img":"","footer-sml-layout":"","ast-disable-related-posts":"","theme-transparent-header-meta":"","adv-header-id-meta":"","stick-header-meta":"","header-above-stick-meta":"","header-main-stick-meta":"","header-below-stick-meta":"","astra-migrate-meta-layouts":"default","ast-page-background-enabled":"default","ast-page-background-meta":{"desktop":{"background-color":"var(--ast-global-color-5)","background-image":"","background-repeat":"repeat","background-position":"center center","background-size":"auto","background-attachment":"scroll","background-type":"","background-media":"","overlay-type":"","overlay-color":"","overlay-opacity":"","overlay-gradient":""},"tablet":{"background-color":"","background-image":"","background-repeat":"repeat","background-position":"center center","background-size":"auto","background-attachment":"scroll","background-type":"","background-media":"","overlay-type":"","overlay-color":"","overlay-opacity":"","overlay-gradient":""},"mobile":{"background-color":"","background-image":"","background-repeat":"repeat","background-position":"center center","background-size":"auto","background-attachment":"scroll","background-type":"","background-media":"","overlay-type":"","overlay-color":"","overlay-opacity":"","overlay-gradient":""}},"ast-content-background-meta":{"desktop":{"background-color":"var(--ast-global-color-4)","background-image":"","background-repeat":"repeat","background-position":"center center","background-size":"auto","background-attachment":"scroll","background-type":"","background-media":"","overlay-type":"","overlay-color":"","overlay-opacity":"","overlay-gradient":""},"tablet":{"background-color":"var(--ast-global-color-4)","background-image":"","background-repeat":"repeat","background-position":"center center","background-size":"auto","background-attachment":"scroll","background-type":"","background-media":"","overlay-type":"","overlay-color":"","overlay-opacity":"","overlay-gradient":""},"mobile":{"background-color":"var(--ast-global-color-4)","background-image":"","background-repeat":"repeat","background-position":"center center","background-size":"auto","background-attachment":"scroll","background-type":"","background-media":"","overlay-type":"","overlay-color":"","overlay-opacity":"","overlay-gradient":""}},"_themeisle_gutenberg_block_has_review":false,"footnotes":""},"class_list":["post-809","page","type-page","status-publish","hentry"],"_links":{"self":[{"href":"https:\/\/escoladigital.madeira.gov.pt\/eb1pesjorge\/wp-json\/wp\/v2\/pages\/809","targetHints":{"allow":["GET"]}}],"collection":[{"href":"https:\/\/escoladigital.madeira.gov.pt\/eb1pesjorge\/wp-json\/wp\/v2\/pages"}],"about":[{"href":"https:\/\/escoladigital.madeira.gov.pt\/eb1pesjorge\/wp-json\/wp\/v2\/types\/page"}],"author":[{"embeddable":true,"href":"https:\/\/escoladigital.madeira.gov.pt\/eb1pesjorge\/wp-json\/wp\/v2\/users\/29"}],"replies":[{"embeddable":true,"href":"https:\/\/escoladigital.madeira.gov.pt\/eb1pesjorge\/wp-json\/wp\/v2\/comments?post=809"}],"version-history":[{"count":8,"href":"https:\/\/escoladigital.madeira.gov.pt\/eb1pesjorge\/wp-json\/wp\/v2\/pages\/809\/revisions"}],"predecessor-version":[{"id":1047,"href":"https:\/\/escoladigital.madeira.gov.pt\/eb1pesjorge\/wp-json\/wp\/v2\/pages\/809\/revisions\/1047"}],"wp:attachment":[{"href":"https:\/\/escoladigital.madeira.gov.pt\/eb1pesjorge\/wp-json\/wp\/v2\/media?parent=809"}],"curies":[{"name":"wp","href":"https:\/\/api.w.org\/{rel}","templated":true}]}}