{"id":114,"date":"2024-11-27T15:48:03","date_gmt":"2024-11-27T15:48:03","guid":{"rendered":"https:\/\/escoladigital.madeira.gov.pt\/eb1pesvicente\/?page_id=114"},"modified":"2025-04-28T19:08:00","modified_gmt":"2025-04-28T19:08:00","slug":"ementas","status":"publish","type":"page","link":"https:\/\/escoladigital.madeira.gov.pt\/eb1pesvicente\/ementas\/","title":{"rendered":"Ementas"},"content":{"rendered":"\n<figure class=\"wp-block-image aligncenter size-full\"><img fetchpriority=\"high\" decoding=\"async\" width=\"596\" height=\"295\" src=\"https:\/\/escoladigital.madeira.gov.pt\/eb1pesvicente\/wp-content\/uploads\/sites\/60\/2024\/11\/banner_volta_as_aulas_nutricao_1-600x385-1.png\" alt=\"\" class=\"wp-image-115\" srcset=\"https:\/\/escoladigital.madeira.gov.pt\/eb1pesvicente\/wp-content\/uploads\/sites\/60\/2024\/11\/banner_volta_as_aulas_nutricao_1-600x385-1.png 596w, https:\/\/escoladigital.madeira.gov.pt\/eb1pesvicente\/wp-content\/uploads\/sites\/60\/2024\/11\/banner_volta_as_aulas_nutricao_1-600x385-1-300x148.png 300w\" sizes=\"(max-width: 596px) 100vw, 596px\" \/><\/figure>\n\n\n\n<p><strong>Educa\u00e7\u00e3o alimentar e nutricional<\/strong><\/p>\n\n\n\n<p>A Escola pretende diariamente fomentar a educa\u00e7\u00e3o alimentar e nutricional no contexto da promo\u00e7\u00e3o das pr\u00e1ticas alimentares saud\u00e1veis em meio escolar, concebida como uma estrat\u00e9gia imprescind\u00edvel para se enfrentar os novos desafios na sa\u00fade, alimenta\u00e7\u00e3o e nutri\u00e7\u00e3o.<\/p>\n\n\n\n<p class=\"has-text-align-center\"><strong>Ementas 2024\/2025<\/strong><\/p>\n\n\n\n<p class=\"has-text-align-center\"><strong>1\u00ba per\u00edodo<\/strong><\/p>\n\n\n\n<div data-wp-interactive=\"core\/file\" class=\"wp-block-file alignleft\"><object data-wp-bind--hidden=\"!state.hasPdfPreview\" hidden class=\"wp-block-file__embed\" data=\"https:\/\/escoladigital.madeira.gov.pt\/eb1pesvicente\/wp-content\/uploads\/sites\/60\/2024\/12\/Ementas-bebes-1o-periodo-1.pdf\" type=\"application\/pdf\" style=\"width:100%;height:600px\" aria-label=\"Incorpora\u00e7\u00e3o de Ementas beb\u00e9s 1\u00ba periodo.\"><\/object><a id=\"wp-block-file--media-f1863827-49b4-4ae0-9cf4-02e78c384b7c\" href=\"https:\/\/escoladigital.madeira.gov.pt\/eb1pesvicente\/wp-content\/uploads\/sites\/60\/2024\/12\/Ementas-bebes-1o-periodo-1.pdf\">Ementas beb\u00e9s 1\u00ba periodo<\/a><a href=\"https:\/\/escoladigital.madeira.gov.pt\/eb1pesvicente\/wp-content\/uploads\/sites\/60\/2024\/12\/Ementas-bebes-1o-periodo-1.pdf\" class=\"wp-block-file__button wp-element-button\" download aria-describedby=\"wp-block-file--media-f1863827-49b4-4ae0-9cf4-02e78c384b7c\">Descarregar<\/a><\/div>\n\n\n\n<div data-wp-interactive=\"core\/file\" class=\"wp-block-file\"><object data-wp-bind--hidden=\"!state.hasPdfPreview\" hidden class=\"wp-block-file__embed\" data=\"https:\/\/escoladigital.madeira.gov.pt\/eb1pesvicente\/wp-content\/uploads\/sites\/60\/2024\/12\/Ementa-Creche-1o-periodo.pdf\" type=\"application\/pdf\" style=\"width:100%;height:600px\" aria-label=\"Incorpora\u00e7\u00e3o de Ementa Creche 1\u00ba periodo.\"><\/object><a id=\"wp-block-file--media-6ba90ae8-1329-419f-9b86-2fb5f1aaac4d\" href=\"https:\/\/escoladigital.madeira.gov.pt\/eb1pesvicente\/wp-content\/uploads\/sites\/60\/2024\/12\/Ementa-Creche-1o-periodo.pdf\">Ementa Creche 1\u00ba periodo<\/a><a href=\"https:\/\/escoladigital.madeira.gov.pt\/eb1pesvicente\/wp-content\/uploads\/sites\/60\/2024\/12\/Ementa-Creche-1o-periodo.pdf\" class=\"wp-block-file__button wp-element-button\" download aria-describedby=\"wp-block-file--media-6ba90ae8-1329-419f-9b86-2fb5f1aaac4d\">Descarregar<\/a><\/div>\n\n\n\n<div data-wp-interactive=\"core\/file\" class=\"wp-block-file alignleft\"><object data-wp-bind--hidden=\"!state.hasPdfPreview\" hidden class=\"wp-block-file__embed\" data=\"https:\/\/escoladigital.madeira.gov.pt\/eb1pesvicente\/wp-content\/uploads\/sites\/60\/2024\/12\/Ementa-Jardim-de-Infancia-1o-periodo.pdf\" type=\"application\/pdf\" style=\"width:100%;height:600px\" aria-label=\"Incorpora\u00e7\u00e3o de Ementa Jardim de Inf\u00e2ncia 1\u00ba periodo.\"><\/object><a id=\"wp-block-file--media-23f5ec35-918f-46b7-a948-a82ef007bf2d\" href=\"https:\/\/escoladigital.madeira.gov.pt\/eb1pesvicente\/wp-content\/uploads\/sites\/60\/2024\/12\/Ementa-Jardim-de-Infancia-1o-periodo.pdf\">Ementa Jardim de Inf\u00e2ncia 1\u00ba periodo<\/a><a href=\"https:\/\/escoladigital.madeira.gov.pt\/eb1pesvicente\/wp-content\/uploads\/sites\/60\/2024\/12\/Ementa-Jardim-de-Infancia-1o-periodo.pdf\" class=\"wp-block-file__button wp-element-button\" download aria-describedby=\"wp-block-file--media-23f5ec35-918f-46b7-a948-a82ef007bf2d\">Descarregar<\/a><\/div>\n\n\n\n<div data-wp-interactive=\"core\/file\" class=\"wp-block-file\"><object data-wp-bind--hidden=\"!state.hasPdfPreview\" hidden class=\"wp-block-file__embed\" data=\"https:\/\/escoladigital.madeira.gov.pt\/eb1pesvicente\/wp-content\/uploads\/sites\/60\/2024\/12\/Ementa-DPRI.pdf\" type=\"application\/pdf\" style=\"width:100%;height:600px\" aria-label=\"Incorpora\u00e7\u00e3o de Ementa DPRI.\"><\/object><a id=\"wp-block-file--media-41f24a43-3601-4fce-9ba8-83c1da10f1a7\" href=\"https:\/\/escoladigital.madeira.gov.pt\/eb1pesvicente\/wp-content\/uploads\/sites\/60\/2024\/12\/Ementa-DPRI.pdf\">Ementa DPRI<\/a><a href=\"https:\/\/escoladigital.madeira.gov.pt\/eb1pesvicente\/wp-content\/uploads\/sites\/60\/2024\/12\/Ementa-DPRI.pdf\" class=\"wp-block-file__button wp-element-button\" download aria-describedby=\"wp-block-file--media-41f24a43-3601-4fce-9ba8-83c1da10f1a7\">Descarregar<\/a><\/div>\n\n\n\n<div data-wp-interactive=\"core\/file\" class=\"wp-block-file\"><object data-wp-bind--hidden=\"!state.hasPdfPreview\" hidden class=\"wp-block-file__embed\" data=\"https:\/\/escoladigital.madeira.gov.pt\/eb1pesvicente\/wp-content\/uploads\/sites\/60\/2024\/12\/Ementa-Lanches-DRPRI.pdf\" type=\"application\/pdf\" style=\"width:100%;height:600px\" aria-label=\"Incorpora\u00e7\u00e3o de Ementa Lanches DRPRI.\"><\/object><a id=\"wp-block-file--media-bcfca996-5ba9-4b6d-b12d-504b5f02ee07\" href=\"https:\/\/escoladigital.madeira.gov.pt\/eb1pesvicente\/wp-content\/uploads\/sites\/60\/2024\/12\/Ementa-Lanches-DRPRI.pdf\">Ementa Lanches DRPRI<\/a><a href=\"https:\/\/escoladigital.madeira.gov.pt\/eb1pesvicente\/wp-content\/uploads\/sites\/60\/2024\/12\/Ementa-Lanches-DRPRI.pdf\" class=\"wp-block-file__button wp-element-button\" download aria-describedby=\"wp-block-file--media-bcfca996-5ba9-4b6d-b12d-504b5f02ee07\">Descarregar<\/a><\/div>\n\n\n\n<p class=\"has-text-align-center\"><strong>2\u00ba per\u00edodo<\/strong><\/p>\n\n\n\n<div data-wp-interactive=\"core\/file\" class=\"wp-block-file alignleft\"><object data-wp-bind--hidden=\"!state.hasPdfPreview\" hidden class=\"wp-block-file__embed\" data=\"https:\/\/escoladigital.madeira.gov.pt\/eb1pesvicente\/wp-content\/uploads\/sites\/60\/2024\/12\/Ementa-Creche-2o-periodo-1.pdf\" type=\"application\/pdf\" style=\"width:100%;height:600px\" aria-label=\"Incorpora\u00e7\u00e3o de Ementa Creche 2\u00ba per\u00edodo.\"><\/object><a id=\"wp-block-file--media-d80cca8a-939b-4ce9-821f-6a10e1ae3f81\" href=\"https:\/\/escoladigital.madeira.gov.pt\/eb1pesvicente\/wp-content\/uploads\/sites\/60\/2024\/12\/Ementa-Creche-2o-periodo-1.pdf\">Ementa Creche 2\u00ba per\u00edodo<\/a><a href=\"https:\/\/escoladigital.madeira.gov.pt\/eb1pesvicente\/wp-content\/uploads\/sites\/60\/2024\/12\/Ementa-Creche-2o-periodo-1.pdf\" class=\"wp-block-file__button wp-element-button\" download aria-describedby=\"wp-block-file--media-d80cca8a-939b-4ce9-821f-6a10e1ae3f81\">Descarregar<\/a><\/div>\n\n\n\n<div data-wp-interactive=\"core\/file\" class=\"wp-block-file\"><object data-wp-bind--hidden=\"!state.hasPdfPreview\" hidden class=\"wp-block-file__embed\" data=\"https:\/\/escoladigital.madeira.gov.pt\/eb1pesvicente\/wp-content\/uploads\/sites\/60\/2024\/12\/Ementa-Jardim-de-Infancia-2o-periodo.pdf\" type=\"application\/pdf\" style=\"width:100%;height:600px\" aria-label=\"Incorpora\u00e7\u00e3o de Ementa Jardim de Inf\u00e2ncia 2\u00ba per\u00edodo.\"><\/object><a id=\"wp-block-file--media-507f0275-41bc-4c23-ab20-60eee20914fc\" href=\"https:\/\/escoladigital.madeira.gov.pt\/eb1pesvicente\/wp-content\/uploads\/sites\/60\/2024\/12\/Ementa-Jardim-de-Infancia-2o-periodo.pdf\">Ementa Jardim de Inf\u00e2ncia 2\u00ba per\u00edodo<\/a><a href=\"https:\/\/escoladigital.madeira.gov.pt\/eb1pesvicente\/wp-content\/uploads\/sites\/60\/2024\/12\/Ementa-Jardim-de-Infancia-2o-periodo.pdf\" class=\"wp-block-file__button wp-element-button\" download aria-describedby=\"wp-block-file--media-507f0275-41bc-4c23-ab20-60eee20914fc\">Descarregar<\/a><\/div>\n\n\n\n<div data-wp-interactive=\"core\/file\" class=\"wp-block-file alignleft\"><object data-wp-bind--hidden=\"!state.hasPdfPreview\" hidden class=\"wp-block-file__embed\" data=\"https:\/\/escoladigital.madeira.gov.pt\/eb1pesvicente\/wp-content\/uploads\/sites\/60\/2024\/12\/Ementa-1o-Ciclo-2o-periodo.pdf\" type=\"application\/pdf\" style=\"width:100%;height:600px\" aria-label=\"Incorpora\u00e7\u00e3o de Ementa 1\u00ba Ciclo 2\u00ba per\u00edodo.\"><\/object><a id=\"wp-block-file--media-6cb05e88-238b-4aa4-bdaf-4f7ec663a3a2\" href=\"https:\/\/escoladigital.madeira.gov.pt\/eb1pesvicente\/wp-content\/uploads\/sites\/60\/2024\/12\/Ementa-1o-Ciclo-2o-periodo.pdf\">Ementa 1\u00ba Ciclo 2\u00ba per\u00edodo<\/a><a href=\"https:\/\/escoladigital.madeira.gov.pt\/eb1pesvicente\/wp-content\/uploads\/sites\/60\/2024\/12\/Ementa-1o-Ciclo-2o-periodo.pdf\" class=\"wp-block-file__button wp-element-button\" download aria-describedby=\"wp-block-file--media-6cb05e88-238b-4aa4-bdaf-4f7ec663a3a2\">Descarregar<\/a><\/div>\n\n\n\n<div data-wp-interactive=\"core\/file\" class=\"wp-block-file\"><object data-wp-bind--hidden=\"!state.hasPdfPreview\" hidden class=\"wp-block-file__embed\" data=\"https:\/\/escoladigital.madeira.gov.pt\/eb1pesvicente\/wp-content\/uploads\/sites\/60\/2024\/12\/Ementa-Lanches-2o-periodo.pdf\" type=\"application\/pdf\" style=\"width:100%;height:600px\" aria-label=\"Incorpora\u00e7\u00e3o de Ementa Lanches 2\u00ba periodo.\"><\/object><a id=\"wp-block-file--media-3e18a7f7-06c2-4d07-81b8-c4b94e43d021\" href=\"https:\/\/escoladigital.madeira.gov.pt\/eb1pesvicente\/wp-content\/uploads\/sites\/60\/2024\/12\/Ementa-Lanches-2o-periodo.pdf\">Ementa Lanches 2\u00ba periodo<\/a><a href=\"https:\/\/escoladigital.madeira.gov.pt\/eb1pesvicente\/wp-content\/uploads\/sites\/60\/2024\/12\/Ementa-Lanches-2o-periodo.pdf\" class=\"wp-block-file__button wp-element-button\" download aria-describedby=\"wp-block-file--media-3e18a7f7-06c2-4d07-81b8-c4b94e43d021\">Descarregar<\/a><\/div>\n\n\n\n<p class=\"has-text-align-center\"><strong>3\u00baper\u00edodo<\/strong><\/p>\n\n\n\n<div data-wp-interactive=\"core\/file\" class=\"wp-block-file alignleft\"><object data-wp-bind--hidden=\"!state.hasPdfPreview\" hidden class=\"wp-block-file__embed\" data=\"https:\/\/escoladigital.madeira.gov.pt\/eb1pesvicente\/wp-content\/uploads\/sites\/60\/2025\/04\/Ementa-Creche-3o-periodo.pdf\" type=\"application\/pdf\" style=\"width:100%;height:600px\" aria-label=\"Incorpora\u00e7\u00e3o de Ementa Creche 3\u00ba per\u00edodo.\"><\/object><a id=\"wp-block-file--media-e703e426-a232-4b0e-9142-9d0dd1115ec2\" href=\"https:\/\/escoladigital.madeira.gov.pt\/eb1pesvicente\/wp-content\/uploads\/sites\/60\/2025\/04\/Ementa-Creche-3o-periodo.pdf\">Ementa Creche 3\u00ba per\u00edodo<\/a><a href=\"https:\/\/escoladigital.madeira.gov.pt\/eb1pesvicente\/wp-content\/uploads\/sites\/60\/2025\/04\/Ementa-Creche-3o-periodo.pdf\" class=\"wp-block-file__button wp-element-button\" download aria-describedby=\"wp-block-file--media-e703e426-a232-4b0e-9142-9d0dd1115ec2\">Descarregar<\/a><\/div>\n\n\n\n<div data-wp-interactive=\"core\/file\" class=\"wp-block-file alignleft\"><object data-wp-bind--hidden=\"!state.hasPdfPreview\" hidden class=\"wp-block-file__embed\" data=\"https:\/\/escoladigital.madeira.gov.pt\/eb1pesvicente\/wp-content\/uploads\/sites\/60\/2025\/04\/Ementa-1o-Ciclo-3o-periodo-2025-1.pdf\" type=\"application\/pdf\" style=\"width:100%;height:600px\" aria-label=\"Incorpora\u00e7\u00e3o de Ementa 1\u00ba Ciclo 3\u00ba per\u00edodo 2025.\"><\/object><a id=\"wp-block-file--media-793ddc2d-c8b3-41e6-a55a-b246ac8cfd92\" href=\"https:\/\/escoladigital.madeira.gov.pt\/eb1pesvicente\/wp-content\/uploads\/sites\/60\/2025\/04\/Ementa-1o-Ciclo-3o-periodo-2025-1.pdf\">Ementa 1\u00ba Ciclo 3\u00ba per\u00edodo 2025<\/a><a href=\"https:\/\/escoladigital.madeira.gov.pt\/eb1pesvicente\/wp-content\/uploads\/sites\/60\/2025\/04\/Ementa-1o-Ciclo-3o-periodo-2025-1.pdf\" class=\"wp-block-file__button wp-element-button\" download aria-describedby=\"wp-block-file--media-793ddc2d-c8b3-41e6-a55a-b246ac8cfd92\">Descarregar<\/a><\/div>\n","protected":false},"excerpt":{"rendered":"<p>Educa\u00e7\u00e3o alimentar e nutricional A Escola pretende diariamente fomentar a educa\u00e7\u00e3o alimentar e nutricional no contexto da promo\u00e7\u00e3o das pr\u00e1ticas [&hellip;]<\/p>\n","protected":false},"author":76,"featured_media":0,"parent":0,"menu_order":0,"comment_status":"closed","ping_status":"closed","template":"","meta":{"site-sidebar-layout":"default","site-content-layout":"","ast-site-content-layout":"default","site-content-style":"default","site-sidebar-style":"default","ast-global-header-display":"","ast-banner-title-visibility":"","ast-main-header-display":"","ast-hfb-above-header-display":"","ast-hfb-below-header-display":"","ast-hfb-mobile-header-display":"","site-post-title":"","ast-breadcrumbs-content":"","ast-featured-img":"","footer-sml-layout":"","ast-disable-related-posts":"","theme-transparent-header-meta":"","adv-header-id-meta":"","stick-header-meta":"","header-above-stick-meta":"","header-main-stick-meta":"","header-below-stick-meta":"","astra-migrate-meta-layouts":"default","ast-page-background-enabled":"default","ast-page-background-meta":{"desktop":{"background-color":"var(--ast-global-color-4)","background-image":"","background-repeat":"repeat","background-position":"center center","background-size":"auto","background-attachment":"scroll","background-type":"","background-media":"","overlay-type":"","overlay-color":"","overlay-opacity":"","overlay-gradient":""},"tablet":{"background-color":"","background-image":"","background-repeat":"repeat","background-position":"center center","background-size":"auto","background-attachment":"scroll","background-type":"","background-media":"","overlay-type":"","overlay-color":"","overlay-opacity":"","overlay-gradient":""},"mobile":{"background-color":"","background-image":"","background-repeat":"repeat","background-position":"center center","background-size":"auto","background-attachment":"scroll","background-type":"","background-media":"","overlay-type":"","overlay-color":"","overlay-opacity":"","overlay-gradient":""}},"ast-content-background-meta":{"desktop":{"background-color":"var(--ast-global-color-5)","background-image":"","background-repeat":"repeat","background-position":"center center","background-size":"auto","background-attachment":"scroll","background-type":"","background-media":"","overlay-type":"","overlay-color":"","overlay-opacity":"","overlay-gradient":""},"tablet":{"background-color":"var(--ast-global-color-5)","background-image":"","background-repeat":"repeat","background-position":"center center","background-size":"auto","background-attachment":"scroll","background-type":"","background-media":"","overlay-type":"","overlay-color":"","overlay-opacity":"","overlay-gradient":""},"mobile":{"background-color":"var(--ast-global-color-5)","background-image":"","background-repeat":"repeat","background-position":"center center","background-size":"auto","background-attachment":"scroll","background-type":"","background-media":"","overlay-type":"","overlay-color":"","overlay-opacity":"","overlay-gradient":""}},"_themeisle_gutenberg_block_has_review":false,"footnotes":""},"class_list":["post-114","page","type-page","status-publish","hentry"],"_links":{"self":[{"href":"https:\/\/escoladigital.madeira.gov.pt\/eb1pesvicente\/wp-json\/wp\/v2\/pages\/114","targetHints":{"allow":["GET"]}}],"collection":[{"href":"https:\/\/escoladigital.madeira.gov.pt\/eb1pesvicente\/wp-json\/wp\/v2\/pages"}],"about":[{"href":"https:\/\/escoladigital.madeira.gov.pt\/eb1pesvicente\/wp-json\/wp\/v2\/types\/page"}],"author":[{"embeddable":true,"href":"https:\/\/escoladigital.madeira.gov.pt\/eb1pesvicente\/wp-json\/wp\/v2\/users\/76"}],"replies":[{"embeddable":true,"href":"https:\/\/escoladigital.madeira.gov.pt\/eb1pesvicente\/wp-json\/wp\/v2\/comments?post=114"}],"version-history":[{"count":8,"href":"https:\/\/escoladigital.madeira.gov.pt\/eb1pesvicente\/wp-json\/wp\/v2\/pages\/114\/revisions"}],"predecessor-version":[{"id":905,"href":"https:\/\/escoladigital.madeira.gov.pt\/eb1pesvicente\/wp-json\/wp\/v2\/pages\/114\/revisions\/905"}],"wp:attachment":[{"href":"https:\/\/escoladigital.madeira.gov.pt\/eb1pesvicente\/wp-json\/wp\/v2\/media?parent=114"}],"curies":[{"name":"wp","href":"https:\/\/api.w.org\/{rel}","templated":true}]}}