{"id":770,"date":"2025-02-04T16:11:15","date_gmt":"2025-02-04T16:11:15","guid":{"rendered":"https:\/\/escoladigital.madeira.gov.pt\/eb1pesvicente\/?page_id=770"},"modified":"2025-05-13T23:12:43","modified_gmt":"2025-05-13T23:12:43","slug":"provas-moda-2025","status":"publish","type":"page","link":"https:\/\/escoladigital.madeira.gov.pt\/eb1pesvicente\/provas-moda-2025\/","title":{"rendered":"Provas ModA 2025"},"content":{"rendered":"\n<figure class=\"wp-block-image aligncenter size-full is-resized\"><img fetchpriority=\"high\" decoding=\"async\" width=\"500\" height=\"500\" src=\"https:\/\/escoladigital.madeira.gov.pt\/eb1pesvicente\/wp-content\/uploads\/sites\/60\/2025\/05\/Provas-online.png\" alt=\"\" class=\"wp-image-911\" style=\"width:352px;height:auto\" srcset=\"https:\/\/escoladigital.madeira.gov.pt\/eb1pesvicente\/wp-content\/uploads\/sites\/60\/2025\/05\/Provas-online.png 500w, https:\/\/escoladigital.madeira.gov.pt\/eb1pesvicente\/wp-content\/uploads\/sites\/60\/2025\/05\/Provas-online-300x300.png 300w, https:\/\/escoladigital.madeira.gov.pt\/eb1pesvicente\/wp-content\/uploads\/sites\/60\/2025\/05\/Provas-online-150x150.png 150w\" sizes=\"(max-width: 500px) 100vw, 500px\" \/><\/figure>\n\n\n\n<p><strong>Provas ModA acontecem ap\u00f3s as Provas ModA Ensaio e as mesmas s\u00e3o de \u00edndole digital e on-line. Servem para acompanhar os n\u00edveis de literacia dos alunos, nas diferentes \u00e1reas.<\/strong> <\/p>\n\n\n\n<p><strong>As provas ModA <\/strong>s\u00e3o de realiza\u00e7\u00e3o obrigat\u00f3ria e de aplica\u00e7\u00e3o universal, direcionadas ao <strong>4.\u00ba ano<\/strong> de escolaridade nas disciplinas de:<br><strong>&#8211; Portugu\u00eas<\/strong> (ou Portugu\u00eas L\u00edngua N\u00e3o Materna ou Portugu\u00eas Segunda L\u00edngua, para alunos estrangeiros);<br><strong>&#8211; Matem\u00e1tica e Estudo do Meio<\/strong>;<br><strong>&#8211; Disciplina rotativa- Ingl\u00eas<\/strong>.<\/p>\n\n\n\n<h2 class=\"wp-block-heading\">Calend\u00e1rio das provas ModA<\/h2>\n\n\n\n<figure class=\"wp-block-image aligncenter size-large\"><img decoding=\"async\" width=\"1024\" height=\"576\" src=\"https:\/\/escoladigital.madeira.gov.pt\/eb1pesvicente\/wp-content\/uploads\/sites\/60\/2025\/05\/64be86eaa29fa71f24b00e3e_60d57b9-1-1024x576.jpg\" alt=\"\" class=\"wp-image-912\" srcset=\"https:\/\/escoladigital.madeira.gov.pt\/eb1pesvicente\/wp-content\/uploads\/sites\/60\/2025\/05\/64be86eaa29fa71f24b00e3e_60d57b9-1-1024x576.jpg 1024w, https:\/\/escoladigital.madeira.gov.pt\/eb1pesvicente\/wp-content\/uploads\/sites\/60\/2025\/05\/64be86eaa29fa71f24b00e3e_60d57b9-1-300x169.jpg 300w, https:\/\/escoladigital.madeira.gov.pt\/eb1pesvicente\/wp-content\/uploads\/sites\/60\/2025\/05\/64be86eaa29fa71f24b00e3e_60d57b9-1-768x432.jpg 768w, https:\/\/escoladigital.madeira.gov.pt\/eb1pesvicente\/wp-content\/uploads\/sites\/60\/2025\/05\/64be86eaa29fa71f24b00e3e_60d57b9-1-1536x864.jpg 1536w, https:\/\/escoladigital.madeira.gov.pt\/eb1pesvicente\/wp-content\/uploads\/sites\/60\/2025\/05\/64be86eaa29fa71f24b00e3e_60d57b9-1.jpg 1920w\" sizes=\"(max-width: 1024px) 100vw, 1024px\" \/><\/figure>\n\n\n\n<p>Prova ModA 41-<strong>Portugu\u00eas\/<em>L\u00edngua Materna<\/em><\/strong>: dia vinte de maio \u00e0s nove horas e trinta minutos para o quarto ano B e quarto ano C e \u00e0s catorze horas e trinta minutos para o quarto ano A<\/p>\n\n\n\n<p><strong>A prova ModA 41<\/strong>  tem a dura\u00e7\u00e3o de 105 minutos repartidos em duas partes: a parte A, de 60 minutos e a parte B, de 45 minutos, com um intervalo de, pelo menos, 15 minutos.<\/p>\n\n\n\n<p>Prova ModA 43-<strong>Portugu\u00eas\/<em>L\u00edngua N\u00e3o Materna<\/em>-prova escrita<\/strong>: dia vinte de maio \u00e0s nove horas e trinta minutos apenas para dois alunos do quarto ano B.<\/p>\n\n\n\n<p>Prova ModA 43-<strong>Portugu\u00eas\/<em>L\u00edngua N\u00e3o Materna<\/em>-prova oral<\/strong>: dia vinte de maio \u00e0s doze horas apenas para dois alunos do quarto ano B.<\/p>\n\n\n\n<p><strong>A prova ModA 43<\/strong> tem a dura\u00e7\u00e3o total de 105 minutos e \u00e9 realizada em dois momentos distintos:  A componente escrita da prova, que inclui a compreens\u00e3o do oral, tem a dura\u00e7\u00e3o de 100 minutos, repartidos em dois per\u00edodos, um de 60 minutos e outro de 40 minutos, com um intervalo de 15 minutos. A componente oral da prova tem a dura\u00e7\u00e3o m\u00e1xima de 5 minutos.<\/p>\n\n\n\n<p>Prova ModA 45-<strong>Ingl\u00eas-<\/strong> <strong>prova escrita<\/strong>: ser\u00e1 no dia vinte e oito de maio \u00e0s nove horas e trinta minutos para o quarto ano B e C e \u00e0s catorze horas e trinta minutos para o quarto ano A.<\/p>\n\n\n\n<p>Prova ModA 45-<strong>Ingl\u00eas-<\/strong> <strong>prova oral<\/strong>: &nbsp;acontecer\u00e1 no dia trinta de maio \u00e0s nove horas para o quarto ano A, \u00e0s onze horas para o quarto ano B e \u00e0s catorze horas e trinta minutos para o quarto ano C.<\/p>\n\n\n\n<p><strong>A prova ModA 45<\/strong>  tem duas componentes, a componente escrita e a componente de produ\u00e7\u00e3o e intera\u00e7\u00e3o orais, com dura\u00e7\u00e3o de 105 minutos repartidos em tr\u00eas partes: a parte A, de 60 minutos e a parte B, de 45 minutos, com um intervalo de, pelo menos, 15 minutos, e a parte C de componente de produ\u00e7\u00e3o e intera\u00e7\u00e3o orais com dura\u00e7\u00e3o de 5 minutos.<\/p>\n\n\n\n<p>Prova ModA 42-<strong>Matem\u00e1tica\/Estudo do Meio:<\/strong> dia seis de junho \u00e0s nove horas e trinta minutos para o quarto ano A e C e \u00e0s catorze horas e trinta minutos para o quarto ano B.<\/p>\n\n\n\n<p><strong>A Prova ModA 42<\/strong> tem a dura\u00e7\u00e3o de 105 minutos repartidos em duas partes: a parte A, de 60 minutos e a parte B,de 45 minutos, com um intervalo de, pelo menos, 15 minutos.<\/p>\n\n\n\n<div data-wp-interactive=\"core\/file\" class=\"wp-block-file aligncenter\"><object data-wp-bind--hidden=\"!state.hasPdfPreview\" hidden class=\"wp-block-file__embed\" data=\"https:\/\/escoladigital.madeira.gov.pt\/eb1pesvicente\/wp-content\/uploads\/sites\/60\/2025\/05\/IR-CC-ModA-45-2025.pdf\" type=\"application\/pdf\" style=\"width:100%;height:600px\" aria-label=\"Incorpora\u00e7\u00e3o de IR-CC-ModA-45-2025.\"><\/object><a id=\"wp-block-file--media-098f401e-67b7-4f5d-a713-3ce026babf20\" href=\"https:\/\/escoladigital.madeira.gov.pt\/eb1pesvicente\/wp-content\/uploads\/sites\/60\/2025\/05\/IR-CC-ModA-45-2025.pdf\">IR-CC-ModA-45-2025<\/a><a href=\"https:\/\/escoladigital.madeira.gov.pt\/eb1pesvicente\/wp-content\/uploads\/sites\/60\/2025\/05\/IR-CC-ModA-45-2025.pdf\" class=\"wp-block-file__button wp-element-button\" download aria-describedby=\"wp-block-file--media-098f401e-67b7-4f5d-a713-3ce026babf20\">Descarregar<\/a><\/div>\n\n\n\n<div data-wp-interactive=\"core\/file\" class=\"wp-block-file aligncenter\"><object data-wp-bind--hidden=\"!state.hasPdfPreview\" hidden class=\"wp-block-file__embed\" data=\"https:\/\/escoladigital.madeira.gov.pt\/eb1pesvicente\/wp-content\/uploads\/sites\/60\/2025\/05\/IR-CC-ModA-42-2025.pdf\" type=\"application\/pdf\" style=\"width:100%;height:600px\" aria-label=\"Incorpora\u00e7\u00e3o de IR-CC-ModA-42-2025.\"><\/object><a id=\"wp-block-file--media-7161fa1f-94c2-40bd-a814-d163e44a1949\" href=\"https:\/\/escoladigital.madeira.gov.pt\/eb1pesvicente\/wp-content\/uploads\/sites\/60\/2025\/05\/IR-CC-ModA-42-2025.pdf\">IR-CC-ModA-42-2025<\/a><a href=\"https:\/\/escoladigital.madeira.gov.pt\/eb1pesvicente\/wp-content\/uploads\/sites\/60\/2025\/05\/IR-CC-ModA-42-2025.pdf\" class=\"wp-block-file__button wp-element-button\" download aria-describedby=\"wp-block-file--media-7161fa1f-94c2-40bd-a814-d163e44a1949\">Descarregar<\/a><\/div>\n\n\n\n<div data-wp-interactive=\"core\/file\" class=\"wp-block-file\"><object data-wp-bind--hidden=\"!state.hasPdfPreview\" hidden class=\"wp-block-file__embed\" data=\"https:\/\/escoladigital.madeira.gov.pt\/eb1pesvicente\/wp-content\/uploads\/sites\/60\/2025\/05\/IR-CC-ModA-43-2025-1.pdf\" type=\"application\/pdf\" style=\"width:100%;height:600px\" aria-label=\"Incorpora\u00e7\u00e3o de IR-CC-ModA-43-2025-1.\"><\/object><a id=\"wp-block-file--media-13f845fd-c8d6-4af5-8923-33b3e3156067\" href=\"https:\/\/escoladigital.madeira.gov.pt\/eb1pesvicente\/wp-content\/uploads\/sites\/60\/2025\/05\/IR-CC-ModA-43-2025-1.pdf\">IR-CC-ModA-43-2025-1<\/a><a href=\"https:\/\/escoladigital.madeira.gov.pt\/eb1pesvicente\/wp-content\/uploads\/sites\/60\/2025\/05\/IR-CC-ModA-43-2025-1.pdf\" class=\"wp-block-file__button wp-element-button\" download aria-describedby=\"wp-block-file--media-13f845fd-c8d6-4af5-8923-33b3e3156067\">Descarregar<\/a><\/div>\n\n\n\n<div data-wp-interactive=\"core\/file\" class=\"wp-block-file aligncenter\"><object data-wp-bind--hidden=\"!state.hasPdfPreview\" hidden class=\"wp-block-file__embed\" data=\"https:\/\/escoladigital.madeira.gov.pt\/eb1pesvicente\/wp-content\/uploads\/sites\/60\/2025\/05\/IR-CC-ModA-41-2025.pdf\" type=\"application\/pdf\" style=\"width:100%;height:600px\" aria-label=\"Incorpora\u00e7\u00e3o de IR-CC-ModA-41-2025.\"><\/object><a id=\"wp-block-file--media-cc14cff5-abf7-4fdf-a803-aa2a777c4163\" href=\"https:\/\/escoladigital.madeira.gov.pt\/eb1pesvicente\/wp-content\/uploads\/sites\/60\/2025\/05\/IR-CC-ModA-41-2025.pdf\">IR-CC-ModA-41-2025<\/a><a href=\"https:\/\/escoladigital.madeira.gov.pt\/eb1pesvicente\/wp-content\/uploads\/sites\/60\/2025\/05\/IR-CC-ModA-41-2025.pdf\" class=\"wp-block-file__button wp-element-button\" download aria-describedby=\"wp-block-file--media-cc14cff5-abf7-4fdf-a803-aa2a777c4163\">Descarregar<\/a><\/div>\n\n\n\n<div data-wp-interactive=\"core\/file\" class=\"wp-block-file\"><object data-wp-bind--hidden=\"!state.hasPdfPreview\" hidden class=\"wp-block-file__embed\" data=\"https:\/\/escoladigital.madeira.gov.pt\/eb1pesvicente\/wp-content\/uploads\/sites\/60\/2025\/05\/IP-Geral-2025_20_nov_2.pdf\" type=\"application\/pdf\" style=\"width:100%;height:600px\" aria-label=\"Incorpora\u00e7\u00e3o de IP-Geral-2025_20_nov_2.\"><\/object><a id=\"wp-block-file--media-9c34d1f9-a6f0-4f81-80fb-2ce527014803\" href=\"https:\/\/escoladigital.madeira.gov.pt\/eb1pesvicente\/wp-content\/uploads\/sites\/60\/2025\/05\/IP-Geral-2025_20_nov_2.pdf\">IP-Geral-2025_20_nov_2<\/a><a href=\"https:\/\/escoladigital.madeira.gov.pt\/eb1pesvicente\/wp-content\/uploads\/sites\/60\/2025\/05\/IP-Geral-2025_20_nov_2.pdf\" class=\"wp-block-file__button wp-element-button\" download aria-describedby=\"wp-block-file--media-9c34d1f9-a6f0-4f81-80fb-2ce527014803\">Descarregar<\/a><\/div>\n\n\n\n<div data-wp-interactive=\"core\/file\" class=\"wp-block-file\"><object data-wp-bind--hidden=\"!state.hasPdfPreview\" hidden class=\"wp-block-file__embed\" data=\"https:\/\/escoladigital.madeira.gov.pt\/eb1pesvicente\/wp-content\/uploads\/sites\/60\/2025\/05\/Guia-provas-moda.pdf\" type=\"application\/pdf\" style=\"width:100%;height:600px\" aria-label=\"Incorpora\u00e7\u00e3o de Guia provas moda.\"><\/object><a id=\"wp-block-file--media-ada7c76e-43d4-4b27-929b-87777ade86a0\" href=\"https:\/\/escoladigital.madeira.gov.pt\/eb1pesvicente\/wp-content\/uploads\/sites\/60\/2025\/05\/Guia-provas-moda.pdf\">Guia provas moda<\/a><a href=\"https:\/\/escoladigital.madeira.gov.pt\/eb1pesvicente\/wp-content\/uploads\/sites\/60\/2025\/05\/Guia-provas-moda.pdf\" class=\"wp-block-file__button wp-element-button\" download aria-describedby=\"wp-block-file--media-ada7c76e-43d4-4b27-929b-87777ade86a0\">Descarregar<\/a><\/div>\n\n\n\n<h2 class=\"wp-block-heading\"><strong>Provas ModA Ensaio 2025<\/strong>-Monitorizar a avalia\u00e7\u00e3o<\/h2>\n\n\n\n<div data-wp-interactive=\"core\/file\" class=\"wp-block-file\"><object data-wp-bind--hidden=\"!state.hasPdfPreview\" hidden class=\"wp-block-file__embed\" data=\"https:\/\/escoladigital.madeira.gov.pt\/eb1pesvicente\/wp-content\/uploads\/sites\/60\/2025\/02\/Guia-Provas-Ensaio-21-JAN.pdf\" type=\"application\/pdf\" style=\"width:100%;height:600px\" aria-label=\"Incorpora\u00e7\u00e3o de Guia-Provas-Ensaio-21-JAN.\"><\/object><a id=\"wp-block-file--media-54e9a4c4-affc-402b-98e9-10e505382b73\" href=\"https:\/\/escoladigital.madeira.gov.pt\/eb1pesvicente\/wp-content\/uploads\/sites\/60\/2025\/02\/Guia-Provas-Ensaio-21-JAN.pdf\">Guia-Provas-Ensaio-21-JAN<\/a><a href=\"https:\/\/escoladigital.madeira.gov.pt\/eb1pesvicente\/wp-content\/uploads\/sites\/60\/2025\/02\/Guia-Provas-Ensaio-21-JAN.pdf\" class=\"wp-block-file__button wp-element-button\" download aria-describedby=\"wp-block-file--media-54e9a4c4-affc-402b-98e9-10e505382b73\">Descarregar<\/a><\/div>\n\n\n\n<p><strong>Data\/hora das Provas Ensaio com a durabilidade de 45 minutos<\/strong>.<\/p>\n\n\n\n<p><strong><em>A <strong>Prova Ensaio<\/strong> de portugu\u00eas realizar-se-\u00e1 no dia 12 de fevereiro de 2025<\/em><\/strong>.<\/p>\n\n\n\n<p><strong>4\u00baA-09:30<\/strong><\/p>\n\n\n\n<p><strong>4\u00baB-11:00<\/strong><\/p>\n\n\n\n<p><strong>4\u00baC-9:30<\/strong><\/p>\n\n\n\n<p><em><strong>A <strong>Prova Ensaio<\/strong> de Ingl\u00eas realizar-se-\u00e1 no dia 19 de fevereiro de 2025<\/strong><\/em>.<\/p>\n\n\n\n<p><strong>4\u00baA-10:30<\/strong><\/p>\n\n\n\n<p><strong>4\u00baB- 09:00<\/strong><\/p>\n\n\n\n<p><strong>4\u00baC- 12:00<\/strong><\/p>\n\n\n\n<p><strong><em>A Prova Ensaio de matem\u00e1tica\/estudo do meio realizar-se-\u00e1 no dia 24 de fevereiro de 2025<\/em><\/strong>.<\/p>\n\n\n\n<p><strong>4\u00baA-11:00<\/strong><\/p>\n\n\n\n<p><strong>4\u00baB-09:30<\/strong><\/p>\n\n\n\n<p><strong>4\u00baC-09:30 <\/strong><\/p>\n\n\n\n<p><\/p>\n\n\n\n<p><em><strong>Prepara\u00e7\u00e3o do digital<\/strong>&#8211;<strong>@<\/strong><\/em><\/p>\n\n\n\n<div data-wp-interactive=\"core\/file\" class=\"wp-block-file\"><object data-wp-bind--hidden=\"!state.hasPdfPreview\" hidden class=\"wp-block-file__embed\" data=\"https:\/\/escoladigital.madeira.gov.pt\/eb1pesvicente\/wp-content\/uploads\/sites\/60\/2025\/02\/Provas-ensaio_Comunicacao-as-escolas_IAVE-1.pdf\" type=\"application\/pdf\" style=\"width:100%;height:600px\" aria-label=\"Incorpora\u00e7\u00e3o de Provas-ensaio_Comunicacao-as-escolas_IAVE.\"><\/object><a id=\"wp-block-file--media-9a0786c4-e857-4777-ad7f-17589bbf301a\" href=\"https:\/\/escoladigital.madeira.gov.pt\/eb1pesvicente\/wp-content\/uploads\/sites\/60\/2025\/02\/Provas-ensaio_Comunicacao-as-escolas_IAVE-1.pdf\">Provas-ensaio_Comunicacao-as-escolas_IAVE<\/a><a href=\"https:\/\/escoladigital.madeira.gov.pt\/eb1pesvicente\/wp-content\/uploads\/sites\/60\/2025\/02\/Provas-ensaio_Comunicacao-as-escolas_IAVE-1.pdf\" class=\"wp-block-file__button wp-element-button\" download aria-describedby=\"wp-block-file--media-9a0786c4-e857-4777-ad7f-17589bbf301a\">Descarregar<\/a><\/div>\n\n\n\n<p><strong><em>Preparar o Digital@l<\/em><\/strong><\/p>\n\n\n\n<div data-wp-interactive=\"core\/file\" class=\"wp-block-file\"><object data-wp-bind--hidden=\"!state.hasPdfPreview\" hidden class=\"wp-block-file__embed\" data=\"https:\/\/escoladigital.madeira.gov.pt\/eb1pesvicente\/wp-content\/uploads\/sites\/60\/2025\/02\/Manual_APP_2025.pdf\" type=\"application\/pdf\" style=\"width:100%;height:600px\" aria-label=\"Incorpora\u00e7\u00e3o de Manual_APP_2025.\"><\/object><a id=\"wp-block-file--media-f15de633-3815-435d-9ef1-68c5752e6a0d\" href=\"https:\/\/escoladigital.madeira.gov.pt\/eb1pesvicente\/wp-content\/uploads\/sites\/60\/2025\/02\/Manual_APP_2025.pdf\">Manual_APP_2025<\/a><a href=\"https:\/\/escoladigital.madeira.gov.pt\/eb1pesvicente\/wp-content\/uploads\/sites\/60\/2025\/02\/Manual_APP_2025.pdf\" class=\"wp-block-file__button wp-element-button\" download aria-describedby=\"wp-block-file--media-f15de633-3815-435d-9ef1-68c5752e6a0d\">Descarregar<\/a><\/div>\n\n\n\n<p>&nbsp;<\/p>\n\n\n\n<p>&nbsp;<\/p>\n\n\n\n<p>&nbsp;<\/p>\n\n\n\n<p>&nbsp;<\/p>\n\n\n\n<p>&nbsp;<\/p>\n\n\n\n<p><\/p>\n","protected":false},"excerpt":{"rendered":"<p>Provas ModA acontecem ap\u00f3s as Provas ModA Ensaio e as mesmas s\u00e3o de \u00edndole digital e on-line. Servem para acompanhar [&hellip;]<\/p>\n","protected":false},"author":76,"featured_media":0,"parent":0,"menu_order":0,"comment_status":"closed","ping_status":"closed","template":"","meta":{"site-sidebar-layout":"default","site-content-layout":"","ast-site-content-layout":"default","site-content-style":"default","site-sidebar-style":"default","ast-global-header-display":"","ast-banner-title-visibility":"","ast-main-header-display":"","ast-hfb-above-header-display":"","ast-hfb-below-header-display":"","ast-hfb-mobile-header-display":"","site-post-title":"","ast-breadcrumbs-content":"","ast-featured-img":"","footer-sml-layout":"","ast-disable-related-posts":"","theme-transparent-header-meta":"","adv-header-id-meta":"","stick-header-meta":"","header-above-stick-meta":"","header-main-stick-meta":"","header-below-stick-meta":"","astra-migrate-meta-layouts":"default","ast-page-background-enabled":"default","ast-page-background-meta":{"desktop":{"background-color":"var(--ast-global-color-4)","background-image":"","background-repeat":"repeat","background-position":"center center","background-size":"auto","background-attachment":"scroll","background-type":"","background-media":"","overlay-type":"","overlay-color":"","overlay-opacity":"","overlay-gradient":""},"tablet":{"background-color":"","background-image":"","background-repeat":"repeat","background-position":"center center","background-size":"auto","background-attachment":"scroll","background-type":"","background-media":"","overlay-type":"","overlay-color":"","overlay-opacity":"","overlay-gradient":""},"mobile":{"background-color":"","background-image":"","background-repeat":"repeat","background-position":"center center","background-size":"auto","background-attachment":"scroll","background-type":"","background-media":"","overlay-type":"","overlay-color":"","overlay-opacity":"","overlay-gradient":""}},"ast-content-background-meta":{"desktop":{"background-color":"var(--ast-global-color-5)","background-image":"","background-repeat":"repeat","background-position":"center center","background-size":"auto","background-attachment":"scroll","background-type":"","background-media":"","overlay-type":"","overlay-color":"","overlay-opacity":"","overlay-gradient":""},"tablet":{"background-color":"var(--ast-global-color-5)","background-image":"","background-repeat":"repeat","background-position":"center center","background-size":"auto","background-attachment":"scroll","background-type":"","background-media":"","overlay-type":"","overlay-color":"","overlay-opacity":"","overlay-gradient":""},"mobile":{"background-color":"var(--ast-global-color-5)","background-image":"","background-repeat":"repeat","background-position":"center center","background-size":"auto","background-attachment":"scroll","background-type":"","background-media":"","overlay-type":"","overlay-color":"","overlay-opacity":"","overlay-gradient":""}},"_themeisle_gutenberg_block_has_review":false,"footnotes":""},"class_list":["post-770","page","type-page","status-publish","hentry"],"_links":{"self":[{"href":"https:\/\/escoladigital.madeira.gov.pt\/eb1pesvicente\/wp-json\/wp\/v2\/pages\/770","targetHints":{"allow":["GET"]}}],"collection":[{"href":"https:\/\/escoladigital.madeira.gov.pt\/eb1pesvicente\/wp-json\/wp\/v2\/pages"}],"about":[{"href":"https:\/\/escoladigital.madeira.gov.pt\/eb1pesvicente\/wp-json\/wp\/v2\/types\/page"}],"author":[{"embeddable":true,"href":"https:\/\/escoladigital.madeira.gov.pt\/eb1pesvicente\/wp-json\/wp\/v2\/users\/76"}],"replies":[{"embeddable":true,"href":"https:\/\/escoladigital.madeira.gov.pt\/eb1pesvicente\/wp-json\/wp\/v2\/comments?post=770"}],"version-history":[{"count":26,"href":"https:\/\/escoladigital.madeira.gov.pt\/eb1pesvicente\/wp-json\/wp\/v2\/pages\/770\/revisions"}],"predecessor-version":[{"id":953,"href":"https:\/\/escoladigital.madeira.gov.pt\/eb1pesvicente\/wp-json\/wp\/v2\/pages\/770\/revisions\/953"}],"wp:attachment":[{"href":"https:\/\/escoladigital.madeira.gov.pt\/eb1pesvicente\/wp-json\/wp\/v2\/media?parent=770"}],"curies":[{"name":"wp","href":"https:\/\/api.w.org\/{rel}","templated":true}]}}