{"id":1178,"date":"2026-02-02T11:54:55","date_gmt":"2026-02-02T11:54:55","guid":{"rendered":"https:\/\/escoladigital.madeira.gov.pt\/eb23dafnjunior\/?page_id=1178"},"modified":"2026-02-06T23:39:27","modified_gmt":"2026-02-06T23:39:27","slug":"biblioteca","status":"publish","type":"page","link":"https:\/\/escoladigital.madeira.gov.pt\/eb23dafnjunior\/biblioteca\/","title":{"rendered":"Biblioteca"},"content":{"rendered":"\n<div class=\"wp-block-columns is-layout-flex wp-container-core-columns-is-layout-28f84493 wp-block-columns-is-layout-flex\">\n<div class=\"wp-block-column is-layout-flow wp-block-column-is-layout-flow\" style=\"flex-basis:66.66%\">\n<div class=\"wp-block-group is-nowrap is-layout-flex wp-container-core-group-is-layout-6c531013 wp-block-group-is-layout-flex\">\n<p>A Biblioteca \u00e9 um espa\u00e7o de aprendizagem, criatividade e descoberta. Neste espa\u00e7o encontras livros, tecnologia, e apoio para os teus trabalhos escolares.<\/p>\n<\/div>\n\n\n\n<h5 class=\"wp-block-heading\">\ud83d\udcdc Regulamento da Biblioteca<\/h5>\n\n\n\n<div class=\"wp-block-file\"><a id=\"wp-block-file--media-e20cb66c-455d-4468-998a-f4f973c14a6c\" href=\"https:\/\/escoladigital.madeira.gov.pt\/eb23dafnjunior\/wp-content\/uploads\/sites\/23\/2026\/02\/Regulamento-Biblioteca-2025-2026-2.pdf\">Regulamento  Biblioteca 2025-2026<\/a><\/div>\n\n\n\n<h4 class=\"wp-block-heading\">\ud83c\udfeb Requisi\u00e7\u00e3o de Espa\u00e7os Escolares<\/h4>\n\n\n\n<p>A Biblioteca Escolar \u00e9 respons\u00e1vel pela marca\u00e7\u00e3o e gest\u00e3o dos espa\u00e7os da escola.<br>Para requisitar os espa\u00e7os os docentes e funcion\u00e1rios devem contatar a biblioteca presencialmente ou por email, indicando data, hor\u00e1rio e finalidade da reserva.<br>A confirma\u00e7\u00e3o \u00e9 feita conforme a disponibilidade existente. Podes consultar os espa\u00e7os dispon\u00edveis no seguinte documento:<\/p>\n\n\n\n<div class=\"wp-block-file\"><a id=\"wp-block-file--media-93defaec-d9df-4cca-ba7e-0f2783ff25ef\" href=\"https:\/\/escoladigital.madeira.gov.pt\/eb23dafnjunior\/wp-content\/uploads\/sites\/23\/2026\/02\/Relacao-de-Espacos.pdf\">Rela\u00e7\u00e3o de Espa\u00e7os<\/a><\/div>\n\n\n\n<hr class=\"wp-block-separator has-alpha-channel-opacity is-style-wide\" \/>\n\n\n\n<h4 class=\"wp-block-heading\">\ud83d\udcc5 Atividades<\/h4>\n\n\n<div class=\"is-style-boxed wp-block-themeisle-blocks-posts-grid\" id=\"wp-block-themeisle-blocks-posts-grid-5aae1589\"><div class=\"is-grid o-posts-grid-columns-3\"><div class=\"o-posts-grid-post-blog o-posts-grid-post-plain\"><div class=\"o-posts-grid-post\"><div class=\"o-posts-grid-post-image\"><a href=\"https:\/\/escoladigital.madeira.gov.pt\/eb23dafnjunior\/2026\/02\/02\/natal-na-biblioteca\/\"><img fetchpriority=\"high\" decoding=\"async\" width=\"1536\" height=\"2048\" src=\"https:\/\/escoladigital.madeira.gov.pt\/eb23dafnjunior\/wp-content\/uploads\/sites\/23\/2026\/02\/NatalBiblioteca.jpg\" class=\"attachment-full size-full\" alt=\"Natal na Biblioteca\" srcset=\"https:\/\/escoladigital.madeira.gov.pt\/eb23dafnjunior\/wp-content\/uploads\/sites\/23\/2026\/02\/NatalBiblioteca.jpg 1536w, https:\/\/escoladigital.madeira.gov.pt\/eb23dafnjunior\/wp-content\/uploads\/sites\/23\/2026\/02\/NatalBiblioteca-225x300.jpg 225w, https:\/\/escoladigital.madeira.gov.pt\/eb23dafnjunior\/wp-content\/uploads\/sites\/23\/2026\/02\/NatalBiblioteca-768x1024.jpg 768w, https:\/\/escoladigital.madeira.gov.pt\/eb23dafnjunior\/wp-content\/uploads\/sites\/23\/2026\/02\/NatalBiblioteca-1152x1536.jpg 1152w\" sizes=\"(max-width: 1536px) 100vw, 1536px\" \/><\/a><\/div><div class=\"o-posts-grid-post-body\"><h4 class=\"o-posts-grid-post-title\"><a href=\"https:\/\/escoladigital.madeira.gov.pt\/eb23dafnjunior\/2026\/02\/02\/natal-na-biblioteca\/\">Natal na Biblioteca<\/a><\/h4><div class=\"o-posts-grid-post-description\"><p><\/p><\/div><\/div><\/div><\/div><div class=\"o-posts-grid-post-blog o-posts-grid-post-plain\"><div class=\"o-posts-grid-post\"><div class=\"o-posts-grid-post-image\"><a href=\"https:\/\/escoladigital.madeira.gov.pt\/eb23dafnjunior\/2026\/02\/02\/visita-a-biblioteca-5o1\/\"><img decoding=\"async\" width=\"2048\" height=\"1536\" src=\"https:\/\/escoladigital.madeira.gov.pt\/eb23dafnjunior\/wp-content\/uploads\/sites\/23\/2026\/02\/Biblioteca51.jpg\" class=\"attachment-full size-full\" alt=\"Visita \u00e0 Biblioteca | 5\u00ba1\" srcset=\"https:\/\/escoladigital.madeira.gov.pt\/eb23dafnjunior\/wp-content\/uploads\/sites\/23\/2026\/02\/Biblioteca51.jpg 2048w, https:\/\/escoladigital.madeira.gov.pt\/eb23dafnjunior\/wp-content\/uploads\/sites\/23\/2026\/02\/Biblioteca51-300x225.jpg 300w, https:\/\/escoladigital.madeira.gov.pt\/eb23dafnjunior\/wp-content\/uploads\/sites\/23\/2026\/02\/Biblioteca51-1024x768.jpg 1024w, https:\/\/escoladigital.madeira.gov.pt\/eb23dafnjunior\/wp-content\/uploads\/sites\/23\/2026\/02\/Biblioteca51-768x576.jpg 768w, https:\/\/escoladigital.madeira.gov.pt\/eb23dafnjunior\/wp-content\/uploads\/sites\/23\/2026\/02\/Biblioteca51-1536x1152.jpg 1536w\" sizes=\"(max-width: 2048px) 100vw, 2048px\" \/><\/a><\/div><div class=\"o-posts-grid-post-body\"><h4 class=\"o-posts-grid-post-title\"><a href=\"https:\/\/escoladigital.madeira.gov.pt\/eb23dafnjunior\/2026\/02\/02\/visita-a-biblioteca-5o1\/\">Visita \u00e0 Biblioteca | 5\u00ba1<\/a><\/h4><div class=\"o-posts-grid-post-description\"><p><\/p><\/div><\/div><\/div><\/div><div class=\"o-posts-grid-post-blog o-posts-grid-post-plain\"><div class=\"o-posts-grid-post\"><div class=\"o-posts-grid-post-image\"><a href=\"https:\/\/escoladigital.madeira.gov.pt\/eb23dafnjunior\/2026\/02\/02\/visita-a-biblioteca-5o2\/\"><img decoding=\"async\" width=\"2048\" height=\"1536\" src=\"https:\/\/escoladigital.madeira.gov.pt\/eb23dafnjunior\/wp-content\/uploads\/sites\/23\/2026\/02\/Biblioteca52.jpg\" class=\"attachment-full size-full\" alt=\"Visita \u00e0 Biblioteca | 5\u00ba2\" srcset=\"https:\/\/escoladigital.madeira.gov.pt\/eb23dafnjunior\/wp-content\/uploads\/sites\/23\/2026\/02\/Biblioteca52.jpg 2048w, https:\/\/escoladigital.madeira.gov.pt\/eb23dafnjunior\/wp-content\/uploads\/sites\/23\/2026\/02\/Biblioteca52-300x225.jpg 300w, https:\/\/escoladigital.madeira.gov.pt\/eb23dafnjunior\/wp-content\/uploads\/sites\/23\/2026\/02\/Biblioteca52-1024x768.jpg 1024w, https:\/\/escoladigital.madeira.gov.pt\/eb23dafnjunior\/wp-content\/uploads\/sites\/23\/2026\/02\/Biblioteca52-768x576.jpg 768w, https:\/\/escoladigital.madeira.gov.pt\/eb23dafnjunior\/wp-content\/uploads\/sites\/23\/2026\/02\/Biblioteca52-1536x1152.jpg 1536w\" sizes=\"(max-width: 2048px) 100vw, 2048px\" \/><\/a><\/div><div class=\"o-posts-grid-post-body\"><h4 class=\"o-posts-grid-post-title\"><a href=\"https:\/\/escoladigital.madeira.gov.pt\/eb23dafnjunior\/2026\/02\/02\/visita-a-biblioteca-5o2\/\">Visita \u00e0 Biblioteca | 5\u00ba2<\/a><\/h4><div class=\"o-posts-grid-post-description\"><p><\/p><\/div><\/div><\/div><\/div><div class=\"o-posts-grid-post-blog o-posts-grid-post-plain\"><div class=\"o-posts-grid-post\"><div class=\"o-posts-grid-post-image\"><a href=\"https:\/\/escoladigital.madeira.gov.pt\/eb23dafnjunior\/2026\/02\/02\/visita-a-biblioteca-3oano\/\"><img loading=\"lazy\" decoding=\"async\" width=\"526\" height=\"395\" src=\"https:\/\/escoladigital.madeira.gov.pt\/eb23dafnjunior\/wp-content\/uploads\/sites\/23\/2026\/02\/Biblioteca3Ano-1.jpg\" class=\"attachment-full size-full\" alt=\"Visita \u00e0 Biblioteca | 3\u00baAno\" srcset=\"https:\/\/escoladigital.madeira.gov.pt\/eb23dafnjunior\/wp-content\/uploads\/sites\/23\/2026\/02\/Biblioteca3Ano-1.jpg 526w, https:\/\/escoladigital.madeira.gov.pt\/eb23dafnjunior\/wp-content\/uploads\/sites\/23\/2026\/02\/Biblioteca3Ano-1-300x225.jpg 300w\" sizes=\"(max-width: 526px) 100vw, 526px\" \/><\/a><\/div><div class=\"o-posts-grid-post-body\"><h4 class=\"o-posts-grid-post-title\"><a href=\"https:\/\/escoladigital.madeira.gov.pt\/eb23dafnjunior\/2026\/02\/02\/visita-a-biblioteca-3oano\/\">Visita \u00e0 Biblioteca | 3\u00baAno<\/a><\/h4><div class=\"o-posts-grid-post-description\"><p><\/p><\/div><\/div><\/div><\/div><\/div> <\/div><\/div>\n\n\n\n<div class=\"wp-block-column is-layout-flow wp-block-column-is-layout-flow\">\n<div style=\"height:300px\" aria-hidden=\"true\" class=\"wp-block-spacer\"><\/div>\n<\/div>\n\n\n\n<div class=\"wp-block-column is-layout-flow wp-block-column-is-layout-flow\" style=\"flex-basis:25%\">\n<h5 class=\"wp-block-heading\">\u23f0 <strong>Hor\u00e1rio de Funcionamento<\/strong><\/h5>\n\n\n\n<p>A biblioteca encontra-se aberta no seguinte hor\u00e1rio: (em atualiza\u00e7\u00e3o&#8230;)<\/p>\n\n\n\n<h5 class=\"wp-block-heading\">\ud83d\udcec <strong>Contatos<\/strong><\/h5>\n\n\n\n<p>Para mais informa\u00e7\u00f5es ou pedidos \u00e0 biblioteca, podes dirigir-te ao balc\u00e3o de atendimento ou contactar atrav\u00e9s do email:<br><strong><a href=\"mailto:bib.eb23camacha@edu.madeira.gov.pt\">bib.eb23camacha@edu.madeira.gov.pt<\/a><\/strong><\/p>\n<\/div>\n<\/div>\n\n\n\n<p><\/p>\n","protected":false},"excerpt":{"rendered":"<p>A Biblioteca \u00e9 um espa\u00e7o de aprendizagem, criatividade e descoberta. Neste espa\u00e7o encontras livros, tecnologia, e apoio para os teus trabalhos escolares. \ud83d\udcdc Regulamento da Biblioteca \ud83c\udfeb Requisi\u00e7\u00e3o de Espa\u00e7os Escolares A Biblioteca Escolar \u00e9 respons\u00e1vel pela marca\u00e7\u00e3o e gest\u00e3o dos espa\u00e7os da escola.Para requisitar os espa\u00e7os os docentes e funcion\u00e1rios devem contatar a biblioteca [&hellip;]<\/p>\n","protected":false},"author":32,"featured_media":0,"parent":0,"menu_order":0,"comment_status":"closed","ping_status":"closed","template":"","meta":{"site-sidebar-layout":"default","site-content-layout":"","ast-site-content-layout":"default","site-content-style":"default","site-sidebar-style":"default","ast-global-header-display":"","ast-banner-title-visibility":"","ast-main-header-display":"","ast-hfb-above-header-display":"","ast-hfb-below-header-display":"","ast-hfb-mobile-header-display":"","site-post-title":"","ast-breadcrumbs-content":"","ast-featured-img":"","footer-sml-layout":"","ast-disable-related-posts":"","theme-transparent-header-meta":"","adv-header-id-meta":"","stick-header-meta":"","header-above-stick-meta":"","header-main-stick-meta":"","header-below-stick-meta":"","astra-migrate-meta-layouts":"default","ast-page-background-enabled":"default","ast-page-background-meta":{"desktop":{"background-color":"var(--ast-global-color-4)","background-image":"","background-repeat":"repeat","background-position":"center center","background-size":"auto","background-attachment":"scroll","background-type":"","background-media":"","overlay-type":"","overlay-color":"","overlay-opacity":"","overlay-gradient":""},"tablet":{"background-color":"","background-image":"","background-repeat":"repeat","background-position":"center center","background-size":"auto","background-attachment":"scroll","background-type":"","background-media":"","overlay-type":"","overlay-color":"","overlay-opacity":"","overlay-gradient":""},"mobile":{"background-color":"","background-image":"","background-repeat":"repeat","background-position":"center center","background-size":"auto","background-attachment":"scroll","background-type":"","background-media":"","overlay-type":"","overlay-color":"","overlay-opacity":"","overlay-gradient":""}},"ast-content-background-meta":{"desktop":{"background-color":"var(--ast-global-color-5)","background-image":"","background-repeat":"repeat","background-position":"center center","background-size":"auto","background-attachment":"scroll","background-type":"","background-media":"","overlay-type":"","overlay-color":"","overlay-opacity":"","overlay-gradient":""},"tablet":{"background-color":"var(--ast-global-color-5)","background-image":"","background-repeat":"repeat","background-position":"center center","background-size":"auto","background-attachment":"scroll","background-type":"","background-media":"","overlay-type":"","overlay-color":"","overlay-opacity":"","overlay-gradient":""},"mobile":{"background-color":"var(--ast-global-color-5)","background-image":"","background-repeat":"repeat","background-position":"center center","background-size":"auto","background-attachment":"scroll","background-type":"","background-media":"","overlay-type":"","overlay-color":"","overlay-opacity":"","overlay-gradient":""}},"_themeisle_gutenberg_block_has_review":false,"footnotes":""},"class_list":["post-1178","page","type-page","status-publish","hentry"],"_links":{"self":[{"href":"https:\/\/escoladigital.madeira.gov.pt\/eb23dafnjunior\/wp-json\/wp\/v2\/pages\/1178","targetHints":{"allow":["GET"]}}],"collection":[{"href":"https:\/\/escoladigital.madeira.gov.pt\/eb23dafnjunior\/wp-json\/wp\/v2\/pages"}],"about":[{"href":"https:\/\/escoladigital.madeira.gov.pt\/eb23dafnjunior\/wp-json\/wp\/v2\/types\/page"}],"author":[{"embeddable":true,"href":"https:\/\/escoladigital.madeira.gov.pt\/eb23dafnjunior\/wp-json\/wp\/v2\/users\/32"}],"replies":[{"embeddable":true,"href":"https:\/\/escoladigital.madeira.gov.pt\/eb23dafnjunior\/wp-json\/wp\/v2\/comments?post=1178"}],"version-history":[{"count":11,"href":"https:\/\/escoladigital.madeira.gov.pt\/eb23dafnjunior\/wp-json\/wp\/v2\/pages\/1178\/revisions"}],"predecessor-version":[{"id":1239,"href":"https:\/\/escoladigital.madeira.gov.pt\/eb23dafnjunior\/wp-json\/wp\/v2\/pages\/1178\/revisions\/1239"}],"wp:attachment":[{"href":"https:\/\/escoladigital.madeira.gov.pt\/eb23dafnjunior\/wp-json\/wp\/v2\/media?parent=1178"}],"curies":[{"name":"wp","href":"https:\/\/api.w.org\/{rel}","templated":true}]}}