{"id":612,"date":"2025-02-19T22:28:29","date_gmt":"2025-02-19T22:28:29","guid":{"rendered":"https:\/\/escoladigital.madeira.gov.pt\/eb23dafnjunior\/?page_id=612"},"modified":"2025-02-20T03:32:22","modified_gmt":"2025-02-20T03:32:22","slug":"localizacao-e-contatos","status":"publish","type":"page","link":"https:\/\/escoladigital.madeira.gov.pt\/eb23dafnjunior\/localizacao-e-contatos\/","title":{"rendered":"Localiza\u00e7\u00e3o e contatos"},"content":{"rendered":"\n<p class=\"has-text-align-right\"><strong>C\u00f3digo da Escola:<\/strong> 3108-203<\/p>\n\n\n\n<p class=\"has-text-align-right\">eb23camacha@edu.madeira.gov.pt<\/p>\n\n\n\n<div class=\"wp-block-columns is-layout-flex wp-container-core-columns-is-layout-ec2e7a44 wp-block-columns-is-layout-flex\" style=\"padding-top:0;padding-bottom:0\">\n<div class=\"wp-block-column is-layout-flow wp-block-column-is-layout-flow\">\n<p class=\"has-black-color has-text-color has-link-color has-medium-font-size wp-elements-fd9edcace080e45ef341cc5b051cb2e8\"><strong>Edif\u00edcio Sede<\/strong><\/p>\n\n\n\n<hr class=\"wp-block-separator has-alpha-channel-opacity is-style-wide\" \/>\n\n\n\n<p class=\"has-black-color has-text-color has-link-color wp-elements-108997a70c1a21cedbdc4e99b1f7cb9f\">Rua Dr. Alfredo Ferreira N\u00f3brega J\u00fanior, n.\u00ba 15 e 17<\/p>\n\n\n\n<p class=\"has-black-color has-text-color has-link-color wp-elements-519c79380c68d1b5920d5eb8afbcfec5\">9135-044 Camacha<\/p>\n\n\n\n<p class=\"has-black-color has-text-color has-link-color wp-elements-d685d84500c5eee25048ba301eb02115\">291 920 140 | 967 278&nbsp;489<\/p>\n\n\n\n<p class=\"has-black-color has-text-color has-link-color wp-elements-9ac00cf961d1ea846fe5a532228b76c6\"><\/p>\n\n\n<div style=\"height:400pxpx;\" class=\"wp-block-themeisle-blocks-leaflet-map\" id=\"wp-block-themeisle-blocks-google-map-95e1ce9e\"><\/div>\n<script type=\"text\/javascript\">\n\t\/* <![CDATA[ *\/\n\t\tif ( ! window.themeisleLeafletMaps ) window.themeisleLeafletMaps =[];\n\t\twindow.themeisleLeafletMaps.push( { container: \"wp-block-themeisle-blocks-google-map-95e1ce9e\", attributes: {\"id\":\"wp-block-themeisle-blocks-google-map-95e1ce9e\",\"location\":\"Escola Dr. Alfredo Ferreira de N\\u00f3brega J\\u00fanior\",\"latitude\":\"32.67801330902456\",\"longitude\":\"-16.848683324949192\",\"bbox\":\"-16.851031780242923,32.67621021717062,-16.84633255004883,32.67982247895559\",\"zoom\":17,\"height\":\"400px\",\"markers\":[],\"zoomControl\":true,\"draggable\":true,\"hasCustomCSS\":false,\"customCSS\":\"\",\"otterConditions\":[]} } );\n\t\/* ]]> *\/\n<\/script>\n<\/div>\n\n\n\n<div class=\"wp-block-column is-layout-flow wp-block-column-is-layout-flow\">\n<p class=\"has-black-color has-text-color has-link-color has-medium-font-size wp-elements-30f9232d345622ae0ce997298c4c53fd\"><strong>Edif\u00edcio 2 <\/strong><\/p>\n\n\n\n<hr class=\"wp-block-separator has-alpha-channel-opacity is-style-wide\" \/>\n\n\n\n<p class=\"has-black-color has-text-color has-link-color wp-elements-75138fdd767d79bb3035bf12e93717ad\">Estrada Regional 205, n\u00ba294<\/p>\n\n\n\n<p class=\"has-black-color has-text-color has-link-color wp-elements-519c79380c68d1b5920d5eb8afbcfec5\">9135-044 Camacha<\/p>\n\n\n\n<p class=\"has-black-color has-text-color has-link-color wp-elements-78bf737d7a323dee9e5070e1ade789fe\" style=\"padding-top:0;padding-bottom:0\">291 146&nbsp;087<\/p>\n\n\n\n<p><\/p>\n\n\n<div style=\"height:400pxpx;\" class=\"wp-block-themeisle-blocks-leaflet-map\" id=\"wp-block-themeisle-blocks-google-map-4c6af8b3\"><\/div>\n<script type=\"text\/javascript\">\n\t\/* <![CDATA[ *\/\n\t\tif ( ! window.themeisleLeafletMaps ) window.themeisleLeafletMaps =[];\n\t\twindow.themeisleLeafletMaps.push( { container: \"wp-block-themeisle-blocks-google-map-4c6af8b3\", attributes: {\"id\":\"wp-block-themeisle-blocks-google-map-4c6af8b3\",\"location\":\"Camacha\",\"latitude\":\"32.67531615982728\",\"longitude\":\"-16.852034764870453\",\"bbox\":\"-16.853209572418976,32.674413062517644,-16.85085995732193,32.67621924800723\",\"zoom\":18,\"height\":\"400px\",\"markers\":[],\"zoomControl\":true,\"draggable\":true,\"hasCustomCSS\":false,\"customCSS\":\"\",\"otterConditions\":[]} } );\n\t\/* ]]> *\/\n<\/script>\n<\/div>\n<\/div>\n\n\n\n<p><\/p>\n","protected":false},"excerpt":{"rendered":"<p>C\u00f3digo da Escola: 3108-203 eb23camacha@edu.madeira.gov.pt Edif\u00edcio Sede Rua Dr. Alfredo Ferreira N\u00f3brega J\u00fanior, n.\u00ba 15 e 17 9135-044 Camacha 291 920 140 | 967 278&nbsp;489 Edif\u00edcio 2 Estrada Regional 205, n\u00ba294 9135-044 Camacha 291 146&nbsp;087<\/p>\n","protected":false},"author":32,"featured_media":0,"parent":0,"menu_order":0,"comment_status":"closed","ping_status":"closed","template":"","meta":{"site-sidebar-layout":"default","site-content-layout":"","ast-site-content-layout":"default","site-content-style":"default","site-sidebar-style":"default","ast-global-header-display":"","ast-banner-title-visibility":"","ast-main-header-display":"","ast-hfb-above-header-display":"","ast-hfb-below-header-display":"","ast-hfb-mobile-header-display":"","site-post-title":"","ast-breadcrumbs-content":"","ast-featured-img":"","footer-sml-layout":"","ast-disable-related-posts":"","theme-transparent-header-meta":"","adv-header-id-meta":"","stick-header-meta":"","header-above-stick-meta":"","header-main-stick-meta":"","header-below-stick-meta":"","astra-migrate-meta-layouts":"default","ast-page-background-enabled":"default","ast-page-background-meta":{"desktop":{"background-color":"var(--ast-global-color-4)","background-image":"","background-repeat":"repeat","background-position":"center center","background-size":"auto","background-attachment":"scroll","background-type":"","background-media":"","overlay-type":"","overlay-color":"","overlay-opacity":"","overlay-gradient":""},"tablet":{"background-color":"","background-image":"","background-repeat":"repeat","background-position":"center center","background-size":"auto","background-attachment":"scroll","background-type":"","background-media":"","overlay-type":"","overlay-color":"","overlay-opacity":"","overlay-gradient":""},"mobile":{"background-color":"","background-image":"","background-repeat":"repeat","background-position":"center center","background-size":"auto","background-attachment":"scroll","background-type":"","background-media":"","overlay-type":"","overlay-color":"","overlay-opacity":"","overlay-gradient":""}},"ast-content-background-meta":{"desktop":{"background-color":"var(--ast-global-color-5)","background-image":"","background-repeat":"repeat","background-position":"center center","background-size":"auto","background-attachment":"scroll","background-type":"","background-media":"","overlay-type":"","overlay-color":"","overlay-opacity":"","overlay-gradient":""},"tablet":{"background-color":"var(--ast-global-color-5)","background-image":"","background-repeat":"repeat","background-position":"center center","background-size":"auto","background-attachment":"scroll","background-type":"","background-media":"","overlay-type":"","overlay-color":"","overlay-opacity":"","overlay-gradient":""},"mobile":{"background-color":"var(--ast-global-color-5)","background-image":"","background-repeat":"repeat","background-position":"center center","background-size":"auto","background-attachment":"scroll","background-type":"","background-media":"","overlay-type":"","overlay-color":"","overlay-opacity":"","overlay-gradient":""}},"_themeisle_gutenberg_block_has_review":false,"footnotes":""},"class_list":["post-612","page","type-page","status-publish","hentry"],"_links":{"self":[{"href":"https:\/\/escoladigital.madeira.gov.pt\/eb23dafnjunior\/wp-json\/wp\/v2\/pages\/612","targetHints":{"allow":["GET"]}}],"collection":[{"href":"https:\/\/escoladigital.madeira.gov.pt\/eb23dafnjunior\/wp-json\/wp\/v2\/pages"}],"about":[{"href":"https:\/\/escoladigital.madeira.gov.pt\/eb23dafnjunior\/wp-json\/wp\/v2\/types\/page"}],"author":[{"embeddable":true,"href":"https:\/\/escoladigital.madeira.gov.pt\/eb23dafnjunior\/wp-json\/wp\/v2\/users\/32"}],"replies":[{"embeddable":true,"href":"https:\/\/escoladigital.madeira.gov.pt\/eb23dafnjunior\/wp-json\/wp\/v2\/comments?post=612"}],"version-history":[{"count":8,"href":"https:\/\/escoladigital.madeira.gov.pt\/eb23dafnjunior\/wp-json\/wp\/v2\/pages\/612\/revisions"}],"predecessor-version":[{"id":782,"href":"https:\/\/escoladigital.madeira.gov.pt\/eb23dafnjunior\/wp-json\/wp\/v2\/pages\/612\/revisions\/782"}],"wp:attachment":[{"href":"https:\/\/escoladigital.madeira.gov.pt\/eb23dafnjunior\/wp-json\/wp\/v2\/media?parent=612"}],"curies":[{"name":"wp","href":"https:\/\/api.w.org\/{rel}","templated":true}]}}