{"id":648,"date":"2025-02-19T23:31:45","date_gmt":"2025-02-19T23:31:45","guid":{"rendered":"https:\/\/escoladigital.madeira.gov.pt\/eb23dafnjunior\/?page_id=648"},"modified":"2025-04-29T23:31:54","modified_gmt":"2025-04-29T23:31:54","slug":"plano-anual-de-escola","status":"publish","type":"page","link":"https:\/\/escoladigital.madeira.gov.pt\/eb23dafnjunior\/plano-anual-de-escola\/","title":{"rendered":"Plano Anual de Escola"},"content":{"rendered":"\n<p><em>&#8220;<strong>Plano anual de escola<\/strong>&nbsp;\u2014 o documento elaborado e aprovado pelos \u00f3rg\u00e3os de administra\u00e7\u00e3o e gest\u00e3o da escola que define, em fun\u00e7\u00e3o do projeto educativo, os objetivos, as formas de organiza\u00e7\u00e3o e de programa\u00e7\u00e3o das atividades e que procede \u00e0 identifica\u00e7\u00e3o dos recursos envolvidos.&#8221;<\/em><\/p>\n\n\n\n<p class=\"has-text-align-right\"><em>A al\u00ednea c) do&nbsp; ponto 2 do artigo 3.\u00ba do Decreto Legislativo Regional 21\/ 2006\/M de 21 de junho<\/em><\/p>\n\n\n\n<div class=\"wp-block-file\"><a id=\"wp-block-file--media-c6cb4b2f-2b29-44d5-b81a-0b16dd26d2bb\" href=\"https:\/\/escoladigital.madeira.gov.pt\/eb23dafnjunior\/wp-content\/uploads\/sites\/23\/2025\/04\/Compilacao-das-atividades-do-PAE_30.04.25.xlsx\">Compila\u00e7\u00e3o das atividades do PAE_30.04.25<\/a><a href=\"https:\/\/escoladigital.madeira.gov.pt\/eb23dafnjunior\/wp-content\/uploads\/sites\/23\/2025\/04\/Compilacao-das-atividades-do-PAE_30.04.25.xlsx\" class=\"wp-block-file__button wp-element-button\" download aria-describedby=\"wp-block-file--media-c6cb4b2f-2b29-44d5-b81a-0b16dd26d2bb\">Descarregar<\/a><\/div>\n\n\n\n<div data-wp-interactive=\"core\/file\" class=\"wp-block-file\"><object data-wp-bind--hidden=\"!state.hasPdfPreview\" hidden class=\"wp-block-file__embed\" data=\"https:\/\/escoladigital.madeira.gov.pt\/eb23dafnjunior\/wp-content\/uploads\/sites\/23\/2025\/04\/Calendario_Atividades-PAE24.25-30.04.25.pdf\" type=\"application\/pdf\" style=\"width:100%;height:600px\" aria-label=\"Incorpora\u00e7\u00e3o de Calend\u00e1rio_Atividades PAE24.25 30.04.25.\"><\/object><a id=\"wp-block-file--media-82222485-2579-4d13-bbd6-30cb5dde1884\" href=\"https:\/\/escoladigital.madeira.gov.pt\/eb23dafnjunior\/wp-content\/uploads\/sites\/23\/2025\/04\/Calendario_Atividades-PAE24.25-30.04.25.pdf\">Calend\u00e1rio_Atividades PAE24.25 30.04.25<\/a><a href=\"https:\/\/escoladigital.madeira.gov.pt\/eb23dafnjunior\/wp-content\/uploads\/sites\/23\/2025\/04\/Calendario_Atividades-PAE24.25-30.04.25.pdf\" class=\"wp-block-file__button wp-element-button\" download aria-describedby=\"wp-block-file--media-82222485-2579-4d13-bbd6-30cb5dde1884\">Descarregar<\/a><\/div>\n","protected":false},"excerpt":{"rendered":"<p>&#8220;Plano anual de escola&nbsp;\u2014 o documento elaborado e aprovado pelos \u00f3rg\u00e3os de administra\u00e7\u00e3o e gest\u00e3o da escola que define, em fun\u00e7\u00e3o do projeto educativo, os objetivos, as formas de organiza\u00e7\u00e3o e de programa\u00e7\u00e3o das atividades e que procede \u00e0 identifica\u00e7\u00e3o dos recursos envolvidos.&#8221; A al\u00ednea c) do&nbsp; ponto 2 do artigo 3.\u00ba do Decreto Legislativo [&hellip;]<\/p>\n","protected":false},"author":32,"featured_media":0,"parent":0,"menu_order":0,"comment_status":"closed","ping_status":"closed","template":"","meta":{"site-sidebar-layout":"default","site-content-layout":"","ast-site-content-layout":"default","site-content-style":"default","site-sidebar-style":"default","ast-global-header-display":"","ast-banner-title-visibility":"","ast-main-header-display":"","ast-hfb-above-header-display":"","ast-hfb-below-header-display":"","ast-hfb-mobile-header-display":"","site-post-title":"","ast-breadcrumbs-content":"","ast-featured-img":"","footer-sml-layout":"","ast-disable-related-posts":"","theme-transparent-header-meta":"","adv-header-id-meta":"","stick-header-meta":"","header-above-stick-meta":"","header-main-stick-meta":"","header-below-stick-meta":"","astra-migrate-meta-layouts":"default","ast-page-background-enabled":"default","ast-page-background-meta":{"desktop":{"background-color":"var(--ast-global-color-4)","background-image":"","background-repeat":"repeat","background-position":"center center","background-size":"auto","background-attachment":"scroll","background-type":"","background-media":"","overlay-type":"","overlay-color":"","overlay-opacity":"","overlay-gradient":""},"tablet":{"background-color":"","background-image":"","background-repeat":"repeat","background-position":"center center","background-size":"auto","background-attachment":"scroll","background-type":"","background-media":"","overlay-type":"","overlay-color":"","overlay-opacity":"","overlay-gradient":""},"mobile":{"background-color":"","background-image":"","background-repeat":"repeat","background-position":"center center","background-size":"auto","background-attachment":"scroll","background-type":"","background-media":"","overlay-type":"","overlay-color":"","overlay-opacity":"","overlay-gradient":""}},"ast-content-background-meta":{"desktop":{"background-color":"var(--ast-global-color-5)","background-image":"","background-repeat":"repeat","background-position":"center center","background-size":"auto","background-attachment":"scroll","background-type":"","background-media":"","overlay-type":"","overlay-color":"","overlay-opacity":"","overlay-gradient":""},"tablet":{"background-color":"var(--ast-global-color-5)","background-image":"","background-repeat":"repeat","background-position":"center center","background-size":"auto","background-attachment":"scroll","background-type":"","background-media":"","overlay-type":"","overlay-color":"","overlay-opacity":"","overlay-gradient":""},"mobile":{"background-color":"var(--ast-global-color-5)","background-image":"","background-repeat":"repeat","background-position":"center center","background-size":"auto","background-attachment":"scroll","background-type":"","background-media":"","overlay-type":"","overlay-color":"","overlay-opacity":"","overlay-gradient":""}},"_themeisle_gutenberg_block_has_review":false,"footnotes":""},"class_list":["post-648","page","type-page","status-publish","hentry"],"_links":{"self":[{"href":"https:\/\/escoladigital.madeira.gov.pt\/eb23dafnjunior\/wp-json\/wp\/v2\/pages\/648","targetHints":{"allow":["GET"]}}],"collection":[{"href":"https:\/\/escoladigital.madeira.gov.pt\/eb23dafnjunior\/wp-json\/wp\/v2\/pages"}],"about":[{"href":"https:\/\/escoladigital.madeira.gov.pt\/eb23dafnjunior\/wp-json\/wp\/v2\/types\/page"}],"author":[{"embeddable":true,"href":"https:\/\/escoladigital.madeira.gov.pt\/eb23dafnjunior\/wp-json\/wp\/v2\/users\/32"}],"replies":[{"embeddable":true,"href":"https:\/\/escoladigital.madeira.gov.pt\/eb23dafnjunior\/wp-json\/wp\/v2\/comments?post=648"}],"version-history":[{"count":3,"href":"https:\/\/escoladigital.madeira.gov.pt\/eb23dafnjunior\/wp-json\/wp\/v2\/pages\/648\/revisions"}],"predecessor-version":[{"id":902,"href":"https:\/\/escoladigital.madeira.gov.pt\/eb23dafnjunior\/wp-json\/wp\/v2\/pages\/648\/revisions\/902"}],"wp:attachment":[{"href":"https:\/\/escoladigital.madeira.gov.pt\/eb23dafnjunior\/wp-json\/wp\/v2\/media?parent=648"}],"curies":[{"name":"wp","href":"https:\/\/api.w.org\/{rel}","templated":true}]}}