{"id":1148,"date":"2024-07-05T09:50:39","date_gmt":"2024-07-05T09:50:39","guid":{"rendered":"https:\/\/escoladigital.madeira.gov.pt\/eb23louros\/?page_id=1148"},"modified":"2024-07-05T10:01:51","modified_gmt":"2024-07-05T10:01:51","slug":"clube-lourosmedia","status":"publish","type":"page","link":"https:\/\/escoladigital.madeira.gov.pt\/eb23louros\/clube-lourosmedia\/","title":{"rendered":"Clube LOUROSmedia"},"content":{"rendered":"\t\t<div data-elementor-type=\"wp-page\" data-elementor-id=\"1148\" class=\"elementor elementor-1148\">\n\t\t\t\t<div class=\"elementor-element elementor-element-26adcc0 e-flex e-con-boxed e-con e-parent\" data-id=\"26adcc0\" data-element_type=\"container\" data-e-type=\"container\">\n\t\t\t\t\t<div class=\"e-con-inner\">\n\t\t<div class=\"elementor-element elementor-element-b8f834e e-con-full e-flex e-con e-child\" data-id=\"b8f834e\" data-element_type=\"container\" data-e-type=\"container\">\n\t\t\t\t<div class=\"elementor-element elementor-element-0de415c elementor-widget elementor-widget-premium-addon-title\" data-id=\"0de415c\" data-element_type=\"widget\" data-e-type=\"widget\" data-settings=\"{&quot;shining_animation_duration&quot;:&quot;1&quot;}\" data-widget_type=\"premium-addon-title.default\">\n\t\t\t\t<div class=\"elementor-widget-container\">\n\t\t\t\t\t\n\t\t<div class=\"premium-title-container style8\">\n\t\t\t<h3 class=\"premium-title-header premium-title-style8 premium-con-lq__\">\n\t\t\t\t\n\t\t\t\t\n\t\t\t\t\t\t\t\t\t\t\t\t<span class=\"premium-title-text\" data-shiny-delay=\"2\" data-shiny-dur=\"1\">\n\t\t\t\t\tAconteceu ...\t\t\t\t<\/span>\n\t\t\t\t\t\n\t\t\t\t\t\t\t\t\n\t\t\t\t\t\t\t<\/h3>\n\n\t\t<\/div>\n\n\t\t\t\t\t\t<\/div>\n\t\t\t\t<\/div>\n\t\t\t\t<div class=\"elementor-element elementor-element-53ccf99 elementor-grid-eael-col-3 elementor-grid-tablet-eael-col-2 elementor-grid-mobile-eael-col-1 elementor-widget elementor-widget-eael-post-grid\" data-id=\"53ccf99\" data-element_type=\"widget\" data-e-type=\"widget\" data-settings=\"{&quot;eael_post_grid_columns&quot;:&quot;eael-col-3&quot;,&quot;eael_post_grid_columns_tablet&quot;:&quot;eael-col-2&quot;,&quot;eael_post_grid_columns_mobile&quot;:&quot;eael-col-1&quot;}\" data-widget_type=\"eael-post-grid.default\">\n\t\t\t\t<div class=\"elementor-widget-container\">\n\t\t\t\t\t<div id=\"eael-post-grid-53ccf99\" class=\"eael-post-grid-container\">\n            <div class=\"eael-post-grid eael-post-appender eael-post-appender-53ccf99 eael-post-grid-style-one\" data-layout-mode=\"masonry\"><article class=\"eael-grid-post  eael-post-grid-column eael-pg-post-4614 category-multimedia-noticias\" data-id=\"4614\">\n        <div class=\"eael-grid-post-holder\">\n            <div class=\"eael-grid-post-holder-inner\"><div class=\"eael-entry-wrapper\"><header class=\"eael-entry-header\"><h2 class=\"eael-entry-title\"><a class=\"eael-grid-post-link\" href=\"https:\/\/escoladigital.madeira.gov.pt\/eb23louros\/natal-sem-fronteiras-mensagem-natalicia-2025\/\" title=\"\u201cNatal sem Fronteiras \u2014 Mensagem Natal\u00edcia 2025\u201d\">\u201cNatal sem Fronteiras \u2014 Mensagem Natal\u00edcia 2025\u201d<\/a><\/h2><\/header><div class=\"eael-entry-content\">\n                        <div class=\"eael-grid-post-excerpt\"><p>A Escola com Pr\u00e9-Escolar e Creche dos Louros apresenta o...<\/p><a href=\"https:\/\/escoladigital.madeira.gov.pt\/eb23louros\/natal-sem-fronteiras-mensagem-natalicia-2025\/\" class=\"eael-post-elements-readmore-btn\">Ler mais<\/a><\/div>\n                    <\/div><div class=\"eael-entry-footer\"><div class=\"eael-author-avatar\"><a href=\"https:\/\/escoladigital.madeira.gov.pt\/eb23louros\/author\/eb23louros\/\"><img alt='eb23louros' src='https:\/\/secure.gravatar.com\/avatar\/20e31b274531d96cfb234e65a7934081a4e0d6d79f731f7f3610f1b1981631a7?s=96&#038;d=mm&#038;r=g' srcset='https:\/\/secure.gravatar.com\/avatar\/20e31b274531d96cfb234e65a7934081a4e0d6d79f731f7f3610f1b1981631a7?s=192&#038;d=mm&#038;r=g 2x' class='avatar avatar-96 photo' height='96' width='96' \/><\/a><\/div><div class=\"eael-entry-meta\"><span class=\"eael-posted-by\"><a href=\"https:\/\/escoladigital.madeira.gov.pt\/eb23louros\/author\/eb23louros\/\" title=\"Posts by eb23louros\" rel=\"author\">eb23louros<\/a><\/span><\/div><\/div><\/div><\/div>\n        <\/div>\n    <\/article><article class=\"eael-grid-post  eael-post-grid-column eael-pg-post-4072 category-multimedia-noticias\" data-id=\"4072\">\n        <div class=\"eael-grid-post-holder\">\n            <div class=\"eael-grid-post-holder-inner\"><div class=\"eael-entry-wrapper\"><header class=\"eael-entry-header\"><h2 class=\"eael-entry-title\"><a class=\"eael-grid-post-link\" href=\"https:\/\/escoladigital.madeira.gov.pt\/eb23louros\/video-realizado-pelo-clube-louros-media-no-ambito-da-comemoracao-dos-35-anos-da-nossa-escola\/\" title=\"V\u00eddeo realizado pelo clube Louros Media, no \u00e2mbito da comemora\u00e7\u00e3o dos 35 anos da nossa escola\">V\u00eddeo realizado pelo clube Louros Media, no \u00e2mbito da comemora\u00e7\u00e3o dos 35 anos da nossa escola<\/a><\/h2><\/header><div class=\"eael-entry-content\">\n                        <div class=\"eael-grid-post-excerpt\"><p>https:\/\/youtu.be\/xF3SmQ3yk4A<\/p><a href=\"https:\/\/escoladigital.madeira.gov.pt\/eb23louros\/video-realizado-pelo-clube-louros-media-no-ambito-da-comemoracao-dos-35-anos-da-nossa-escola\/\" class=\"eael-post-elements-readmore-btn\">Ler mais<\/a><\/div>\n                    <\/div><div class=\"eael-entry-footer\"><div class=\"eael-author-avatar\"><a href=\"https:\/\/escoladigital.madeira.gov.pt\/eb23louros\/author\/eb23louros\/\"><img alt='eb23louros' src='https:\/\/secure.gravatar.com\/avatar\/20e31b274531d96cfb234e65a7934081a4e0d6d79f731f7f3610f1b1981631a7?s=96&#038;d=mm&#038;r=g' srcset='https:\/\/secure.gravatar.com\/avatar\/20e31b274531d96cfb234e65a7934081a4e0d6d79f731f7f3610f1b1981631a7?s=192&#038;d=mm&#038;r=g 2x' class='avatar avatar-96 photo' height='96' width='96' \/><\/a><\/div><div class=\"eael-entry-meta\"><span class=\"eael-posted-by\"><a href=\"https:\/\/escoladigital.madeira.gov.pt\/eb23louros\/author\/eb23louros\/\" title=\"Posts by eb23louros\" rel=\"author\">eb23louros<\/a><\/span><\/div><\/div><\/div><\/div>\n        <\/div>\n    <\/article><article class=\"eael-grid-post  eael-post-grid-column eael-pg-post-1172 category-multimedia\" data-id=\"1172\">\n        <div class=\"eael-grid-post-holder\">\n            <div class=\"eael-grid-post-holder-inner\"><div class=\"eael-entry-wrapper\"><header class=\"eael-entry-header\"><h2 class=\"eael-entry-title\"><a class=\"eael-grid-post-link\" href=\"https:\/\/escoladigital.madeira.gov.pt\/eb23louros\/curta-metragem-da-me-tempo-para-da-tua-agua-beber\/\" title=\"Curta metragem D\u00e1-me Tempo Para da Tua \u00c1gua Beber\">Curta metragem D\u00e1-me Tempo Para da Tua \u00c1gua Beber<\/a><\/h2><\/header><div class=\"eael-entry-content\">\n                        <div class=\"eael-grid-post-excerpt\"><p>https:\/\/www.youtube.com\/watch?v=rvPEafwlxBQ<\/p><a href=\"https:\/\/escoladigital.madeira.gov.pt\/eb23louros\/curta-metragem-da-me-tempo-para-da-tua-agua-beber\/\" class=\"eael-post-elements-readmore-btn\">Ler mais<\/a><\/div>\n                    <\/div><div class=\"eael-entry-footer\"><div class=\"eael-author-avatar\"><a href=\"https:\/\/escoladigital.madeira.gov.pt\/eb23louros\/author\/eb23louros\/\"><img alt='eb23louros' src='https:\/\/secure.gravatar.com\/avatar\/20e31b274531d96cfb234e65a7934081a4e0d6d79f731f7f3610f1b1981631a7?s=96&#038;d=mm&#038;r=g' srcset='https:\/\/secure.gravatar.com\/avatar\/20e31b274531d96cfb234e65a7934081a4e0d6d79f731f7f3610f1b1981631a7?s=192&#038;d=mm&#038;r=g 2x' class='avatar avatar-96 photo' height='96' width='96' \/><\/a><\/div><div class=\"eael-entry-meta\"><span class=\"eael-posted-by\"><a href=\"https:\/\/escoladigital.madeira.gov.pt\/eb23louros\/author\/eb23louros\/\" title=\"Posts by eb23louros\" rel=\"author\">eb23louros<\/a><\/span><\/div><\/div><\/div><\/div>\n        <\/div>\n    <\/article><article class=\"eael-grid-post  eael-post-grid-column eael-pg-post-1170 category-multimedia\" data-id=\"1170\">\n        <div class=\"eael-grid-post-holder\">\n            <div class=\"eael-grid-post-holder-inner\"><div class=\"eael-entry-wrapper\"><header class=\"eael-entry-header\"><h2 class=\"eael-entry-title\"><a class=\"eael-grid-post-link\" href=\"https:\/\/escoladigital.madeira.gov.pt\/eb23louros\/formacao-aos-alunos\/\" title=\"Forma\u00e7\u00e3o aos Alunos\">Forma\u00e7\u00e3o aos Alunos<\/a><\/h2><\/header><div class=\"eael-entry-content\">\n                        <div class=\"eael-grid-post-excerpt\"><p>https:\/\/www.youtube.com\/watch?v=nXiPwdrPuj8<\/p><a href=\"https:\/\/escoladigital.madeira.gov.pt\/eb23louros\/formacao-aos-alunos\/\" class=\"eael-post-elements-readmore-btn\">Ler mais<\/a><\/div>\n                    <\/div><div class=\"eael-entry-footer\"><div class=\"eael-author-avatar\"><a href=\"https:\/\/escoladigital.madeira.gov.pt\/eb23louros\/author\/eb23louros\/\"><img alt='eb23louros' src='https:\/\/secure.gravatar.com\/avatar\/20e31b274531d96cfb234e65a7934081a4e0d6d79f731f7f3610f1b1981631a7?s=96&#038;d=mm&#038;r=g' srcset='https:\/\/secure.gravatar.com\/avatar\/20e31b274531d96cfb234e65a7934081a4e0d6d79f731f7f3610f1b1981631a7?s=192&#038;d=mm&#038;r=g 2x' class='avatar avatar-96 photo' height='96' width='96' \/><\/a><\/div><div class=\"eael-entry-meta\"><span class=\"eael-posted-by\"><a href=\"https:\/\/escoladigital.madeira.gov.pt\/eb23louros\/author\/eb23louros\/\" title=\"Posts by eb23louros\" rel=\"author\">eb23louros<\/a><\/span><\/div><\/div><\/div><\/div>\n        <\/div>\n    <\/article><article class=\"eael-grid-post  eael-post-grid-column eael-pg-post-1168 category-multimedia\" data-id=\"1168\">\n        <div class=\"eael-grid-post-holder\">\n            <div class=\"eael-grid-post-holder-inner\"><div class=\"eael-entry-wrapper\"><header class=\"eael-entry-header\"><h2 class=\"eael-entry-title\"><a class=\"eael-grid-post-link\" href=\"https:\/\/escoladigital.madeira.gov.pt\/eb23louros\/video-promocional-louros-press\/\" title=\"V\u00eddeo Promocional Louros Press\">V\u00eddeo Promocional Louros Press<\/a><\/h2><\/header><div class=\"eael-entry-content\">\n                        <div class=\"eael-grid-post-excerpt\"><p>https:\/\/www.youtube.com\/watch?v=ZIPzkDdLoRc<\/p><a href=\"https:\/\/escoladigital.madeira.gov.pt\/eb23louros\/video-promocional-louros-press\/\" class=\"eael-post-elements-readmore-btn\">Ler mais<\/a><\/div>\n                    <\/div><div class=\"eael-entry-footer\"><div class=\"eael-author-avatar\"><a href=\"https:\/\/escoladigital.madeira.gov.pt\/eb23louros\/author\/eb23louros\/\"><img alt='eb23louros' src='https:\/\/secure.gravatar.com\/avatar\/20e31b274531d96cfb234e65a7934081a4e0d6d79f731f7f3610f1b1981631a7?s=96&#038;d=mm&#038;r=g' srcset='https:\/\/secure.gravatar.com\/avatar\/20e31b274531d96cfb234e65a7934081a4e0d6d79f731f7f3610f1b1981631a7?s=192&#038;d=mm&#038;r=g 2x' class='avatar avatar-96 photo' height='96' width='96' \/><\/a><\/div><div class=\"eael-entry-meta\"><span class=\"eael-posted-by\"><a href=\"https:\/\/escoladigital.madeira.gov.pt\/eb23louros\/author\/eb23louros\/\" title=\"Posts by eb23louros\" rel=\"author\">eb23louros<\/a><\/span><\/div><\/div><\/div><\/div>\n        <\/div>\n    <\/article><article class=\"eael-grid-post  eael-post-grid-column eael-pg-post-1166 category-multimedia\" data-id=\"1166\">\n        <div class=\"eael-grid-post-holder\">\n            <div class=\"eael-grid-post-holder-inner\"><div class=\"eael-entry-wrapper\"><header class=\"eael-entry-header\"><h2 class=\"eael-entry-title\"><a class=\"eael-grid-post-link\" href=\"https:\/\/escoladigital.madeira.gov.pt\/eb23louros\/entrevista-com-o-sr-presidente-do-governo-regional\/\" title=\"Entrevista com o Sr. Presidente do Governo Regional\">Entrevista com o Sr. Presidente do Governo Regional<\/a><\/h2><\/header><div class=\"eael-entry-content\">\n                        <div class=\"eael-grid-post-excerpt\"><p>https:\/\/www.youtube.com\/watch?v=cVRuQMhFNEQ<\/p><a href=\"https:\/\/escoladigital.madeira.gov.pt\/eb23louros\/entrevista-com-o-sr-presidente-do-governo-regional\/\" class=\"eael-post-elements-readmore-btn\">Ler mais<\/a><\/div>\n                    <\/div><div class=\"eael-entry-footer\"><div class=\"eael-author-avatar\"><a href=\"https:\/\/escoladigital.madeira.gov.pt\/eb23louros\/author\/eb23louros\/\"><img alt='eb23louros' src='https:\/\/secure.gravatar.com\/avatar\/20e31b274531d96cfb234e65a7934081a4e0d6d79f731f7f3610f1b1981631a7?s=96&#038;d=mm&#038;r=g' srcset='https:\/\/secure.gravatar.com\/avatar\/20e31b274531d96cfb234e65a7934081a4e0d6d79f731f7f3610f1b1981631a7?s=192&#038;d=mm&#038;r=g 2x' class='avatar avatar-96 photo' height='96' width='96' \/><\/a><\/div><div class=\"eael-entry-meta\"><span class=\"eael-posted-by\"><a href=\"https:\/\/escoladigital.madeira.gov.pt\/eb23louros\/author\/eb23louros\/\" title=\"Posts by eb23louros\" rel=\"author\">eb23louros<\/a><\/span><\/div><\/div><\/div><\/div>\n        <\/div>\n    <\/article><article class=\"eael-grid-post  eael-post-grid-column eael-pg-post-1164 category-multimedia\" data-id=\"1164\">\n        <div class=\"eael-grid-post-holder\">\n            <div class=\"eael-grid-post-holder-inner\"><div class=\"eael-entry-wrapper\"><header class=\"eael-entry-header\"><h2 class=\"eael-entry-title\"><a class=\"eael-grid-post-link\" href=\"https:\/\/escoladigital.madeira.gov.pt\/eb23louros\/2-o-podcast-webradio-louros-voice-tradicoes-de-natal-a-volta-do-mundo\/\" title=\"2.\u00ba Podcast \/ WebR\u00e1dio &#8220;Louros Voice&#8221; \/ Tradi\u00e7\u00f5es de Natal \u00e0 volta do mundo\">2.\u00ba Podcast \/ WebR\u00e1dio &#8220;Louros Voice&#8221; \/ Tradi\u00e7\u00f5es de Natal \u00e0 volta do mundo<\/a><\/h2><\/header><div class=\"eael-entry-content\">\n                        <div class=\"eael-grid-post-excerpt\"><p>https:\/\/www.youtube.com\/watch?v=9TvBSX8O-og<\/p><a href=\"https:\/\/escoladigital.madeira.gov.pt\/eb23louros\/2-o-podcast-webradio-louros-voice-tradicoes-de-natal-a-volta-do-mundo\/\" class=\"eael-post-elements-readmore-btn\">Ler mais<\/a><\/div>\n                    <\/div><div class=\"eael-entry-footer\"><div class=\"eael-author-avatar\"><a href=\"https:\/\/escoladigital.madeira.gov.pt\/eb23louros\/author\/eb23louros\/\"><img alt='eb23louros' src='https:\/\/secure.gravatar.com\/avatar\/20e31b274531d96cfb234e65a7934081a4e0d6d79f731f7f3610f1b1981631a7?s=96&#038;d=mm&#038;r=g' srcset='https:\/\/secure.gravatar.com\/avatar\/20e31b274531d96cfb234e65a7934081a4e0d6d79f731f7f3610f1b1981631a7?s=192&#038;d=mm&#038;r=g 2x' class='avatar avatar-96 photo' height='96' width='96' \/><\/a><\/div><div class=\"eael-entry-meta\"><span class=\"eael-posted-by\"><a href=\"https:\/\/escoladigital.madeira.gov.pt\/eb23louros\/author\/eb23louros\/\" title=\"Posts by eb23louros\" rel=\"author\">eb23louros<\/a><\/span><\/div><\/div><\/div><\/div>\n        <\/div>\n    <\/article><article class=\"eael-grid-post  eael-post-grid-column eael-pg-post-1162 category-multimedia\" data-id=\"1162\">\n        <div class=\"eael-grid-post-holder\">\n            <div class=\"eael-grid-post-holder-inner\"><div class=\"eael-entry-wrapper\"><header class=\"eael-entry-header\"><h2 class=\"eael-entry-title\"><a class=\"eael-grid-post-link\" href=\"https:\/\/escoladigital.madeira.gov.pt\/eb23louros\/mensagem-natalicia-escola-dos-louros\/\" title=\"Mensagem Natal\u00edcia Escola dos Louros\">Mensagem Natal\u00edcia Escola dos Louros<\/a><\/h2><\/header><div class=\"eael-entry-content\">\n                        <div class=\"eael-grid-post-excerpt\"><p>https:\/\/www.youtube.com\/watch?v=sTs59D-Y1qg<\/p><a href=\"https:\/\/escoladigital.madeira.gov.pt\/eb23louros\/mensagem-natalicia-escola-dos-louros\/\" class=\"eael-post-elements-readmore-btn\">Ler mais<\/a><\/div>\n                    <\/div><div class=\"eael-entry-footer\"><div class=\"eael-author-avatar\"><a href=\"https:\/\/escoladigital.madeira.gov.pt\/eb23louros\/author\/eb23louros\/\"><img alt='eb23louros' src='https:\/\/secure.gravatar.com\/avatar\/20e31b274531d96cfb234e65a7934081a4e0d6d79f731f7f3610f1b1981631a7?s=96&#038;d=mm&#038;r=g' srcset='https:\/\/secure.gravatar.com\/avatar\/20e31b274531d96cfb234e65a7934081a4e0d6d79f731f7f3610f1b1981631a7?s=192&#038;d=mm&#038;r=g 2x' class='avatar avatar-96 photo' height='96' width='96' \/><\/a><\/div><div class=\"eael-entry-meta\"><span class=\"eael-posted-by\"><a href=\"https:\/\/escoladigital.madeira.gov.pt\/eb23louros\/author\/eb23louros\/\" title=\"Posts by eb23louros\" rel=\"author\">eb23louros<\/a><\/span><\/div><\/div><\/div><\/div>\n        <\/div>\n    <\/article><article class=\"eael-grid-post  eael-post-grid-column eael-pg-post-1160 category-multimedia\" data-id=\"1160\">\n        <div class=\"eael-grid-post-holder\">\n            <div class=\"eael-grid-post-holder-inner\"><div class=\"eael-entry-wrapper\"><header class=\"eael-entry-header\"><h2 class=\"eael-entry-title\"><a class=\"eael-grid-post-link\" href=\"https:\/\/escoladigital.madeira.gov.pt\/eb23louros\/1-o-podcast-webradio-louros-voice-arraial-dos-louros\/\" title=\"1.\u00ba Podcast \/ WebR\u00e1dio &#8220;Louros Voice&#8221; \/ Arraial dos Louros\">1.\u00ba Podcast \/ WebR\u00e1dio &#8220;Louros Voice&#8221; \/ Arraial dos Louros<\/a><\/h2><\/header><div class=\"eael-entry-content\">\n                        <div class=\"eael-grid-post-excerpt\"><p>https:\/\/www.youtube.com\/watch?v=wXPHhlND1AM<\/p><a href=\"https:\/\/escoladigital.madeira.gov.pt\/eb23louros\/1-o-podcast-webradio-louros-voice-arraial-dos-louros\/\" class=\"eael-post-elements-readmore-btn\">Ler mais<\/a><\/div>\n                    <\/div><div class=\"eael-entry-footer\"><div class=\"eael-author-avatar\"><a href=\"https:\/\/escoladigital.madeira.gov.pt\/eb23louros\/author\/eb23louros\/\"><img alt='eb23louros' src='https:\/\/secure.gravatar.com\/avatar\/20e31b274531d96cfb234e65a7934081a4e0d6d79f731f7f3610f1b1981631a7?s=96&#038;d=mm&#038;r=g' srcset='https:\/\/secure.gravatar.com\/avatar\/20e31b274531d96cfb234e65a7934081a4e0d6d79f731f7f3610f1b1981631a7?s=192&#038;d=mm&#038;r=g 2x' class='avatar avatar-96 photo' height='96' width='96' \/><\/a><\/div><div class=\"eael-entry-meta\"><span class=\"eael-posted-by\"><a href=\"https:\/\/escoladigital.madeira.gov.pt\/eb23louros\/author\/eb23louros\/\" title=\"Posts by eb23louros\" rel=\"author\">eb23louros<\/a><\/span><\/div><\/div><\/div><\/div>\n        <\/div>\n    <\/article><\/div>\n            <div class=\"clearfix\"><\/div>\n        <\/div>\t\t\t\t<\/div>\n\t\t\t\t<\/div>\n\t\t\t\t<\/div>\n\t\t<div class=\"elementor-element elementor-element-01519d3 e-con-full e-flex e-con e-child\" data-id=\"01519d3\" data-element_type=\"container\" data-e-type=\"container\">\n\t\t\t\t<div class=\"elementor-element elementor-element-26ce6fe elementor-widget elementor-widget-premium-addon-title\" data-id=\"26ce6fe\" data-element_type=\"widget\" data-e-type=\"widget\" data-settings=\"{&quot;shining_animation_duration&quot;:&quot;1&quot;}\" data-widget_type=\"premium-addon-title.default\">\n\t\t\t\t<div class=\"elementor-widget-container\">\n\t\t\t\t\t\n\t\t<div class=\"premium-title-container style8\">\n\t\t\t<h3 class=\"premium-title-header premium-title-style8 premium-con-lq__\">\n\t\t\t\t\n\t\t\t\t\n\t\t\t\t\t\t\t\t\t\t\t\t<span class=\"premium-title-text\" data-shiny-delay=\"2\" data-shiny-dur=\"1\">\n\t\t\t\t\tClube LOUROSmedia\t\t\t\t<\/span>\n\t\t\t\t\t\n\t\t\t\t\t\t\t\t\n\t\t\t\t\t\t\t<\/h3>\n\n\t\t<\/div>\n\n\t\t\t\t\t\t<\/div>\n\t\t\t\t<\/div>\n\t\t\t\t<div class=\"elementor-element elementor-element-2af65fa elementor-widget elementor-widget-image\" data-id=\"2af65fa\" data-element_type=\"widget\" data-e-type=\"widget\" data-widget_type=\"image.default\">\n\t\t\t\t<div class=\"elementor-widget-container\">\n\t\t\t\t\t\t\t\t\t\t\t\t\t\t\t<img fetchpriority=\"high\" decoding=\"async\" width=\"800\" height=\"840\" src=\"https:\/\/escoladigital.madeira.gov.pt\/eb23louros\/wp-content\/uploads\/sites\/34\/2024\/05\/logo_lourosmedia.png\" class=\"attachment-large size-large wp-image-171\" alt=\"\" srcset=\"https:\/\/escoladigital.madeira.gov.pt\/eb23louros\/wp-content\/uploads\/sites\/34\/2024\/05\/logo_lourosmedia.png 926w, https:\/\/escoladigital.madeira.gov.pt\/eb23louros\/wp-content\/uploads\/sites\/34\/2024\/05\/logo_lourosmedia-286x300.png 286w, https:\/\/escoladigital.madeira.gov.pt\/eb23louros\/wp-content\/uploads\/sites\/34\/2024\/05\/logo_lourosmedia-768x806.png 768w\" sizes=\"(max-width: 800px) 100vw, 800px\" \/>\t\t\t\t\t\t\t\t\t\t\t\t\t\t\t<\/div>\n\t\t\t\t<\/div>\n\t\t\t\t<\/div>\n\t\t\t\t\t<\/div>\n\t\t\t\t<\/div>\n\t\t\t\t<\/div>\n\t\t","protected":false},"excerpt":{"rendered":"<p>Aconteceu &#8230; Curta metragem D\u00e1-me Tempo Para da Tua \u00c1gua Beber Ler mais Forma\u00e7\u00e3o aos Alunos Ler mais V\u00eddeo Promocional Louros Press Ler mais Entrevista com o Sr. Presidente do Governo Regional Ler mais 2.\u00ba Podcast \/ WebR\u00e1dio &#8220;Louros Voice&#8221; \/ Tradi\u00e7\u00f5es de Natal \u00e0 volta do mundo Ler mais Mensagem Natal\u00edcia Escola dos Louros [&hellip;]<\/p>\n","protected":false},"author":46,"featured_media":0,"parent":0,"menu_order":0,"comment_status":"closed","ping_status":"closed","template":"","meta":{"_themeisle_gutenberg_block_has_review":false,"footnotes":""},"class_list":["post-1148","page","type-page","status-publish","hentry"],"_links":{"self":[{"href":"https:\/\/escoladigital.madeira.gov.pt\/eb23louros\/wp-json\/wp\/v2\/pages\/1148","targetHints":{"allow":["GET"]}}],"collection":[{"href":"https:\/\/escoladigital.madeira.gov.pt\/eb23louros\/wp-json\/wp\/v2\/pages"}],"about":[{"href":"https:\/\/escoladigital.madeira.gov.pt\/eb23louros\/wp-json\/wp\/v2\/types\/page"}],"author":[{"embeddable":true,"href":"https:\/\/escoladigital.madeira.gov.pt\/eb23louros\/wp-json\/wp\/v2\/users\/46"}],"replies":[{"embeddable":true,"href":"https:\/\/escoladigital.madeira.gov.pt\/eb23louros\/wp-json\/wp\/v2\/comments?post=1148"}],"version-history":[{"count":13,"href":"https:\/\/escoladigital.madeira.gov.pt\/eb23louros\/wp-json\/wp\/v2\/pages\/1148\/revisions"}],"predecessor-version":[{"id":1176,"href":"https:\/\/escoladigital.madeira.gov.pt\/eb23louros\/wp-json\/wp\/v2\/pages\/1148\/revisions\/1176"}],"wp:attachment":[{"href":"https:\/\/escoladigital.madeira.gov.pt\/eb23louros\/wp-json\/wp\/v2\/media?parent=1148"}],"curies":[{"name":"wp","href":"https:\/\/api.w.org\/{rel}","templated":true}]}}