{"id":119,"date":"2024-09-26T08:27:44","date_gmt":"2024-09-26T08:27:44","guid":{"rendered":"https:\/\/escoladigital.madeira.gov.pt\/ebpcruz\/?page_id=119"},"modified":"2025-07-24T15:32:18","modified_gmt":"2025-07-24T15:32:18","slug":"projetos","status":"publish","type":"page","link":"https:\/\/escoladigital.madeira.gov.pt\/ebpcruz\/projetos\/","title":{"rendered":"Projetos"},"content":{"rendered":"\n<hr class=\"wp-block-separator has-alpha-channel-opacity is-style-wide\" \/>\n\n\n\n<figure class=\"wp-block-gallery has-nested-images columns-6 is-cropped wp-block-gallery-1 is-layout-flex wp-block-gallery-is-layout-flex\">\n<figure class=\"wp-block-image size-full\"><img fetchpriority=\"high\" decoding=\"async\" width=\"600\" height=\"600\" data-id=\"909\" src=\"https:\/\/escoladigital.madeira.gov.pt\/ebpcruz\/wp-content\/uploads\/sites\/10\/2025\/02\/logoESASitex-1.jpg\" alt=\"\" class=\"wp-image-909\" srcset=\"https:\/\/escoladigital.madeira.gov.pt\/ebpcruz\/wp-content\/uploads\/sites\/10\/2025\/02\/logoESASitex-1.jpg 600w, https:\/\/escoladigital.madeira.gov.pt\/ebpcruz\/wp-content\/uploads\/sites\/10\/2025\/02\/logoESASitex-1-300x300.jpg 300w, https:\/\/escoladigital.madeira.gov.pt\/ebpcruz\/wp-content\/uploads\/sites\/10\/2025\/02\/logoESASitex-1-150x150.jpg 150w\" sizes=\"(max-width: 600px) 100vw, 600px\" \/><\/figure>\n\n\n\n<figure class=\"wp-block-image size-large\"><img decoding=\"async\" width=\"325\" height=\"325\" data-id=\"902\" src=\"https:\/\/escoladigital.madeira.gov.pt\/ebpcruz\/wp-content\/uploads\/sites\/10\/2025\/02\/logo-ESPR.jpg\" alt=\"\" class=\"wp-image-902\" srcset=\"https:\/\/escoladigital.madeira.gov.pt\/ebpcruz\/wp-content\/uploads\/sites\/10\/2025\/02\/logo-ESPR.jpg 325w, https:\/\/escoladigital.madeira.gov.pt\/ebpcruz\/wp-content\/uploads\/sites\/10\/2025\/02\/logo-ESPR-300x300.jpg 300w, https:\/\/escoladigital.madeira.gov.pt\/ebpcruz\/wp-content\/uploads\/sites\/10\/2025\/02\/logo-ESPR-150x150.jpg 150w\" sizes=\"(max-width: 325px) 100vw, 325px\" \/><\/figure>\n\n\n\n<figure class=\"wp-block-image size-large\"><a href=\"https:\/\/escoladigital.madeira.gov.pt\/ebpcruz\/projetos\/carta-da-convivialidade\/\"><img decoding=\"async\" width=\"600\" height=\"470\" data-id=\"903\" src=\"https:\/\/escoladigital.madeira.gov.pt\/ebpcruz\/wp-content\/uploads\/sites\/10\/2025\/02\/logoconvivialidade_JPG.jpg\" alt=\"\" class=\"wp-image-903\" srcset=\"https:\/\/escoladigital.madeira.gov.pt\/ebpcruz\/wp-content\/uploads\/sites\/10\/2025\/02\/logoconvivialidade_JPG.jpg 600w, https:\/\/escoladigital.madeira.gov.pt\/ebpcruz\/wp-content\/uploads\/sites\/10\/2025\/02\/logoconvivialidade_JPG-300x235.jpg 300w\" sizes=\"(max-width: 600px) 100vw, 600px\" \/><\/a><\/figure>\n\n\n\n<figure class=\"wp-block-image size-large\"><img loading=\"lazy\" decoding=\"async\" width=\"600\" height=\"470\" data-id=\"901\" src=\"https:\/\/escoladigital.madeira.gov.pt\/ebpcruz\/wp-content\/uploads\/sites\/10\/2025\/02\/Atlantelogo.jpg\" alt=\"\" class=\"wp-image-901\" srcset=\"https:\/\/escoladigital.madeira.gov.pt\/ebpcruz\/wp-content\/uploads\/sites\/10\/2025\/02\/Atlantelogo.jpg 600w, https:\/\/escoladigital.madeira.gov.pt\/ebpcruz\/wp-content\/uploads\/sites\/10\/2025\/02\/Atlantelogo-300x235.jpg 300w\" sizes=\"(max-width: 600px) 100vw, 600px\" \/><\/figure>\n\n\n\n<figure class=\"wp-block-image size-full\"><a href=\"https:\/\/escoladigital.madeira.gov.pt\/ebpcruz\/projetos\/eco-escolas\/\"><img loading=\"lazy\" decoding=\"async\" width=\"453\" height=\"453\" data-id=\"723\" src=\"https:\/\/escoladigital.madeira.gov.pt\/ebpcruz\/wp-content\/uploads\/sites\/10\/2025\/02\/esco2.jpg\" alt=\"\" class=\"wp-image-723\" srcset=\"https:\/\/escoladigital.madeira.gov.pt\/ebpcruz\/wp-content\/uploads\/sites\/10\/2025\/02\/esco2.jpg 453w, https:\/\/escoladigital.madeira.gov.pt\/ebpcruz\/wp-content\/uploads\/sites\/10\/2025\/02\/esco2-300x300.jpg 300w, https:\/\/escoladigital.madeira.gov.pt\/ebpcruz\/wp-content\/uploads\/sites\/10\/2025\/02\/esco2-150x150.jpg 150w\" sizes=\"(max-width: 453px) 100vw, 453px\" \/><\/a><\/figure>\n\n\n\n<figure class=\"wp-block-image size-full\"><a href=\"https:\/\/escoladigital.madeira.gov.pt\/ebpcruz\/escola\/manuais-digitais\/\"><img loading=\"lazy\" decoding=\"async\" width=\"300\" height=\"300\" data-id=\"798\" src=\"https:\/\/escoladigital.madeira.gov.pt\/ebpcruz\/wp-content\/uploads\/sites\/10\/2025\/02\/2024MD-300x300-1.jpg\" alt=\"\" class=\"wp-image-798\" srcset=\"https:\/\/escoladigital.madeira.gov.pt\/ebpcruz\/wp-content\/uploads\/sites\/10\/2025\/02\/2024MD-300x300-1.jpg 300w, https:\/\/escoladigital.madeira.gov.pt\/ebpcruz\/wp-content\/uploads\/sites\/10\/2025\/02\/2024MD-300x300-1-150x150.jpg 150w\" sizes=\"(max-width: 300px) 100vw, 300px\" \/><\/a><\/figure>\n<\/figure>\n\n\n\n<figure class=\"wp-block-gallery has-nested-images columns-6 is-cropped wp-block-gallery-2 is-layout-flex wp-block-gallery-is-layout-flex\">\n<figure class=\"wp-block-image size-large\"><a href=\"https:\/\/escoladigital.madeira.gov.pt\/ebpcruz\/projetos\/khan-academy-na-epc\/\"><img loading=\"lazy\" decoding=\"async\" width=\"297\" height=\"297\" data-id=\"718\" src=\"https:\/\/escoladigital.madeira.gov.pt\/ebpcruz\/wp-content\/uploads\/sites\/10\/2025\/02\/KhanAcademy2.jpg\" alt=\"\" class=\"wp-image-718\" srcset=\"https:\/\/escoladigital.madeira.gov.pt\/ebpcruz\/wp-content\/uploads\/sites\/10\/2025\/02\/KhanAcademy2.jpg 297w, https:\/\/escoladigital.madeira.gov.pt\/ebpcruz\/wp-content\/uploads\/sites\/10\/2025\/02\/KhanAcademy2-150x150.jpg 150w\" sizes=\"(max-width: 297px) 100vw, 297px\" \/><\/a><\/figure>\n\n\n\n<figure class=\"wp-block-image size-large\"><img loading=\"lazy\" decoding=\"async\" width=\"200\" height=\"189\" data-id=\"715\" src=\"https:\/\/escoladigital.madeira.gov.pt\/ebpcruz\/wp-content\/uploads\/sites\/10\/2025\/02\/PEA.png\" alt=\"\" class=\"wp-image-715\" \/><\/figure>\n\n\n\n<figure class=\"wp-block-image size-large\"><a href=\"https:\/\/escoladigital.madeira.gov.pt\/ebpcruz\/projetos\/bau-de-leitura\/\"><img loading=\"lazy\" decoding=\"async\" width=\"200\" height=\"213\" data-id=\"708\" src=\"https:\/\/escoladigital.madeira.gov.pt\/ebpcruz\/wp-content\/uploads\/sites\/10\/2025\/02\/2019-12BLeitura.jpg\" alt=\"\" class=\"wp-image-708\" \/><\/a><\/figure>\n\n\n\n<figure class=\"wp-block-image size-large\"><a href=\"https:\/\/escoladigital.madeira.gov.pt\/ebpcruz\/projetos\/prer\/\"><img loading=\"lazy\" decoding=\"async\" width=\"267\" height=\"267\" data-id=\"721\" src=\"https:\/\/escoladigital.madeira.gov.pt\/ebpcruz\/wp-content\/uploads\/sites\/10\/2025\/02\/PRER2-1.jpg\" alt=\"\" class=\"wp-image-721\" srcset=\"https:\/\/escoladigital.madeira.gov.pt\/ebpcruz\/wp-content\/uploads\/sites\/10\/2025\/02\/PRER2-1.jpg 267w, https:\/\/escoladigital.madeira.gov.pt\/ebpcruz\/wp-content\/uploads\/sites\/10\/2025\/02\/PRER2-1-150x150.jpg 150w\" sizes=\"(max-width: 267px) 100vw, 267px\" \/><\/a><\/figure>\n\n\n\n<figure class=\"wp-block-image size-full\"><a href=\"https:\/\/escoladigital.madeira.gov.pt\/ebpcruz\/escola\/pcbcv\/\" target=\"_blank\" rel=\" noreferrer noopener\"><img loading=\"lazy\" decoding=\"async\" width=\"1024\" height=\"574\" data-id=\"712\" src=\"https:\/\/escoladigital.madeira.gov.pt\/ebpcruz\/wp-content\/uploads\/sites\/10\/2025\/02\/PCBCV.png\" alt=\"\" class=\"wp-image-712\" srcset=\"https:\/\/escoladigital.madeira.gov.pt\/ebpcruz\/wp-content\/uploads\/sites\/10\/2025\/02\/PCBCV.png 1024w, https:\/\/escoladigital.madeira.gov.pt\/ebpcruz\/wp-content\/uploads\/sites\/10\/2025\/02\/PCBCV-300x168.png 300w, https:\/\/escoladigital.madeira.gov.pt\/ebpcruz\/wp-content\/uploads\/sites\/10\/2025\/02\/PCBCV-768x431.png 768w\" sizes=\"(max-width: 1024px) 100vw, 1024px\" \/><\/a><\/figure>\n\n\n\n<figure class=\"wp-block-image size-full\"><a href=\"https:\/\/escoladigital.madeira.gov.pt\/ebpcruz\/ciberseguranca\/\"><img loading=\"lazy\" decoding=\"async\" width=\"350\" height=\"350\" data-id=\"806\" src=\"https:\/\/escoladigital.madeira.gov.pt\/ebpcruz\/wp-content\/uploads\/sites\/10\/2025\/02\/Ciber.jpg\" alt=\"\" class=\"wp-image-806\" srcset=\"https:\/\/escoladigital.madeira.gov.pt\/ebpcruz\/wp-content\/uploads\/sites\/10\/2025\/02\/Ciber.jpg 350w, https:\/\/escoladigital.madeira.gov.pt\/ebpcruz\/wp-content\/uploads\/sites\/10\/2025\/02\/Ciber-300x300.jpg 300w, https:\/\/escoladigital.madeira.gov.pt\/ebpcruz\/wp-content\/uploads\/sites\/10\/2025\/02\/Ciber-150x150.jpg 150w\" sizes=\"(max-width: 350px) 100vw, 350px\" \/><\/a><\/figure>\n<\/figure>\n\n\n\n<figure class=\"wp-block-gallery has-nested-images columns-6 is-cropped wp-block-gallery-3 is-layout-flex wp-block-gallery-is-layout-flex\">\n<figure class=\"wp-block-image size-large\"><img decoding=\"async\" data-id=\"1150\" src=\"https:\/\/escoladigital.madeira.gov.pt\/ebpcruz\/wp-content\/uploads\/sites\/10\/2025\/02\/PrevRodoviaria.jpg\" alt=\"\" class=\"wp-image-1150\" \/><\/figure>\n\n\n\n<figure class=\"wp-block-image size-full\"><a href=\"https:\/\/escoladigital.madeira.gov.pt\/ebpcruz\/projetos\/escola-azul\/\"><img loading=\"lazy\" decoding=\"async\" width=\"450\" height=\"450\" data-id=\"1728\" src=\"https:\/\/escoladigital.madeira.gov.pt\/ebpcruz\/wp-content\/uploads\/sites\/10\/2025\/07\/EscolaAzul_450x450.jpg\" alt=\"\" class=\"wp-image-1728\" srcset=\"https:\/\/escoladigital.madeira.gov.pt\/ebpcruz\/wp-content\/uploads\/sites\/10\/2025\/07\/EscolaAzul_450x450.jpg 450w, https:\/\/escoladigital.madeira.gov.pt\/ebpcruz\/wp-content\/uploads\/sites\/10\/2025\/07\/EscolaAzul_450x450-300x300.jpg 300w, https:\/\/escoladigital.madeira.gov.pt\/ebpcruz\/wp-content\/uploads\/sites\/10\/2025\/07\/EscolaAzul_450x450-150x150.jpg 150w\" sizes=\"(max-width: 450px) 100vw, 450px\" \/><\/a><\/figure>\n\n\n\n<figure class=\"wp-block-image size-large\"><a href=\"https:\/\/escoladigital.madeira.gov.pt\/ebpcruz\/seguranet\/\" target=\"_blank\" rel=\" noreferrer noopener\"><img loading=\"lazy\" decoding=\"async\" width=\"515\" height=\"515\" data-id=\"1149\" src=\"https:\/\/escoladigital.madeira.gov.pt\/ebpcruz\/wp-content\/uploads\/sites\/10\/2025\/02\/SeguraNet.jpg\" alt=\"\" class=\"wp-image-1149\" srcset=\"https:\/\/escoladigital.madeira.gov.pt\/ebpcruz\/wp-content\/uploads\/sites\/10\/2025\/02\/SeguraNet.jpg 515w, https:\/\/escoladigital.madeira.gov.pt\/ebpcruz\/wp-content\/uploads\/sites\/10\/2025\/02\/SeguraNet-300x300.jpg 300w, https:\/\/escoladigital.madeira.gov.pt\/ebpcruz\/wp-content\/uploads\/sites\/10\/2025\/02\/SeguraNet-150x150.jpg 150w\" sizes=\"(max-width: 515px) 100vw, 515px\" \/><\/a><\/figure>\n\n\n\n<figure class=\"wp-block-image size-full\"><a href=\"https:\/\/escoladigital.madeira.gov.pt\/ebpcruz\/projetos\/eramus+\/\"><img loading=\"lazy\" decoding=\"async\" width=\"300\" height=\"300\" data-id=\"1732\" src=\"https:\/\/escoladigital.madeira.gov.pt\/ebpcruz\/wp-content\/uploads\/sites\/10\/2025\/07\/ERAMUSANEEF__logo_300x300.jpg\" alt=\"\" class=\"wp-image-1732\" srcset=\"https:\/\/escoladigital.madeira.gov.pt\/ebpcruz\/wp-content\/uploads\/sites\/10\/2025\/07\/ERAMUSANEEF__logo_300x300.jpg 300w, https:\/\/escoladigital.madeira.gov.pt\/ebpcruz\/wp-content\/uploads\/sites\/10\/2025\/07\/ERAMUSANEEF__logo_300x300-150x150.jpg 150w\" sizes=\"(max-width: 300px) 100vw, 300px\" \/><\/a><\/figure>\n\n\n\n<figure class=\"wp-block-image size-large\"><img loading=\"lazy\" decoding=\"async\" width=\"300\" height=\"300\" data-id=\"803\" src=\"https:\/\/escoladigital.madeira.gov.pt\/ebpcruz\/wp-content\/uploads\/sites\/10\/2025\/02\/Imagem5-300x300-1.jpg\" alt=\"\" class=\"wp-image-803\" srcset=\"https:\/\/escoladigital.madeira.gov.pt\/ebpcruz\/wp-content\/uploads\/sites\/10\/2025\/02\/Imagem5-300x300-1.jpg 300w, https:\/\/escoladigital.madeira.gov.pt\/ebpcruz\/wp-content\/uploads\/sites\/10\/2025\/02\/Imagem5-300x300-1-150x150.jpg 150w\" sizes=\"(max-width: 300px) 100vw, 300px\" \/><\/figure>\n\n\n\n<figure class=\"wp-block-image size-large\"><img loading=\"lazy\" decoding=\"async\" width=\"300\" height=\"300\" data-id=\"802\" src=\"https:\/\/escoladigital.madeira.gov.pt\/ebpcruz\/wp-content\/uploads\/sites\/10\/2025\/02\/Imagem4-300x300-1.jpg\" alt=\"\" class=\"wp-image-802\" srcset=\"https:\/\/escoladigital.madeira.gov.pt\/ebpcruz\/wp-content\/uploads\/sites\/10\/2025\/02\/Imagem4-300x300-1.jpg 300w, https:\/\/escoladigital.madeira.gov.pt\/ebpcruz\/wp-content\/uploads\/sites\/10\/2025\/02\/Imagem4-300x300-1-150x150.jpg 150w\" sizes=\"(max-width: 300px) 100vw, 300px\" \/><\/figure>\n<\/figure>\n\n\n\n<hr class=\"wp-block-separator has-alpha-channel-opacity is-style-wide\" \/>\n\n\n<p><strong>Educa\u00e7\u00e3o para a Seguran\u00e7a e Preven\u00e7\u00e3o de Riscos<\/strong> &#8211; Trata-se de um projeto orientado para todos os n\u00edveis de ensino, implementado nas aulas de Forma\u00e7\u00e3o Pessoal e Social, e que visa dotar os alunos dos conhecimentos e compet\u00eancias essenciais a uma cidadania ativa e respons\u00e1vel face \u00e0 seguran\u00e7a e aos riscos. Pretende-se, com este projeto, a dinamiza\u00e7\u00e3o do Plano de Preven\u00e7\u00e3o e Emerg\u00eancia da escola e o desenvolvimento de conte\u00fados tem\u00e1ticos na \u00e1rea da seguran\u00e7a.<\/p>\n<p><strong>Projeto Educa\u00e7\u00e3o Alimentar Escolar (PEA)<\/strong> &#8211; O projeto da Rede Bufetes Saud\u00e1veis, implementado pela Secretaria Regional de Educa\u00e7\u00e3o, Ci\u00eancia e Tecnologia (SRECT), pretende acompanhar, de uma forma mais incisiva, as normas implementadas pela SRECT sobre a alimenta\u00e7\u00e3o nas escolas. <br \/>Tendo em considera\u00e7\u00e3o alguns h\u00e1bitos alimentares e respetivas consequ\u00eancias aos v\u00e1rios n\u00edveis, desde f\u00edsicos, psicol\u00f3gicos e educacionais, a equipa respons\u00e1vel pelo projeto, implementar\u00e1 uma campanha educacional de modo a alcan\u00e7ar os seus objetivos. Pretende ajudar a corrigir determinados desvios alimentares, alertar para os perigos de uma m\u00e1 alimenta\u00e7\u00e3o, responsabilizar para uma vida mais saud\u00e1vel, incentivar a ingest\u00e3o de <br \/>determinados alimentos e despromover aqueles mais nocivos \u00e0 sa\u00fade.<\/p>\n<p><strong>Profiss\u00e3o Estudante<\/strong> \u2013 O Programa \u201cProfiss\u00e3o: Estudante\u201d destina-se aos alunos dos 5.\u00ba, 7.\u00ba e 8.\u00ba anos, sendo implementado nas aulas de Forma\u00e7\u00e3o Pessoal e Social. Como objetivos primordiais, destacam-se a promo\u00e7\u00e3o de um clima relacional favor\u00e1vel \u00e0s aprendizagens, o desenvolvimento de estrat\u00e9gias de estudo adequadas a cada estilo de aprendizagem, bem como de mecanismos de tomada de decis\u00e3o na profiss\u00e3o de estudante.<\/p>\n<p><strong>Educa\u00e7\u00e3o para a Sexualidade e Afetos (ESA)<\/strong> &#8211; Este projeto \u00e9 desenvolvido nas aulas de Forma\u00e7\u00e3o Pessoal e Social, das turmas do 5.\u00ba ao 9.\u00ba ano de escolaridade, visando uma abordagem ao tema de forma expl\u00edcita, intencional e pedagogicamente estruturada.<\/p>\n<p>O ESA tem como finalidade n\u00e3o s\u00f3 atenuar os comportamentos de risco, como a gravidez n\u00e3o desejada e precoce, as doen\u00e7as sexualmente transmiss\u00edveis e os abusos sexuais, mas tamb\u00e9m promover a qualidade das rela\u00e7\u00f5es interpessoais, a qualidade da viv\u00eancia da intimidade e a contextualiza\u00e7\u00e3o destas na sua raiz cultural e socio-hist\u00f3rica.<br \/>Deste modo, numa perspetiva sist\u00e9mica e numa conce\u00e7\u00e3o hol\u00edstica do ser humano, pretende-se que os nossos alunos vivenciem a sua sexualidade de forma mais informada, saud\u00e1vel, respons\u00e1vel e gratificante.<\/p>\n\n\n<hr class=\"wp-block-separator has-alpha-channel-opacity is-style-wide\" \/>\n\n\n\n<p><\/p>\n","protected":false},"excerpt":{"rendered":"<p>Educa\u00e7\u00e3o para a Seguran\u00e7a e Preven\u00e7\u00e3o de Riscos &#8211; Trata-se de um projeto orientado para todos os n\u00edveis de ensino, [&hellip;]<\/p>\n","protected":false},"author":1,"featured_media":0,"parent":0,"menu_order":0,"comment_status":"closed","ping_status":"closed","template":"","meta":{"site-sidebar-layout":"default","site-content-layout":"","ast-site-content-layout":"default","site-content-style":"default","site-sidebar-style":"default","ast-global-header-display":"","ast-banner-title-visibility":"","ast-main-header-display":"","ast-hfb-above-header-display":"","ast-hfb-below-header-display":"","ast-hfb-mobile-header-display":"","site-post-title":"","ast-breadcrumbs-content":"","ast-featured-img":"","footer-sml-layout":"","ast-disable-related-posts":"","theme-transparent-header-meta":"","adv-header-id-meta":"","stick-header-meta":"","header-above-stick-meta":"","header-main-stick-meta":"","header-below-stick-meta":"","astra-migrate-meta-layouts":"default","ast-page-background-enabled":"default","ast-page-background-meta":{"desktop":{"background-color":"var(--ast-global-color-4)","background-image":"","background-repeat":"repeat","background-position":"center center","background-size":"auto","background-attachment":"scroll","background-type":"","background-media":"","overlay-type":"","overlay-color":"","overlay-opacity":"","overlay-gradient":""},"tablet":{"background-color":"","background-image":"","background-repeat":"repeat","background-position":"center center","background-size":"auto","background-attachment":"scroll","background-type":"","background-media":"","overlay-type":"","overlay-color":"","overlay-opacity":"","overlay-gradient":""},"mobile":{"background-color":"","background-image":"","background-repeat":"repeat","background-position":"center center","background-size":"auto","background-attachment":"scroll","background-type":"","background-media":"","overlay-type":"","overlay-color":"","overlay-opacity":"","overlay-gradient":""}},"ast-content-background-meta":{"desktop":{"background-color":"var(--ast-global-color-5)","background-image":"","background-repeat":"repeat","background-position":"center center","background-size":"auto","background-attachment":"scroll","background-type":"","background-media":"","overlay-type":"","overlay-color":"","overlay-opacity":"","overlay-gradient":""},"tablet":{"background-color":"var(--ast-global-color-5)","background-image":"","background-repeat":"repeat","background-position":"center center","background-size":"auto","background-attachment":"scroll","background-type":"","background-media":"","overlay-type":"","overlay-color":"","overlay-opacity":"","overlay-gradient":""},"mobile":{"background-color":"var(--ast-global-color-5)","background-image":"","background-repeat":"repeat","background-position":"center center","background-size":"auto","background-attachment":"scroll","background-type":"","background-media":"","overlay-type":"","overlay-color":"","overlay-opacity":"","overlay-gradient":""}},"_themeisle_gutenberg_block_has_review":false,"footnotes":""},"class_list":["post-119","page","type-page","status-publish","hentry"],"_links":{"self":[{"href":"https:\/\/escoladigital.madeira.gov.pt\/ebpcruz\/wp-json\/wp\/v2\/pages\/119","targetHints":{"allow":["GET"]}}],"collection":[{"href":"https:\/\/escoladigital.madeira.gov.pt\/ebpcruz\/wp-json\/wp\/v2\/pages"}],"about":[{"href":"https:\/\/escoladigital.madeira.gov.pt\/ebpcruz\/wp-json\/wp\/v2\/types\/page"}],"author":[{"embeddable":true,"href":"https:\/\/escoladigital.madeira.gov.pt\/ebpcruz\/wp-json\/wp\/v2\/users\/1"}],"replies":[{"embeddable":true,"href":"https:\/\/escoladigital.madeira.gov.pt\/ebpcruz\/wp-json\/wp\/v2\/comments?post=119"}],"version-history":[{"count":46,"href":"https:\/\/escoladigital.madeira.gov.pt\/ebpcruz\/wp-json\/wp\/v2\/pages\/119\/revisions"}],"predecessor-version":[{"id":1734,"href":"https:\/\/escoladigital.madeira.gov.pt\/ebpcruz\/wp-json\/wp\/v2\/pages\/119\/revisions\/1734"}],"wp:attachment":[{"href":"https:\/\/escoladigital.madeira.gov.pt\/ebpcruz\/wp-json\/wp\/v2\/media?parent=119"}],"curies":[{"name":"wp","href":"https:\/\/api.w.org\/{rel}","templated":true}]}}