{"id":216,"date":"2022-06-03T09:37:56","date_gmt":"2022-06-03T09:37:56","guid":{"rendered":"https:\/\/escolacanical.pt\/?page_id=10"},"modified":"2024-11-13T11:50:25","modified_gmt":"2024-11-13T11:50:25","slug":"sobre","status":"publish","type":"page","link":"https:\/\/escoladigital.madeira.gov.pt\/ebpeccanical\/sobre\/","title":{"rendered":"Localiza\u00e7\u00e3o"},"content":{"rendered":"\n<p>A Escola B\u00e1sica com Pr\u00e9-escolar e Creche do Cani\u00e7al, com sede localizada na Rua Garcia Moniz, n\u00ba7, situa-se na Freguesia do Cani\u00e7al, Concelho de Machico, na Ilha da Madeira.<\/p>\n\n\n\n<h2 class=\"wp-block-heading\">Coordenadas GPS<\/h2>\n\n\n\n<p>32\u00b044\u201920.21\u2033N | 16\u00b044\u201939.79\u2033W<\/p>\n\n\n\n<h2 class=\"wp-block-heading\">Hist\u00f3ria, situa\u00e7\u00e3o geogr\u00e1fica e acessibilidades<\/h2>\n\n\n\n<p>Segundo a historiografia tradicional, a origem do top\u00f3nimo Cani\u00e7al adv\u00e9m do nome da planta conhecida por carri\u00e7o ou cani\u00e7o. A funda\u00e7\u00e3o da par\u00f3quia remonta a 1569, tendo a freguesia sido elevada \u00e0 categoria de Vila em 1994.<\/p>\n\n\n\n<p>A Vila do Cani\u00e7al situa-se no extremo Leste da ilha, entre Machico e a Ponta de S\u00e3o Louren\u00e7o, sendo a freguesia da Madeira com maior linha de costa. A povoa\u00e7\u00e3o instalou-se de in\u00edcio junto ao mar e, posteriormente, encostas acima \u00e0 medida que a sua popula\u00e7\u00e3o foi crescendo e a urbaniza\u00e7\u00e3o se expandindo.<\/p>\n\n\n\n<p>A povoa\u00e7\u00e3o do Cani\u00e7al esteve isolada pelas montanhas que a separam de Machico at\u00e9 ao final da d\u00e9cada de cinquenta, obrigando a que toda a comunica\u00e7\u00e3o fosse feita por mar ou por veredas de dif\u00edcil acesso. S\u00f3 em 1959 com a abertura do t\u00fanel Eng. Nasoloni, o Cani\u00e7al passou a contar com um acesso mais facilitado ao resto da ilha. Esta povoa\u00e7\u00e3o goza, atualmente, de excelentes acessibilidades, j\u00e1 que beneficia de boas liga\u00e7\u00f5es vi\u00e1rias atrav\u00e9s da antiga estrada regional 101 e da Via R\u00e1pida, desde o ano de 2004. Fica assim, em termos de dist\u00e2ncia &#8211; tempo, a trinta minutos do Funchal.<\/p>\n\n\n\n<h2 class=\"wp-block-heading\">Popula\u00e7\u00e3o e atividades econ\u00f3micas<\/h2>\n\n\n\n<p>Segundo os resultados provis\u00f3rios dos Censos de 2021, a popula\u00e7\u00e3o do Cani\u00e7al era de 3548 habitantes, contando com 1181 fam\u00edlias residentes, cerca de 18,1% dos habitantes do Concelho de Machico.<\/p>\n\n\n\n<p>No que toca \u00e0 composi\u00e7\u00e3o dos agregados familiares s\u00e3o, em geral, constitu\u00eddos por 4 elementos, compostos pelos 2 pais e por 2 filhos. Atendendo que a atribui\u00e7\u00e3o de escal\u00e3o de apoio da A\u00e7\u00e3o Social Escolar decorre da declara\u00e7\u00e3o de IRS, podemos inferir que o rendimento mensal de cerca de 70% dos agregados familiares \u00e9 baixo ou muito baixo, revelando uma tend\u00eancia de crescente agravamento econ\u00f3mico das fam\u00edlias. Relativamente aos n\u00edveis de escolaridade verificamos que as suas habilita\u00e7\u00f5es liter\u00e1rias s\u00e3o muito baixas, traduzindo um baixo n\u00edvel cultural.<\/p>\n\n\n\n<p>At\u00e9 um passado recente, os seus habitantes viviam principalmente da pesca e da agricultura de subsist\u00eancia. A ca\u00e7a \u00e0s baleias, introduzida por a\u00e7orianos na d\u00e9cada de 40 do s\u00e9culo XX, demonstrou ao longo dos cerca de 50 anos em que ocorreu, a fibra e bravura das pessoas do Cani\u00e7al. Hoje, as principais atividades econ\u00f3micas decorrem entre a constru\u00e7\u00e3o civil, a ind\u00fastria ligeira e os servi\u00e7os, tendo a pesca, atividade marcada pelos ritmos das esta\u00e7\u00f5es e enraizada na cultura deste povo, perdido alguma import\u00e2ncia para a economia local.<\/p>\n\n\n\n<p>Verificamos que 18% dos pais e 41% das m\u00e3es encontram-se na situa\u00e7\u00e3o de desempregados ou dom\u00e9sticas, 5,3% s\u00e3o emigrantes e 2% s\u00e3o pensionistas (reformados ou inv\u00e1lidos). Relativamente \u00e0 rela\u00e7\u00e3o patronal, cerca de 60% dos pais e 44,5% das m\u00e3es s\u00e3o trabalhadores por conta de outrem.<\/p>\n\n\n\n<p>O n\u00edvel de responsabilidade no emprego dos encarregados de educa\u00e7\u00e3o \u00e9 manifestamente baixo, em conson\u00e2ncia com as fracas habilita\u00e7\u00f5es. No entanto, \u00e9 not\u00f3rio que esta concord\u00e2ncia n\u00e3o se aplica ao caso das m\u00e3es, que embora tendo mais habilita\u00e7\u00f5es que os pais, apresentam taxas mais elevadas no desempenho de atividades com pouca responsabilidade. Os pais est\u00e3o ligados principalmente ao setor econ\u00f3mico da pesca (32%) e ao setor da constru\u00e7\u00e3o civil (30%). Cerca de 22% das m\u00e3es trabalham nos Servi\u00e7os, 17% no setor da restaura\u00e7\u00e3o, 16% no sector da educa\u00e7\u00e3o, 14% no setor da Hotelaria, estando apenas 9% no setor da ind\u00fastria.<\/p>\n\n\n\n<p>O tecido econ\u00f3mico \u00e9, sobretudo, sustentado por pequenas empresas, na sua maioria ligadas a servi\u00e7os de restaura\u00e7\u00e3o, bares\/restaurantes, lojas de pronto-a-vestir, alguns minimercados e pequenas lojas de eletrodom\u00e9sticos e\/ou m\u00f3veis que empregam sobretudo m\u00e3o-de-obra familiar.<\/p>\n\n\n\n<p>No apoio e est\u00edmulo \u00e0s atividades econ\u00f3micas esta freguesia conta com equipamentos como o Porto Comercial e o Porto de Pesca, um n\u00facleo da Associa\u00e7\u00e3o de Armadores Regional e a Zona Franca e Industrial. Esta \u00faltima surge como uma possibilidade de empregabilidade da popula\u00e7\u00e3o ativa da freguesia e da regi\u00e3o.<\/p>\n\n\n\n<p>Localizam-se na freguesia um centro de produ\u00e7\u00e3o de energia e\u00f3lica, uma unidade termoel\u00e9trica e outro de energia solar, dois estabelecimentos hoteleiros, um dos quais o aldeamento da Quinta do Lorde que suscita alguma esperan\u00e7a de cria\u00e7\u00e3o de novos postos de trabalho.<\/p>\n\n\n\n<p>O Cani\u00e7al, sendo uma porta de entrada e de sa\u00edda de mercadorias da Regi\u00e3o e onde fica localizada a ZFI, oferece novas potencialidades de emprego, quer nas empresas j\u00e1 implantadas, quer atrav\u00e9s de novas atividades industriais, comerciais e tur\u00edsticas, que aqui possam ou tencionem instalar.<\/p>\n\n\n\n<h2 class=\"wp-block-heading\">Recursos educativos e culturais<\/h2>\n\n\n\n<p>Ao n\u00edvel dos servi\u00e7os, a povoa\u00e7\u00e3o do Cani\u00e7al \u00e9 apoiada por um Centro de Sa\u00fade, um posto da Guarda Nacional Republicana, um pavilh\u00e3o gimnodesportivo e uma Farm\u00e1cia.<\/p>\n\n\n\n<p>Nos servi\u00e7os de educa\u00e7\u00e3o, resultante da fus\u00e3o dos dois estabelecimentos de ensino da freguesia &#8211; Escola B\u00e1sica do 1\u00ba Ciclo; e Escola B\u00e1sica do 2\u00ba e 3\u00ba Ciclos do Cani\u00e7al \u2013 temos agora a nossa Escola B\u00e1sica com Pr\u00e9-escolar e Creche do Cani\u00e7al.<\/p>\n\n\n\n<p>A n\u00edvel cultural, a freguesia disp\u00f5e do Museu da Baleia da Madeira, um Centro C\u00edvico e agrupamentos musicais e etnogr\u00e1ficos como os \u201cAmigos da M\u00fasica\u201d e o \u201cGrupo Folcl\u00f3rico da Casa do Povo\u201d.<\/p>\n\n\n\n<p>As atividades l\u00fadicas e recreativas de ocupa\u00e7\u00e3o de tempos livres est\u00e3o representadas pelo Clube de Futebol do Cani\u00e7al, Centro de Dia e Associa\u00e7\u00e3o \u201cCalhau\u201d. O Cani\u00e7al possui ainda registos patrimoniais importantes, quer a n\u00edvel cultural, quer a n\u00edvel natural. Entre os primeiros registam-se, como os mais antigos, a ponte de basalto da Ribeira do Natal, a Capela de N. S\u00aa. da Piedade (edificada no cimo do Monte Gordo), a Capela de S\u00e3o Sebasti\u00e3o (no Serrado da Igreja), a Igreja Nova (localizada no s\u00edtio da Banda d\u2019Al\u00e9m) e o farol da Ponta de S\u00e3o Louren\u00e7o. Entre os segundos registam-se em particular a Reserva Natural da Ponta de S\u00e3o Louren\u00e7o, a Prainha e as Dunas da Piedade.<\/p>\n","protected":false},"excerpt":{"rendered":"<p>A Escola B\u00e1sica com Pr\u00e9-escolar e Creche do Cani\u00e7al, com sede localizada na Rua Garcia Moniz, n\u00ba7, situa-se na Freguesia do Cani\u00e7al, Concelho de Machico, na Ilha da Madeira. Coordenadas GPS 32\u00b044\u201920.21\u2033N | 16\u00b044\u201939.79\u2033W Hist\u00f3ria, situa\u00e7\u00e3o geogr\u00e1fica e acessibilidades Segundo a historiografia tradicional, a origem do top\u00f3nimo Cani\u00e7al adv\u00e9m do nome da planta conhecida por &hellip; <\/p>\n<p class=\"link-more\"><a href=\"https:\/\/escoladigital.madeira.gov.pt\/ebpeccanical\/sobre\/\" class=\"more-link\">Read more<span class=\"screen-reader-text\"> &#8220;Localiza\u00e7\u00e3o&#8221;<\/span><\/a><\/p>\n","protected":false},"author":52,"featured_media":55,"parent":0,"menu_order":0,"comment_status":"closed","ping_status":"closed","template":"","meta":{"_themeisle_gutenberg_block_has_review":false,"inspiro_hide_title":false,"footnotes":""},"class_list":["post-216","page","type-page","status-publish","has-post-thumbnail","hentry"],"_links":{"self":[{"href":"https:\/\/escoladigital.madeira.gov.pt\/ebpeccanical\/wp-json\/wp\/v2\/pages\/216","targetHints":{"allow":["GET"]}}],"collection":[{"href":"https:\/\/escoladigital.madeira.gov.pt\/ebpeccanical\/wp-json\/wp\/v2\/pages"}],"about":[{"href":"https:\/\/escoladigital.madeira.gov.pt\/ebpeccanical\/wp-json\/wp\/v2\/types\/page"}],"author":[{"embeddable":true,"href":"https:\/\/escoladigital.madeira.gov.pt\/ebpeccanical\/wp-json\/wp\/v2\/users\/52"}],"replies":[{"embeddable":true,"href":"https:\/\/escoladigital.madeira.gov.pt\/ebpeccanical\/wp-json\/wp\/v2\/comments?post=216"}],"version-history":[{"count":1,"href":"https:\/\/escoladigital.madeira.gov.pt\/ebpeccanical\/wp-json\/wp\/v2\/pages\/216\/revisions"}],"predecessor-version":[{"id":386,"href":"https:\/\/escoladigital.madeira.gov.pt\/ebpeccanical\/wp-json\/wp\/v2\/pages\/216\/revisions\/386"}],"wp:featuredmedia":[{"embeddable":true,"href":"https:\/\/escoladigital.madeira.gov.pt\/ebpeccanical\/wp-json\/wp\/v2\/media\/55"}],"wp:attachment":[{"href":"https:\/\/escoladigital.madeira.gov.pt\/ebpeccanical\/wp-json\/wp\/v2\/media?parent=216"}],"curies":[{"name":"wp","href":"https:\/\/api.w.org\/{rel}","templated":true}]}}