{"id":67,"date":"2022-09-22T08:19:25","date_gmt":"2022-09-22T08:19:25","guid":{"rendered":"https:\/\/escolacanical.pt\/?page_id=67"},"modified":"2022-09-22T08:19:25","modified_gmt":"2022-09-22T08:19:25","slug":"areas-problematicas","status":"publish","type":"page","link":"https:\/\/escoladigital.madeira.gov.pt\/ebpeccanical\/areas-problematicas\/","title":{"rendered":"\u00c1reas Problem\u00e1ticas"},"content":{"rendered":"<p><span style=\"font-size: 14pt\"><\/span><\/p>\n<p><span style=\"font-size: 14pt;font-family: helvetica, arial, sans-serif\">Atendendo ao meio e \u00e0s caracter\u00edsticas dos alunos desta escola e tendo em conta os dados do relat\u00f3rio de autoavalia\u00e7\u00e3o da escola, e do anterior Projeto Educativo de Escola, as nossas op\u00e7\u00f5es curriculares orientam-se no sentido de desenvolver um conjunto de a\u00e7\u00f5es e projetos para dar resposta aos problemas e necessidades diagnosticadas, nomeadamente:<\/span><\/p>\n<p><span style=\"font-size: 14pt;font-family: helvetica, arial, sans-serif\"><strong>A. Indisciplina: <\/strong>Necessidade de continuar a combater a indisciplina e a falta de compet\u00eancias socioemocionais dos alunos;<\/span><\/p>\n<p><span style=\"font-size: 14pt;font-family: helvetica, arial, sans-serif\"><strong>B. Falta de envolvimento dos EE: <\/strong>Necessidade de melhorar o acompanhamento dos educandos no seio familiar dos alunos;<\/span><\/p>\n<p><span style=\"font-size: 14pt;font-family: helvetica, arial, sans-serif\"><strong>C. Sucesso escolar: <\/strong>Necessidade de manter os n\u00edveis de sucesso escolar atingidos no \u00faltimo quadri\u00e9nio, apesar de:<\/span><\/p>\n<ol>\n<li><span style=\"font-size: 14pt;font-family: helvetica, arial, sans-serif\">Ainda existirem alguns indicadores de insucesso nas disciplinas de Portugu\u00eas e Matem\u00e1tica comparativamente \u00e0s restantes disciplinas;<\/span><\/li>\n<li><span style=\"font-size: 14pt;font-family: helvetica, arial, sans-serif\">Existir alguma falta de consolida\u00e7\u00e3o de aprendizagens em todas as disciplinas, em particular no Portugu\u00eas e na Matem\u00e1tica decorrente do per\u00edodo pand\u00e9mico do Covid-19;<\/span><\/li>\n<li><span style=\"font-size: 14pt;font-family: helvetica, arial, sans-serif\">Existirem dificuldades transversais na leitura, escrita e oralidade e no racioc\u00ednio l\u00f3gico matem\u00e1tico.<\/span><\/li>\n<\/ol>\n<p><span style=\"font-size: 14pt;font-family: helvetica, arial, sans-serif\"><strong>D. Dificuldades de Aprendizagem: <\/strong>Necessidade de melhorar a inclus\u00e3o dos alunos com dificuldades de aprendizagem nas atividades escolares e no acesso ao curr\u00edculo;<\/span><\/p>\n<p><span style=\"font-size: 14pt;font-family: helvetica, arial, sans-serif\"><strong>E. Falta de Interesse nas Atividades Escolares: <\/strong>Necessidade de expandir a flexibilidade curricular como forma de combate ao desinteresse dos alunos nas atividades escolares;<\/span><\/p>\n<p><span style=\"font-size: 14pt;font-family: helvetica, arial, sans-serif\"><strong>F. Reduzido envolvimento da comunidade escolar<\/strong> nas atividades desenvolvidas pela escola.<\/span><\/p>\n<p><span style=\"font-size: 14pt\"><\/span><\/p>","protected":false},"excerpt":{"rendered":"<p>Atendendo ao meio e \u00e0s caracter\u00edsticas dos alunos desta escola e tendo em conta os dados do relat\u00f3rio de autoavalia\u00e7\u00e3o da escola, e do anterior Projeto Educativo de Escola, as nossas op\u00e7\u00f5es curriculares orientam-se no sentido de desenvolver um conjunto de a\u00e7\u00f5es e projetos para dar resposta aos problemas e necessidades diagnosticadas, nomeadamente: A. Indisciplina: &hellip; <\/p>\n<p class=\"link-more\"><a href=\"https:\/\/escoladigital.madeira.gov.pt\/ebpeccanical\/areas-problematicas\/\" class=\"more-link\">Read more<span class=\"screen-reader-text\"> &#8220;\u00c1reas Problem\u00e1ticas&#8221;<\/span><\/a><\/p>\n","protected":false},"author":52,"featured_media":54,"parent":0,"menu_order":0,"comment_status":"closed","ping_status":"closed","template":"","meta":{"_themeisle_gutenberg_block_has_review":false,"inspiro_hide_title":false,"footnotes":""},"class_list":["post-67","page","type-page","status-publish","has-post-thumbnail","hentry"],"_links":{"self":[{"href":"https:\/\/escoladigital.madeira.gov.pt\/ebpeccanical\/wp-json\/wp\/v2\/pages\/67","targetHints":{"allow":["GET"]}}],"collection":[{"href":"https:\/\/escoladigital.madeira.gov.pt\/ebpeccanical\/wp-json\/wp\/v2\/pages"}],"about":[{"href":"https:\/\/escoladigital.madeira.gov.pt\/ebpeccanical\/wp-json\/wp\/v2\/types\/page"}],"author":[{"embeddable":true,"href":"https:\/\/escoladigital.madeira.gov.pt\/ebpeccanical\/wp-json\/wp\/v2\/users\/52"}],"replies":[{"embeddable":true,"href":"https:\/\/escoladigital.madeira.gov.pt\/ebpeccanical\/wp-json\/wp\/v2\/comments?post=67"}],"version-history":[{"count":0,"href":"https:\/\/escoladigital.madeira.gov.pt\/ebpeccanical\/wp-json\/wp\/v2\/pages\/67\/revisions"}],"wp:featuredmedia":[{"embeddable":true,"href":"https:\/\/escoladigital.madeira.gov.pt\/ebpeccanical\/wp-json\/wp\/v2\/media\/54"}],"wp:attachment":[{"href":"https:\/\/escoladigital.madeira.gov.pt\/ebpeccanical\/wp-json\/wp\/v2\/media?parent=67"}],"curies":[{"name":"wp","href":"https:\/\/api.w.org\/{rel}","templated":true}]}}