{"id":1112,"date":"2024-09-09T20:59:11","date_gmt":"2024-09-09T20:59:11","guid":{"rendered":"https:\/\/escoladigital.madeira.gov.pt\/ebspdffbranco\/?page_id=1112"},"modified":"2024-09-10T18:02:39","modified_gmt":"2024-09-10T18:02:39","slug":"1112-2","status":"publish","type":"page","link":"https:\/\/escoladigital.madeira.gov.pt\/ebspdffbranco\/1112-2\/","title":{"rendered":""},"content":{"rendered":"\n<figure style=\"margin-top:0;margin-right:0;margin-bottom:0;margin-left:0\" class=\"wp-block-table has-medium-font-size\"><table class=\"has-border-color has-base-border-color\"><tbody><tr><td class=\"has-text-align-center\" data-align=\"center\">\u00a0<img fetchpriority=\"high\" decoding=\"async\" width=\"300\" height=\"232\" src=\"https:\/\/escolas.madeira-edu.pt\/Portals\/112\/2022\/onlinelogo.jpg\" alt=\"\">\u00a0<img decoding=\"async\" width=\"300\" height=\"103\" src=\"https:\/\/escolas.madeira-edu.pt\/Portals\/112\/2022\/logoerasmus.jpg\" alt=\"\">\u00a0<br><br><br><strong>Projeto &#8211; Online school_space for educational innovation.eu\u00a0<\/strong><br><strong><br><a href=\"https:\/\/escolas.madeira-edu.pt\/LinkClick.aspx?fileticket=ccQPt3Xv0vs%3d&amp;tabid=18025\">Objetivos do Projeto<\/a>\u00a0<\/strong><br><br><strong>\u00a0ERASMUS PROGRAM \u201cONLINE SCHOOL_SPACE FOR EDUCATIONAL INNOVACION.EU\u201d\u00a0<\/strong><br><br>No passado dia <strong>21 do m\u00eas de outubro<\/strong>, dois alunos do 11.\u00b0 ano e quatro alunos do 12.\u00b0 ano da Escola B\u00e1sica e Secund\u00e1ria com Pr\u00e9-escolar e Creche Professor Dr. Francisco de Freitas Branco da ilha do Porto Santo, acompanhados pelos professores Dalila Peixe, Filipa Abreu, Filipa Roma e Magno Velosa, no \u00e2mbito do programa Erasmus+ (KA220, Parcerias de Coopera\u00e7\u00e3o na Educa\u00e7\u00e3o Escolar com o projeto \u201cOnline school_space for educational innovation.eu\u201d), deslocaram-se \u00e0 <strong>cidade de Adana, na Turquia<\/strong>, onde foram calorosamente recebidos pela escola Yuregir Halicilar Anadolu Lisesi.Tiveram a oportunidade de conhecer uma realidade bem diferente. Foi uma semana repleta de partilha de conhecimentos e visitas a lugares m\u00e1gicos, sa\u00eddos de contos de fadas, como a Capad\u00f3cia. Os parceiros neste projeto s\u00e3o: It\u00e1lia, Gr\u00e9cia, Portugal (Porto Santo), Litu\u00e2nia, Turquia, coordenado por uma escola da Rom\u00e9nia.Esta foi a \u00faltima mobilidade do projeto que teve in\u00edcio em novembro de 2021. Ao longo dos \u00faltimos dois anos criaram-se amizades e aproximaram-se e partilharam-se culturas, o que, afinal, o grande objetivo do alargamento da Europa.<br><br><img decoding=\"async\" width=\"450\" height=\"338\" src=\"https:\/\/escolas.madeira-edu.pt\/Portals\/112\/2324\/adana1.jpg\" alt=\"\">\u00a0\u00a0\u00a0<br><br><br><strong>\u00a0SEIS ALUNOS DA ESCOLA DO PORTO SANTO EM ERASMUS+ NA LITU\u00c2NIA<\/strong><br><br>\u00a0&#8220;O ano letivo 2023\/ 2024 come\u00e7ou da melhor forma para 6 alunos da Escola B\u00e1sica e Secund\u00e1ria com Pr\u00e9-Escolar e Creche Professor Dr. Francisco de Freitas Branco da ilha do Porto Santo\u201d.Como explica a escola, no dia 23 do m\u00eas de setembro, tr\u00eas alunas do 7\u00b0ano e tr\u00eas alunos do 10.\u00b0 ano, acompanhados pelos professores Dalila Peixe, Filipa Abreu e Paulo Almeida, no \u00e2mbito do programa Erasmus+, KA220, Parcerias de Coopera\u00e7\u00e3o na Educa\u00e7\u00e3o Escolar com o projeto &#8220;Online school_space for educational innovation.eu&#8221;, deslocaram-se a Vilnius, na Litu\u00e2nia, na escola Vilniaus Kunigaikscio Gedimino Progimnazija. O programa decorreu entre 25 e 29 de setembro, com os discentes e docentes a terem tido oportunidade de conhecer uma realidade bem diferente da vivida pelos mesmos no Porto Santo, numa semana \u201crepleta de partilha de conhecimentos\u201d. \u201cO objetivo principal deste projeto passa por desenvolver as capacidades dos participantes para a utiliza\u00e7\u00e3o da tecnologia digital e os meios de comunica\u00e7\u00e3o de forma respons\u00e1vel e eficiente\u201d, refere ainda o estabelecimento de ensino, que adianta que os parceiros neste projeto s\u00e3o It\u00e1lia, Gr\u00e9cia, Portugal (Porto Santo), Litu\u00e2nia, Turquia, coordenado por uma escola da Rom\u00e9nia.<br><br>\u00a0<img loading=\"lazy\" decoding=\"async\" width=\"350\" height=\"196\" src=\"https:\/\/escolas.madeira-edu.pt\/Portals\/112\/2324\/lituania.jpg\" alt=\"\">\u00a0\u00a0\u00a0\u00a0\u00a0<br><br><br>A Escola B\u00e1sica e Secund\u00e1ria com Pr\u00e9-escolar e Creche Professor Dr. Francisco de Freitas Branco, Porto Santo, no \u00e2mbito do programa Erasmus+, KA220, A\u00e7\u00e3o Chave 2- Parcerias de Coopera\u00e7\u00e3o na Educa\u00e7\u00e3o Escolar com o projeto \u201cOnline School_Space for Educational Innovacion.eu\u201d, recebeu na passada semana, entre\u00a0<strong>24 e 28 de abril, 13 professores provenientes de It\u00e1lia, Litu\u00e2nia, Gr\u00e9cia, Turquia e da Rom\u00e9nia (pa\u00eds coordenador do projeto).<\/strong><br><br>\u00c9 de salientar que o objetivo principal deste projeto passa por desenvolver as capacidades dos participantes para a utiliza\u00e7\u00e3o da tecnologia digital e os meios de comunica\u00e7\u00e3o de forma respons\u00e1vel e eficiente, nesta mobilidade os professores envolvidos puderam observar de que forma os alunos e professores utilizam as novas tecnologias na nossa escola. O projeto teve in\u00edcio em novembro de 2021 e est\u00e1 prevista a sua conclus\u00e3o no pr\u00f3ximo m\u00eas de outubro.<br>Demos tamb\u00e9m a conhecer a nossa ilha plantada no meio do atl\u00e2ntico\u2026.<br>esperando um dia poder voltar a ver quem conheceu pela primeira vez a nossa terra.<br>No Porto Santo a coordena\u00e7\u00e3o cabe \u00e0s docentes de Artes Visuais Dalila Peixe, Eug\u00e9nia Migu\u00e9is com a colabora\u00e7\u00e3o dos docentes Filipa Abreu e\u00a0Paulo\u00a0Almeida.<br><br><img loading=\"lazy\" decoding=\"async\" width=\"300\" height=\"177\" src=\"https:\/\/escolas.madeira-edu.pt\/Portals\/112\/2223\/erasmus\/mobilidadapxo.jpg\" alt=\"\">\u00a0<br><img loading=\"lazy\" decoding=\"async\" width=\"300\" height=\"225\" src=\"https:\/\/escolas.madeira-edu.pt\/Portals\/112\/2223\/erasmus\/mobilidadapxo2.jpg\" alt=\"\"><img loading=\"lazy\" decoding=\"async\" width=\"300\" height=\"225\" src=\"https:\/\/escolas.madeira-edu.pt\/Portals\/112\/2223\/erasmus\/mobilidadepxo3.jpg\" alt=\"\"><br><br><br><strong>ERASMUS PROGRAM \u201cONLINE SCHOOL_SPACE FOR EDUCATIONAL INNOVACION.EU\u201d<\/strong><br><br>Muito contentes pela rece\u00e7\u00e3o ao grupo de professores do Programa Erasmus \u201cOnline School_Space for Educational Innovacion.eu\u201d, no<strong>\u00a0edif\u00edcio do Campo de Baixo, da nossa escola<\/strong>. Portugal (Porto Santo), It\u00e1lia (Sic\u00edlia), Gr\u00e9cia (Trikala), Turquia (Adana), Litu\u00e2nia (Vilnius) e Rom\u00e9nia (Staralvist) foram os pa\u00edses representados.<br><br>Mobilizamos a comunidade escolar para delinear um programa e para diversas atividades, desde o acolhimento, a apresenta\u00e7\u00e3o de v\u00e1rias can\u00e7\u00f5es (hino da Europa, Hono Eco-Escolas, can\u00e7\u00e3o Porto Santo, de Max, can\u00e7\u00e3o \u201cIlha da fantasia\u201d (4.\u00ba ano) e \u201cherdeiros da Madeira (3.\u00ba ano), um jogo interativo, e um conv\u00edvio e lanche, com produtos tradicionais do Porto Santo para o qual generosamente contribu\u00edram as fam\u00edlias dos alunos e ainda o pessoal docente e n\u00e3o docente. <br><br>Tudo terminou com sorrisos e com sentido de miss\u00e3o cumprida, com o mote \u201cCulturas diferentes, o mesmo ideal\u201d Foi uma tarde magnifica, com o Sol a embelez\u00e1-la ainda mais. Salientamos a presen\u00e7a do CACI, da sua coordenadora, Carmo Freitas, bem como a coordenadora do CREE, Sara Peixe, onde tamb\u00e9m se envolveram e participaram nas nossas atividades. <br><br>Tudo isto aconteceu justamente na Semana contra a Indiferen\u00e7a. Agradecemos, por fim, o convite das coordenadoras do projeto Erasmus, prof. Eug\u00e9nia Migu\u00e9is e prof. Dalila Peixe e a presen\u00e7a da coordenadora das AEC, prof. Filipa Abreu e do prof. Paulo Almeida.<br><br>\ud83d\udc49<strong>\u00a0Porto Santo, 27 de abril de 2023\u00a0<\/strong>\u00a0<br><img loading=\"lazy\" decoding=\"async\" width=\"400\" height=\"300\" src=\"https:\/\/escolas.madeira-edu.pt\/Portals\/112\/2324\/erasmus\/erasmusabril.jpg\" alt=\"\">\u00a0\u00a0\u00a0\u00a0<br><br><br><strong>PROFESSORES E ALUNOS DO PORTO SANTO NA GR\u00c9CIA EM PROGRAMA ERASMUS+\u00a0<\/strong><br><br>Quatro professores e seis alunos da Escola B\u00e1sica e Secund\u00e1ria com Pr\u00e9-escolar e Creche Professor Dr. Francisco de Freitas Branco, no Porto Santo, est\u00e3o desde o dia 31 e at\u00e9 \u00e0 pr\u00f3xima sexta-feira, em desloca\u00e7\u00e3o \u00e0 Gr\u00e9cia, no \u00e2mbito do programa Erasmus+, KA220, Parcerias de Coopera\u00e7\u00e3o na Educa\u00e7\u00e3o Escolar.<br>Desta feita, e como explica o estabelecimento de ensino, o grupo da escola do Porto Santo participa no projeto &#8220;Online school_space for educational innovation.eu&#8221;, cujo \u201cobjetivo principal passa por desenvolver as capacidades dos participantes para a utiliza\u00e7\u00e3o da tecnologia digital e os meios de comunica\u00e7\u00e3o de forma respons\u00e1vel e eficiente, que decorrer\u00e1 na cidade de Trikala\u201d<br><br><img loading=\"lazy\" decoding=\"async\" width=\"300\" height=\"168\" src=\"https:\/\/escolas.madeira-edu.pt\/Portals\/112\/2223\/gr%C3%A9cia.jpg\" alt=\"\"><br><br><strong><a href=\"https:\/\/www.jm-madeira.pt\/regiao\/ver\/188969\/Professores_e_alunos_do_Porto_Santo_na_Grecia_em_programa_Erasmus?fbclid=IwAR26LdBZRF2zOMBlA7DxW7WbKWuYBG-WJf8e1hRpUzDeBdgSyeoBTzmziLc\">Professores e alunos do Porto Santo na Gr\u00e9cia em programa Erasmus+ (jm-madeira.pt)<\/a>\u00a0\u00a0\u00a0<\/strong><br><br><strong>PROFESSORES DO PORTO SANTO EM INTERC\u00c2MBIO ERASMUS+ NA ROM\u00c9NIA<\/strong><br><br><img loading=\"lazy\" decoding=\"async\" width=\"300\" height=\"168\" src=\"https:\/\/escolas.madeira-edu.pt\/Portals\/112\/2022\/ptofrom%C3%A9nia.jpg\" alt=\"\">\u00a0<br><br>Os docentes Dalila Peixe, Eug\u00e9nia Migu\u00e9is e Paulo Almeida, deslocaram-se \u00e0 Rom\u00e9nia, no passado dia 12 de mar\u00e7o, onde ficar\u00e3o por um per\u00edodo de uma semana, no \u00e2mbito do<strong>\u00a0programa Erasmus+ (K220, Parcerias de Coopera\u00e7\u00e3o na Educa\u00e7\u00e3o Escolar)<\/strong>\u00a0e atrav\u00e9s do projeto\u00a0<strong>&#8220;Online school_space for educational innovation.eu&#8221;<\/strong>.<br><br>O objetivo principal do projeto passa por desenvolver as capacidades dos participantes na utiliza\u00e7\u00e3o da tecnologia digital e nos meios de comunica\u00e7\u00e3o de forma respons\u00e1vel e eficiente. <br><br>O interc\u00e2mbio decorre no\u00a0<strong>munic\u00edpio de Vulcana-B\u0103i<\/strong>, pequena localidade situada no centro-sul da Rom\u00e9nia.\u00a0Nesta atividade, a escola do Porto Santo \u00e9 parceira com outros cinco estabelecimentos de ensino da It\u00e1lia, Gr\u00e9cia, Turquia, Litu\u00e2nia e da pr\u00f3pria Rom\u00e9nia, que \u00e9 escola coordenadora do projeto.<br><br><img loading=\"lazy\" decoding=\"async\" width=\"400\" height=\"295\" src=\"https:\/\/escolas.madeira-edu.pt\/Portals\/112\/2022\/Noticia%20rtp.jpg\" alt=\"\">\u00a0<\/td><\/tr><\/tbody><\/table><\/figure>\n","protected":false},"excerpt":{"rendered":"<p>\u00a0\u00a0\u00a0 Projeto &#8211; Online school_space for educational innovation.eu\u00a0Objetivos do Projeto\u00a0 \u00a0ERASMUS PROGRAM \u201cONLINE SCHOOL_SPACE FOR EDUCATIONAL INNOVACION.EU\u201d\u00a0 No passado dia 21 do m\u00eas de outubro, dois alunos do 11.\u00b0 ano e quatro alunos do 12.\u00b0 ano da Escola B\u00e1sica e Secund\u00e1ria com Pr\u00e9-escolar e Creche Professor Dr. Francisco de Freitas Branco da ilha do Porto [&hellip;]<\/p>\n","protected":false},"author":28,"featured_media":0,"parent":0,"menu_order":0,"comment_status":"closed","ping_status":"closed","template":"","meta":{"_themeisle_gutenberg_block_has_review":false,"footnotes":""},"class_list":["post-1112","page","type-page","status-publish","hentry"],"_links":{"self":[{"href":"https:\/\/escoladigital.madeira.gov.pt\/ebspdffbranco\/wp-json\/wp\/v2\/pages\/1112","targetHints":{"allow":["GET"]}}],"collection":[{"href":"https:\/\/escoladigital.madeira.gov.pt\/ebspdffbranco\/wp-json\/wp\/v2\/pages"}],"about":[{"href":"https:\/\/escoladigital.madeira.gov.pt\/ebspdffbranco\/wp-json\/wp\/v2\/types\/page"}],"author":[{"embeddable":true,"href":"https:\/\/escoladigital.madeira.gov.pt\/ebspdffbranco\/wp-json\/wp\/v2\/users\/28"}],"replies":[{"embeddable":true,"href":"https:\/\/escoladigital.madeira.gov.pt\/ebspdffbranco\/wp-json\/wp\/v2\/comments?post=1112"}],"version-history":[{"count":5,"href":"https:\/\/escoladigital.madeira.gov.pt\/ebspdffbranco\/wp-json\/wp\/v2\/pages\/1112\/revisions"}],"predecessor-version":[{"id":1213,"href":"https:\/\/escoladigital.madeira.gov.pt\/ebspdffbranco\/wp-json\/wp\/v2\/pages\/1112\/revisions\/1213"}],"wp:attachment":[{"href":"https:\/\/escoladigital.madeira.gov.pt\/ebspdffbranco\/wp-json\/wp\/v2\/media?parent=1112"}],"curies":[{"name":"wp","href":"https:\/\/api.w.org\/{rel}","templated":true}]}}

<figure style="margin-top:0;margin-right:0;margin-bottom:0;margin-left:0" class="wp-block-table has-medium-font-size"><table class="has-border-color has-base-border-color"><tbody><tr><td class="has-text-align-center" data-align="center"> <img fetchpriority="high" decoding="async" width="300" height="232" src="https://escolas.madeira-edu.pt/Portals/112/2022/onlinelogo.jpg" alt=""> <img decoding="async" width="300" height="103" src="https://escolas.madeira-edu.pt/Portals/112/2022/logoerasmus.jpg" alt=""> <br><br><br><strong>Projeto &#8211; Online school_space for educational innovation.eu </strong><br><strong><br><a href="https://escolas.madeira-edu.pt/LinkClick.aspx?fileticket=ccQPt3Xv0vs%3d&amp;tabid=18025">Objetivos do Projeto</a> </strong><br><br><strong> ERASMUS PROGRAM “ONLINE SCHOOL_SPACE FOR EDUCATIONAL INNOVACION.EU” </strong><br><br>No passado dia <strong>21 do mês de outubro</strong>, dois alunos do 11.° ano e quatro alunos do 12.° ano da Escola Básica e Secundária com Pré-escolar e Creche Professor Dr. Francisco de Freitas Branco da ilha do Porto Santo, acompanhados pelos professores Dalila Peixe, Filipa Abreu, Filipa Roma e Magno Velosa, no âmbito do programa Erasmus+ (KA220, Parcerias de Cooperação na Educação Escolar com o projeto “Online school_space for educational innovation.eu”), deslocaram-se à <strong>cidade de Adana, na Turquia</strong>, onde foram calorosamente recebidos pela escola Yuregir Halicilar Anadolu Lisesi.Tiveram a oportunidade de conhecer uma realidade bem diferente. Foi uma semana repleta de partilha de conhecimentos e visitas a lugares mágicos, saídos de contos de fadas, como a Capadócia. Os parceiros neste projeto são: Itália, Grécia, Portugal (Porto Santo), Lituânia, Turquia, coordenado por uma escola da Roménia.Esta foi a última mobilidade do projeto que teve início em novembro de 2021. Ao longo dos últimos dois anos criaram-se amizades e aproximaram-se e partilharam-se culturas, o que, afinal, o grande objetivo do alargamento da Europa.<br><br><img decoding="async" width="450" height="338" src="https://escolas.madeira-edu.pt/Portals/112/2324/adana1.jpg" alt="">   <br><br><br><strong> SEIS ALUNOS DA ESCOLA DO PORTO SANTO EM ERASMUS+ NA LITUÂNIA</strong><br><br> &#8220;O ano letivo 2023/ 2024 começou da melhor forma para 6 alunos da Escola Básica e Secundária com Pré-Escolar e Creche Professor Dr. Francisco de Freitas Branco da ilha do Porto Santo”.Como explica a escola, no dia 23 do mês de setembro, três alunas do 7°ano e três alunos do 10.° ano, acompanhados pelos professores Dalila Peixe, Filipa Abreu e Paulo Almeida, no âmbito do programa Erasmus+, KA220, Parcerias de Cooperação na Educação Escolar com o projeto &#8220;Online school_space for educational innovation.eu&#8221;, deslocaram-se a Vilnius, na Lituânia, na escola Vilniaus Kunigaikscio Gedimino Progimnazija. O programa decorreu entre 25 e 29 de setembro, com os discentes e docentes a terem tido oportunidade de conhecer uma realidade bem diferente da vivida pelos mesmos no Porto Santo, numa semana “repleta de partilha de conhecimentos”. “O objetivo principal deste projeto passa por desenvolver as capacidades dos participantes para a utilização da tecnologia digital e os meios de comunicação de forma responsável e eficiente”, refere ainda o estabelecimento de ensino, que adianta que os parceiros neste projeto são Itália, Grécia, Portugal (Porto Santo), Lituânia, Turquia, coordenado por uma escola da Roménia.<br><br> <img loading="lazy" decoding="async" width="350" height="196" src="https://escolas.madeira-edu.pt/Portals/112/2324/lituania.jpg" alt="">     <br><br><br>A Escola Básica e Secundária com Pré-escolar e Creche Professor Dr. Francisco de Freitas Branco, Porto Santo, no âmbito do programa Erasmus+, KA220, Ação Chave 2- Parcerias de Cooperação na Educação Escolar com o projeto “Online School_Space for Educational Innovacion.eu”, recebeu na passada semana, entre <strong>24 e 28 de abril, 13 professores provenientes de Itália, Lituânia, Grécia, Turquia e da Roménia (país coordenador do projeto).</strong><br><br>É de salientar que o objetivo principal deste projeto passa por desenvolver as capacidades dos participantes para a utilização da tecnologia digital e os meios de comunicação de forma responsável e eficiente, nesta mobilidade os professores envolvidos puderam observar de que forma os alunos e professores utilizam as novas tecnologias na nossa escola. O projeto teve início em novembro de 2021 e está prevista a sua conclusão no próximo mês de outubro.<br>Demos também a conhecer a nossa ilha plantada no meio do atlântico….<br>esperando um dia poder voltar a ver quem conheceu pela primeira vez a nossa terra.<br>No Porto Santo a coordenação cabe às docentes de Artes Visuais Dalila Peixe, Eugénia Miguéis com a colaboração dos docentes Filipa Abreu e Paulo Almeida.<br><br><img loading="lazy" decoding="async" width="300" height="177" src="https://escolas.madeira-edu.pt/Portals/112/2223/erasmus/mobilidadapxo.jpg" alt=""> <br><img loading="lazy" decoding="async" width="300" height="225" src="https://escolas.madeira-edu.pt/Portals/112/2223/erasmus/mobilidadapxo2.jpg" alt=""><img loading="lazy" decoding="async" width="300" height="225" src="https://escolas.madeira-edu.pt/Portals/112/2223/erasmus/mobilidadepxo3.jpg" alt=""><br><br><br><strong>ERASMUS PROGRAM “ONLINE SCHOOL_SPACE FOR EDUCATIONAL INNOVACION.EU”</strong><br><br>Muito contentes pela receção ao grupo de professores do Programa Erasmus “Online School_Space for Educational Innovacion.eu”, no<strong> edifício do Campo de Baixo, da nossa escola</strong>. Portugal (Porto Santo), Itália (Sicília), Grécia (Trikala), Turquia (Adana), Lituânia (Vilnius) e Roménia (Staralvist) foram os países representados.<br><br>Mobilizamos a comunidade escolar para delinear um programa e para diversas atividades, desde o acolhimento, a apresentação de várias canções (hino da Europa, Hono Eco-Escolas, canção Porto Santo, de Max, canção “Ilha da fantasia” (4.º ano) e “herdeiros da Madeira (3.º ano), um jogo interativo, e um convívio e lanche, com produtos tradicionais do Porto Santo para o qual generosamente contribuíram as famílias dos alunos e ainda o pessoal docente e não docente. <br><br>Tudo terminou com sorrisos e com sentido de missão cumprida, com o mote “Culturas diferentes, o mesmo ideal” Foi uma tarde magnifica, com o Sol a embelezá-la ainda mais. Salientamos a presença do CACI, da sua coordenadora, Carmo Freitas, bem como a coordenadora do CREE, Sara Peixe, onde também se envolveram e participaram nas nossas atividades. <br><br>Tudo isto aconteceu justamente na Semana contra a Indiferença. Agradecemos, por fim, o convite das coordenadoras do projeto Erasmus, prof. Eugénia Miguéis e prof. Dalila Peixe e a presença da coordenadora das AEC, prof. Filipa Abreu e do prof. Paulo Almeida.<br><br>👉<strong> Porto Santo, 27 de abril de 2023 </strong> <br><img loading="lazy" decoding="async" width="400" height="300" src="https://escolas.madeira-edu.pt/Portals/112/2324/erasmus/erasmusabril.jpg" alt="">    <br><br><br><strong>PROFESSORES E ALUNOS DO PORTO SANTO NA GRÉCIA EM PROGRAMA ERASMUS+ </strong><br><br>Quatro professores e seis alunos da Escola Básica e Secundária com Pré-escolar e Creche Professor Dr. Francisco de Freitas Branco, no Porto Santo, estão desde o dia 31 e até à próxima sexta-feira, em deslocação à Grécia, no âmbito do programa Erasmus+, KA220, Parcerias de Cooperação na Educação Escolar.<br>Desta feita, e como explica o estabelecimento de ensino, o grupo da escola do Porto Santo participa no projeto &#8220;Online school_space for educational innovation.eu&#8221;, cujo “objetivo principal passa por desenvolver as capacidades dos participantes para a utilização da tecnologia digital e os meios de comunicação de forma responsável e eficiente, que decorrerá na cidade de Trikala”<br><br><img loading="lazy" decoding="async" width="300" height="168" src="https://escolas.madeira-edu.pt/Portals/112/2223/gr%C3%A9cia.jpg" alt=""><br><br><strong><a href="https://www.jm-madeira.pt/regiao/ver/188969/Professores_e_alunos_do_Porto_Santo_na_Grecia_em_programa_Erasmus?fbclid=IwAR26LdBZRF2zOMBlA7DxW7WbKWuYBG-WJf8e1hRpUzDeBdgSyeoBTzmziLc">Professores e alunos do Porto Santo na Grécia em programa Erasmus+ (jm-madeira.pt)</a>   </strong><br><br><strong>PROFESSORES DO PORTO SANTO EM INTERCÂMBIO ERASMUS+ NA ROMÉNIA</strong><br><br><img loading="lazy" decoding="async" width="300" height="168" src="https://escolas.madeira-edu.pt/Portals/112/2022/ptofrom%C3%A9nia.jpg" alt=""> <br><br>Os docentes Dalila Peixe, Eugénia Miguéis e Paulo Almeida, deslocaram-se à Roménia, no passado dia 12 de março, onde ficarão por um período de uma semana, no âmbito do<strong> programa Erasmus+ (K220, Parcerias de Cooperação na Educação Escolar)</strong> e através do projeto <strong>&#8220;Online school_space for educational innovation.eu&#8221;</strong>.<br><br>O objetivo principal do projeto passa por desenvolver as capacidades dos participantes na utilização da tecnologia digital e nos meios de comunicação de forma responsável e eficiente. <br><br>O intercâmbio decorre no <strong>município de Vulcana-Băi</strong>, pequena localidade situada no centro-sul da Roménia. Nesta atividade, a escola do Porto Santo é parceira com outros cinco estabelecimentos de ensino da Itália, Grécia, Turquia, Lituânia e da própria Roménia, que é escola coordenadora do projeto.<br><br><img loading="lazy" decoding="async" width="400" height="295" src="https://escolas.madeira-edu.pt/Portals/112/2022/Noticia%20rtp.jpg" alt=""> </td></tr></tbody></table></figure>

<p>    Projeto &#8211; Online school_space for educational innovation.eu Objetivos do Projeto   ERASMUS PROGRAM “ONLINE SCHOOL_SPACE FOR EDUCATIONAL INNOVACION.EU”  No passado dia 21 do mês de outubro, dois alunos do 11.° ano e quatro alunos do 12.° ano da Escola Básica e Secundária com Pré-escolar e Creche Professor Dr. Francisco de Freitas Branco da ilha do Porto [&hellip;]</p>
