{"id":1395,"date":"2024-10-01T17:35:34","date_gmt":"2024-10-01T17:35:34","guid":{"rendered":"https:\/\/escoladigital.madeira.gov.pt\/ebspdffbranco\/?page_id=1395"},"modified":"2025-09-24T10:48:49","modified_gmt":"2025-09-24T10:48:49","slug":"d-turma-mediadores","status":"publish","type":"page","link":"https:\/\/escoladigital.madeira.gov.pt\/ebspdffbranco\/d-turma-mediadores\/","title":{"rendered":"D. Turma | Mediadores"},"content":{"rendered":"\n<p class=\"has-medium-font-size\">Hor\u00e1rio de atendimento ao Encarregado de Educa\u00e7\u00e3o | Formando<\/p>\n\n\n\n<div id=\"wp-block-themeisle-blocks-accordion-5b4861ae\" class=\"wp-block-themeisle-blocks-accordion exclusive\">\n<details class=\"wp-block-themeisle-blocks-accordion-item\"><summary class=\"wp-block-themeisle-blocks-accordion-item__title\"><div><strong>2\u00ba Ciclo<\/strong><\/div><\/summary><div class=\"wp-block-themeisle-blocks-accordion-item__content\">\n<p class=\"has-accent-background-color has-background\"><strong>5\u00ba A<\/strong> &#8211; Roberto Le\u00e3o &#8211; <\/p>\n\n\n\n<p class=\"has-accent-background-color has-background\"><strong>5\u00ba B<\/strong> &#8211; Emanuel Almada &#8211;<\/p>\n\n\n\n<p class=\"has-accent-background-color has-background\"><strong>5\u00ba C<\/strong> &#8211; Judite Guerra &#8211; <\/p>\n\n\n\n<p class=\"has-accent-background-color has-background\"><strong>6\u00ba A<\/strong> &#8211; Dina Santos &#8211;<\/p>\n\n\n\n<p class=\"has-accent-background-color has-background\"><strong>6\u00ba B<\/strong> &#8211; Dulce Agostinho &#8211; <\/p>\n\n\n\n<p class=\"has-accent-background-color has-background\"><strong>6\u00ba C<\/strong> &#8211; F\u00e1tima Guerra &#8211; <\/p>\n<\/div><\/details>\n\n\n\n<details class=\"wp-block-themeisle-blocks-accordion-item\"><summary class=\"wp-block-themeisle-blocks-accordion-item__title\"><div><strong>3\u00ba Ciclo<\/strong><\/div><\/summary><div class=\"wp-block-themeisle-blocks-accordion-item__content\">\n<p class=\"has-background\" style=\"background-color:#e6e4d7\"><strong>7\u00ba A<\/strong> &#8211; F\u00e1tima Mesquita &#8211; <\/p>\n\n\n\n<p class=\"has-background\" style=\"background-color:#e6e4d7\"><strong>7\u00ba B <\/strong>&#8211; Gustavo Ferreira &#8211; <\/p>\n\n\n\n<p class=\"has-background\" style=\"background-color:#e6e4d7\"><strong>7\u00ba C<\/strong> &#8211; Nat\u00e9rcia Rodrigues &#8211; <\/p>\n\n\n\n<p class=\"has-background\" style=\"background-color:#e6e4d7\"><strong>8\u00ba A<\/strong> &#8211; Magno Velosa &#8211;<\/p>\n\n\n\n<p class=\"has-background\" style=\"background-color:#e6e4d7\"><strong>8\u00ba B <\/strong>&#8211; Magno Velosa &#8211; <\/p>\n\n\n\n<p class=\"has-background\" style=\"background-color:#e6e4d7\"><strong>8\u00ba C<\/strong> &#8211; Diana Branco &#8211; <\/p>\n\n\n\n<p class=\"has-background\" style=\"background-color:#e6e4d7\"><strong>9\u00ba A<\/strong> &#8211; Jorge Dias &#8211; <\/p>\n\n\n\n<p class=\"has-background\" style=\"background-color:#e6e4d7\"><strong>9\u00ba B <\/strong>&#8211; Jo\u00e3o Carlos Silva &#8211; <\/p>\n\n\n\n<p class=\"has-background\" style=\"background-color:#e6e4d7\"><strong>9\u00ba C<\/strong> &#8211; Pedro Batista &#8211; <\/p>\n\n\n\n<p class=\"has-background\" style=\"background-color:#e6e4d7\"><strong>2\u00ba CEF &#8211; Op.Inf. <\/strong>&#8211; Isabel Silva &#8211; <\/p>\n<\/div><\/details>\n\n\n\n<details class=\"wp-block-themeisle-blocks-accordion-item\"><summary class=\"wp-block-themeisle-blocks-accordion-item__title\"><div><strong>Ensino Secund\u00e1rio<\/strong><\/div><\/summary><div class=\"wp-block-themeisle-blocks-accordion-item__content\">\n<p class=\"has-background\" style=\"background-color:#f4f0e6\"><strong>1\u00ba TTAR<\/strong> &#8211; Od\u00edlia Gomes &#8211; <\/p>\n\n\n\n<p class=\"has-background\" style=\"background-color:#f4f0e6\"><strong>10\u00ba CT <\/strong>&#8211; Rosa Macedo &#8211; <\/p>\n\n\n\n<p class=\"has-background\" style=\"background-color:#f4f0e6\"><strong>10\u00ba LH<\/strong>|<strong>CSE|AV<\/strong>&#8211; Bruno Santos &#8211; <\/p>\n\n\n\n<p class=\"has-background\" style=\"background-color:#f4f0e6\"><strong>2\u00ba TIS|TTAR|TAGD<\/strong> &#8211; Isabel Bettencourt &#8211; <\/p>\n\n\n\n<p class=\"has-background\" style=\"background-color:#f4f0e6\"><strong>11\u00ba CT<\/strong> &#8211; Diana Ruas &#8211; <\/p>\n\n\n\n<p class=\"has-background\" style=\"background-color:#f4f0e6\"><strong>11\u00ba LH|CSE|AV <\/strong>&#8211; Diana Ruas &#8211; <\/p>\n\n\n\n<p class=\"has-background\" style=\"background-color:#f4f0e6\"><strong>12\u00ba CT<\/strong> &#8211; Fernando Santos &#8211; <\/p>\n\n\n\n<p class=\"has-background\" style=\"background-color:#f4f0e6\"><strong>12\u00ba LH|CSE|AV <\/strong>&#8211; Fernando Santos &#8211; <\/p>\n\n\n\n<p class=\"has-background\" style=\"background-color:#f4f0e6\"><strong>EFA B3 &#8211; <\/strong>Mediador &#8211; Duarte Ros\u00e1rio &#8211; <\/p>\n\n\n\n<p class=\"has-background\" style=\"background-color:#f4f0e6\"><strong>EFA S <\/strong>Mediador<strong> <\/strong>&#8211; N\u00e9lio C\u00e2mara Viveiros &#8211; <\/p>\n<\/div><\/details>\n<\/div>\n\n\n\n<p><\/p>\n","protected":false},"excerpt":{"rendered":"<p>Hor\u00e1rio de atendimento ao Encarregado de Educa\u00e7\u00e3o | Formando<\/p>\n","protected":false},"author":28,"featured_media":0,"parent":0,"menu_order":0,"comment_status":"closed","ping_status":"closed","template":"","meta":{"_themeisle_gutenberg_block_has_review":false,"footnotes":""},"class_list":["post-1395","page","type-page","status-publish","hentry"],"_links":{"self":[{"href":"https:\/\/escoladigital.madeira.gov.pt\/ebspdffbranco\/wp-json\/wp\/v2\/pages\/1395","targetHints":{"allow":["GET"]}}],"collection":[{"href":"https:\/\/escoladigital.madeira.gov.pt\/ebspdffbranco\/wp-json\/wp\/v2\/pages"}],"about":[{"href":"https:\/\/escoladigital.madeira.gov.pt\/ebspdffbranco\/wp-json\/wp\/v2\/types\/page"}],"author":[{"embeddable":true,"href":"https:\/\/escoladigital.madeira.gov.pt\/ebspdffbranco\/wp-json\/wp\/v2\/users\/28"}],"replies":[{"embeddable":true,"href":"https:\/\/escoladigital.madeira.gov.pt\/ebspdffbranco\/wp-json\/wp\/v2\/comments?post=1395"}],"version-history":[{"count":15,"href":"https:\/\/escoladigital.madeira.gov.pt\/ebspdffbranco\/wp-json\/wp\/v2\/pages\/1395\/revisions"}],"predecessor-version":[{"id":4337,"href":"https:\/\/escoladigital.madeira.gov.pt\/ebspdffbranco\/wp-json\/wp\/v2\/pages\/1395\/revisions\/4337"}],"wp:attachment":[{"href":"https:\/\/escoladigital.madeira.gov.pt\/ebspdffbranco\/wp-json\/wp\/v2\/media?parent=1395"}],"curies":[{"name":"wp","href":"https:\/\/api.w.org\/{rel}","templated":true}]}}

<p class="has-medium-font-size">Horário de atendimento ao Encarregado de Educação | Formando</p>



<div id="wp-block-themeisle-blocks-accordion-5b4861ae" class="wp-block-themeisle-blocks-accordion exclusive">
<details class="wp-block-themeisle-blocks-accordion-item"><summary class="wp-block-themeisle-blocks-accordion-item__title"><div><strong>2º Ciclo</strong></div></summary><div class="wp-block-themeisle-blocks-accordion-item__content">
<p class="has-accent-background-color has-background"><strong>5º A</strong> &#8211; Roberto Leão &#8211; </p>



<p class="has-accent-background-color has-background"><strong>5º B</strong> &#8211; Emanuel Almada &#8211;</p>



<p class="has-accent-background-color has-background"><strong>5º C</strong> &#8211; Judite Guerra &#8211; </p>



<p class="has-accent-background-color has-background"><strong>6º A</strong> &#8211; Dina Santos &#8211;</p>



<p class="has-accent-background-color has-background"><strong>6º B</strong> &#8211; Dulce Agostinho &#8211; </p>



<p class="has-accent-background-color has-background"><strong>6º C</strong> &#8211; Fátima Guerra &#8211; </p>
</div></details>



<details class="wp-block-themeisle-blocks-accordion-item"><summary class="wp-block-themeisle-blocks-accordion-item__title"><div><strong>3º Ciclo</strong></div></summary><div class="wp-block-themeisle-blocks-accordion-item__content">
<p class="has-background" style="background-color:#e6e4d7"><strong>7º A</strong> &#8211; Fátima Mesquita &#8211; </p>



<p class="has-background" style="background-color:#e6e4d7"><strong>7º B </strong>&#8211; Gustavo Ferreira &#8211; </p>



<p class="has-background" style="background-color:#e6e4d7"><strong>7º C</strong> &#8211; Natércia Rodrigues &#8211; </p>



<p class="has-background" style="background-color:#e6e4d7"><strong>8º A</strong> &#8211; Magno Velosa &#8211;</p>



<p class="has-background" style="background-color:#e6e4d7"><strong>8º B </strong>&#8211; Magno Velosa &#8211; </p>



<p class="has-background" style="background-color:#e6e4d7"><strong>8º C</strong> &#8211; Diana Branco &#8211; </p>



<p class="has-background" style="background-color:#e6e4d7"><strong>9º A</strong> &#8211; Jorge Dias &#8211; </p>



<p class="has-background" style="background-color:#e6e4d7"><strong>9º B </strong>&#8211; João Carlos Silva &#8211; </p>



<p class="has-background" style="background-color:#e6e4d7"><strong>9º C</strong> &#8211; Pedro Batista &#8211; </p>



<p class="has-background" style="background-color:#e6e4d7"><strong>2º CEF &#8211; Op.Inf. </strong>&#8211; Isabel Silva &#8211; </p>
</div></details>



<details class="wp-block-themeisle-blocks-accordion-item"><summary class="wp-block-themeisle-blocks-accordion-item__title"><div><strong>Ensino Secundário</strong></div></summary><div class="wp-block-themeisle-blocks-accordion-item__content">
<p class="has-background" style="background-color:#f4f0e6"><strong>1º TTAR</strong> &#8211; Odília Gomes &#8211; </p>



<p class="has-background" style="background-color:#f4f0e6"><strong>10º CT </strong>&#8211; Rosa Macedo &#8211; </p>



<p class="has-background" style="background-color:#f4f0e6"><strong>10º LH</strong>|<strong>CSE|AV</strong>&#8211; Bruno Santos &#8211; </p>



<p class="has-background" style="background-color:#f4f0e6"><strong>2º TIS|TTAR|TAGD</strong> &#8211; Isabel Bettencourt &#8211; </p>



<p class="has-background" style="background-color:#f4f0e6"><strong>11º CT</strong> &#8211; Diana Ruas &#8211; </p>



<p class="has-background" style="background-color:#f4f0e6"><strong>11º LH|CSE|AV </strong>&#8211; Diana Ruas &#8211; </p>



<p class="has-background" style="background-color:#f4f0e6"><strong>12º CT</strong> &#8211; Fernando Santos &#8211; </p>



<p class="has-background" style="background-color:#f4f0e6"><strong>12º LH|CSE|AV </strong>&#8211; Fernando Santos &#8211; </p>



<p class="has-background" style="background-color:#f4f0e6"><strong>EFA B3 &#8211; </strong>Mediador &#8211; Duarte Rosário &#8211; </p>



<p class="has-background" style="background-color:#f4f0e6"><strong>EFA S </strong>Mediador<strong> </strong>&#8211; Nélio Câmara Viveiros &#8211; </p>
</div></details>
</div>



<p></p>

<p>Horário de atendimento ao Encarregado de Educação | Formando</p>
