{"id":186,"date":"2024-08-02T14:09:39","date_gmt":"2024-08-02T14:09:39","guid":{"rendered":"https:\/\/escoladigital.madeira.gov.pt\/ebspdffbranco\/?page_id=186"},"modified":"2025-01-22T10:23:59","modified_gmt":"2025-01-22T10:23:59","slug":"relatorio-de-autoavaliacao-da-escola","status":"publish","type":"page","link":"https:\/\/escoladigital.madeira.gov.pt\/ebspdffbranco\/relatorio-de-autoavaliacao-da-escola\/","title":{"rendered":"Relat\u00f3rio de Autoavalia\u00e7\u00e3o da Escola"},"content":{"rendered":"\n<div class=\"wp-block-group is-nowrap is-layout-flex wp-container-core-group-is-layout-6c531013 wp-block-group-is-layout-flex\">\n<p>O&nbsp;<strong>Relat\u00f3rio de Autoavalia\u00e7\u00e3o<\/strong>, tal como a vers\u00e3o anterior de 2018, visa os mesmos objetivos:<br>\u2022 tra\u00e7ar um diagn\u00f3stico, t\u00e3o objetivo quanto poss\u00edvel, da realidade escolar;<br>\u2022 proporcionar reflex\u00f5es fundamentadas,<br>\u2022 sustentar futuras op\u00e7\u00f5es de melhoria.<\/p>\n<\/div>\n\n\n\n<figure class=\"wp-block-image size-full is-resized\" id=\"wp-block-themeisle-blocks-image-ec808853\"><a href=\"https:\/\/escoladigital.madeira.gov.pt\/ebspdffbranco\/wp-content\/uploads\/sites\/19\/2025\/01\/Relatorio-Autoavaliacao-2022-VF-26.05.2022.pdf\" target=\"_blank\" rel=\" noreferrer noopener\"><img fetchpriority=\"high\" decoding=\"async\" width=\"363\" height=\"311\" src=\"https:\/\/escoladigital.madeira.gov.pt\/ebspdffbranco\/wp-content\/uploads\/sites\/19\/2024\/08\/relatorioautoavaliacao.png\" alt=\"\" class=\"wp-image-578\" style=\"aspect-ratio:1.3333333333333333;object-fit:contain;width:278px;height:auto\" srcset=\"https:\/\/escoladigital.madeira.gov.pt\/ebspdffbranco\/wp-content\/uploads\/sites\/19\/2024\/08\/relatorioautoavaliacao.png 363w, https:\/\/escoladigital.madeira.gov.pt\/ebspdffbranco\/wp-content\/uploads\/sites\/19\/2024\/08\/relatorioautoavaliacao-300x257.png 300w\" sizes=\"(max-width: 363px) 100vw, 363px\" \/><\/a><\/figure>\n\n\n\n<div class=\"wp-block-group is-nowrap is-layout-flex wp-container-core-group-is-layout-6c531013 wp-block-group-is-layout-flex\">\n<p>Este relat\u00f3rio procura fazer um retrato da nossa escola e, como imagem que \u00e9, reflete uma realidade condicionada a um determinado momento e aos conhecimentos e t\u00e9cnicas dispon\u00edveis. N\u00e3o \u00e9 o<br>resultado de interpreta\u00e7\u00f5es pessoais e subjetivas sobre o estado da escola, e muito menos o reposit\u00f3rio de melhorias ou solu\u00e7\u00f5es que uns pensam ter ou que outros anseiam. S\u00e3o dados objetivos que permitir\u00e3o ju\u00edzos de valor a quem o ler, e a fundamenta\u00e7\u00e3o das solu\u00e7\u00f5es ou planos de melhoria que, seguramente, surgir\u00e3o.<\/p>\n<\/div>\n\n\n\n<p><\/p>\n\n\n\n<div style=\"height:77px\" aria-hidden=\"true\" class=\"wp-block-spacer\"><\/div>\n","protected":false},"excerpt":{"rendered":"<p>O&nbsp;Relat\u00f3rio de Autoavalia\u00e7\u00e3o, tal como a vers\u00e3o anterior de 2018, visa os mesmos objetivos:\u2022 tra\u00e7ar um diagn\u00f3stico, t\u00e3o objetivo quanto poss\u00edvel, da realidade escolar;\u2022 proporcionar reflex\u00f5es fundamentadas,\u2022 sustentar futuras op\u00e7\u00f5es de melhoria. Este relat\u00f3rio procura fazer um retrato da nossa escola e, como imagem que \u00e9, reflete uma realidade condicionada a um determinado momento e [&hellip;]<\/p>\n","protected":false},"author":28,"featured_media":0,"parent":0,"menu_order":0,"comment_status":"closed","ping_status":"closed","template":"","meta":{"_themeisle_gutenberg_block_has_review":false,"footnotes":""},"class_list":["post-186","page","type-page","status-publish","hentry"],"_links":{"self":[{"href":"https:\/\/escoladigital.madeira.gov.pt\/ebspdffbranco\/wp-json\/wp\/v2\/pages\/186","targetHints":{"allow":["GET"]}}],"collection":[{"href":"https:\/\/escoladigital.madeira.gov.pt\/ebspdffbranco\/wp-json\/wp\/v2\/pages"}],"about":[{"href":"https:\/\/escoladigital.madeira.gov.pt\/ebspdffbranco\/wp-json\/wp\/v2\/types\/page"}],"author":[{"embeddable":true,"href":"https:\/\/escoladigital.madeira.gov.pt\/ebspdffbranco\/wp-json\/wp\/v2\/users\/28"}],"replies":[{"embeddable":true,"href":"https:\/\/escoladigital.madeira.gov.pt\/ebspdffbranco\/wp-json\/wp\/v2\/comments?post=186"}],"version-history":[{"count":9,"href":"https:\/\/escoladigital.madeira.gov.pt\/ebspdffbranco\/wp-json\/wp\/v2\/pages\/186\/revisions"}],"predecessor-version":[{"id":2689,"href":"https:\/\/escoladigital.madeira.gov.pt\/ebspdffbranco\/wp-json\/wp\/v2\/pages\/186\/revisions\/2689"}],"wp:attachment":[{"href":"https:\/\/escoladigital.madeira.gov.pt\/ebspdffbranco\/wp-json\/wp\/v2\/media?parent=186"}],"curies":[{"name":"wp","href":"https:\/\/api.w.org\/{rel}","templated":true}]}}

Relatório de Autoavaliação da Escola

<div class="wp-block-group is-nowrap is-layout-flex wp-container-core-group-is-layout-6c531013 wp-block-group-is-layout-flex">
<p>O&nbsp;<strong>Relatório de Autoavaliação</strong>, tal como a versão anterior de 2018, visa os mesmos objetivos:<br>• traçar um diagnóstico, tão objetivo quanto possível, da realidade escolar;<br>• proporcionar reflexões fundamentadas,<br>• sustentar futuras opções de melhoria.</p>
</div>



<figure class="wp-block-image size-full is-resized" id="wp-block-themeisle-blocks-image-ec808853"><a href="https://escoladigital.madeira.gov.pt/ebspdffbranco/wp-content/uploads/sites/19/2025/01/Relatorio-Autoavaliacao-2022-VF-26.05.2022.pdf" target="_blank" rel=" noreferrer noopener"><img fetchpriority="high" decoding="async" width="363" height="311" src="https://escoladigital.madeira.gov.pt/ebspdffbranco/wp-content/uploads/sites/19/2024/08/relatorioautoavaliacao.png" alt="" class="wp-image-578" style="aspect-ratio:1.3333333333333333;object-fit:contain;width:278px;height:auto" srcset="https://escoladigital.madeira.gov.pt/ebspdffbranco/wp-content/uploads/sites/19/2024/08/relatorioautoavaliacao.png 363w, https://escoladigital.madeira.gov.pt/ebspdffbranco/wp-content/uploads/sites/19/2024/08/relatorioautoavaliacao-300x257.png 300w" sizes="(max-width: 363px) 100vw, 363px" /></a></figure>



<div class="wp-block-group is-nowrap is-layout-flex wp-container-core-group-is-layout-6c531013 wp-block-group-is-layout-flex">
<p>Este relatório procura fazer um retrato da nossa escola e, como imagem que é, reflete uma realidade condicionada a um determinado momento e aos conhecimentos e técnicas disponíveis. Não é o<br>resultado de interpretações pessoais e subjetivas sobre o estado da escola, e muito menos o repositório de melhorias ou soluções que uns pensam ter ou que outros anseiam. São dados objetivos que permitirão juízos de valor a quem o ler, e a fundamentação das soluções ou planos de melhoria que, seguramente, surgirão.</p>
</div>



<p></p>



<div style="height:77px" aria-hidden="true" class="wp-block-spacer"></div>

<p>O&nbsp;Relatório de Autoavaliação, tal como a versão anterior de 2018, visa os mesmos objetivos:• traçar um diagnóstico, tão objetivo quanto possível, da realidade escolar;• proporcionar reflexões fundamentadas,• sustentar futuras opções de melhoria. Este relatório procura fazer um retrato da nossa escola e, como imagem que é, reflete uma realidade condicionada a um determinado momento e [&hellip;]</p>
