{"id":319,"date":"2024-07-10T23:56:47","date_gmt":"2024-07-10T23:56:47","guid":{"rendered":"https:\/\/escoladigital.madeira.gov.pt\/ebspdffbranco\/?page_id=319"},"modified":"2026-08-06T16:03:33","modified_gmt":"2026-08-06T16:03:33","slug":"comunidade-educativa","status":"publish","type":"page","link":"https:\/\/escoladigital.madeira.gov.pt\/ebspdffbranco\/comunidade-educativa\/","title":{"rendered":"Comunidade Educativa"},"content":{"rendered":"\n<div class=\"wp-block-columns is-layout-flex wp-container-core-columns-is-layout-4805a82d wp-block-columns-is-layout-flex\">\n<div class=\"wp-block-column is-layout-flow wp-block-column-is-layout-flow\" style=\"flex-basis:100%\">\n<div class=\"wp-block-columns is-layout-flex wp-container-core-columns-is-layout-4805a82d wp-block-columns-is-layout-flex\">\n<div class=\"wp-block-column is-vertically-aligned-stretch is-layout-flow wp-block-column-is-layout-flow\">\n<p class=\"has-text-align-center wp-block-paragraph\"><strong>Representantes do Pessoal Docente<\/strong><\/p>\n\n\n\n<p class=\"has-text-align-center wp-block-paragraph\">Gina Maria de Oliveira Brito e Mendes<\/p>\n\n\n\n<p class=\"has-text-align-center wp-block-paragraph\">Ana Filipa Gouveia Abreu&nbsp;<\/p>\n\n\n\n<p class=\"has-text-align-center wp-block-paragraph\">Dina Marisa da Silva Fernandes<\/p>\n\n\n\n<p class=\"has-text-align-center wp-block-paragraph\">Ant\u00f3nio Manuel Lopes Serr\u00e3o Igl\u00e9sias<\/p>\n\n\n\n<p class=\"has-text-align-center wp-block-paragraph\">Pedro Miguel Mendes Batista<\/p>\n\n\n\n<p class=\"has-text-align-center wp-block-paragraph\">Magno Miguel Pereira Velosa<\/p>\n\n\n\n<p class=\"has-text-align-center wp-block-paragraph\">Isabel Gl\u00f3ria Pereira de Moura Caldeira Freitas<\/p>\n\n\n\n<p class=\"has-text-align-center wp-block-paragraph\">Paula Cristina Fontoura Rodrigues<\/p>\n\n\n\n<p class=\"has-text-align-center wp-block-paragraph\">Isabel Maria dos Santos Estrela <strong>(Presidente da Comunidade Educativa<\/strong>)<\/p>\n\n\n\n<p class=\"has-text-align-center wp-block-paragraph\">Pedro Miguel Martins Couto<\/p>\n\n\n\n<hr class=\"wp-block-separator aligncenter has-alpha-channel-opacity\" \/>\n\n\n\n<p class=\"has-text-align-center wp-block-paragraph\"><strong>Representantes do Pessoal N\u00e3o Docente<\/strong><\/p>\n\n\n\n<p class=\"has-text-align-center wp-block-paragraph\">H\u00e9lder Jos\u00e9 dos Santos Baptista<\/p>\n\n\n\n<p class=\"has-text-align-center wp-block-paragraph\">Celeste Melim<\/p>\n\n\n\n<hr class=\"wp-block-separator aligncenter has-alpha-channel-opacity\" \/>\n<\/div>\n\n\n\n<div class=\"wp-block-column is-vertically-aligned-stretch is-layout-flow wp-block-column-is-layout-flow\">\n<p class=\"has-text-align-center wp-block-paragraph\"><strong>Representantes da Associa\u00e7\u00e3o de Pais<\/strong><\/p>\n\n\n\n<p class=\"has-text-align-center wp-block-paragraph\">&nbsp;Viorica-C\u00e3t\u00e3lina Nimirceag<\/p>\n\n\n\n<p class=\"has-text-align-center wp-block-paragraph\"><\/p>\n\n\n\n<hr class=\"wp-block-separator aligncenter has-alpha-channel-opacity\" \/>\n\n\n\n<p class=\"has-text-align-center wp-block-paragraph\"><strong>Alunos<\/strong><\/p>\n\n\n\n<p class=\"has-text-align-center wp-block-paragraph\">Ensino Diurno<\/p>\n\n\n\n<p class=\"has-text-align-center wp-block-paragraph\">Em atualiza\u00e7\u00e3o<\/p>\n\n\n\n<p class=\"has-text-align-center wp-block-paragraph\">&nbsp;Ensino Noturno<\/p>\n\n\n\n<p class=\"has-text-align-center wp-block-paragraph\">&nbsp;Em atualiza\u00e7\u00e3o<\/p>\n\n\n\n<hr class=\"wp-block-separator aligncenter has-alpha-channel-opacity\" \/>\n\n\n\n<p class=\"has-text-align-center wp-block-paragraph\"><strong>Representante da Autarquia<\/strong><\/p>\n\n\n\n<p class=\"has-text-align-center wp-block-paragraph\">Lic\u00ednia Alexandra Melim da Paix\u00e3o Soares<\/p>\n\n\n\n<hr class=\"wp-block-separator aligncenter has-alpha-channel-opacity\" \/>\n\n\n\n<p class=\"has-text-align-center wp-block-paragraph\">&nbsp;<strong>Representante da CPCJPS<\/strong><\/p>\n\n\n\n<p class=\"has-text-align-center wp-block-paragraph\">Em atualiza\u00e7\u00e3o<\/p>\n\n\n\n<hr class=\"wp-block-separator has-alpha-channel-opacity\" \/>\n<\/div>\n\n\n\n<div class=\"wp-block-column is-vertically-aligned-stretch is-layout-flow wp-block-column-is-layout-flow\">\n<p class=\"has-text-align-center wp-block-paragraph\"><strong>Representante da Educa\u00e7\u00e3o Especial<\/strong><\/p>\n\n\n\n<p class=\"has-text-align-center wp-block-paragraph\">Em atualiza\u00e7\u00e3o<\/p>\n\n\n\n<hr class=\"wp-block-separator aligncenter has-alpha-channel-opacity\" \/>\n\n\n\n<p class=\"has-text-align-center wp-block-paragraph\">&nbsp;<strong>Servi\u00e7o de Psicologia e Orienta\u00e7\u00e3o<\/strong><\/p>\n\n\n\n<p class=\"has-text-align-center wp-block-paragraph\">Leila da Silva Pedro<\/p>\n\n\n\n<hr class=\"wp-block-separator aligncenter has-alpha-channel-opacity\" \/>\n\n\n\n<p class=\"has-text-align-center wp-block-paragraph\"><strong>Presidente do Conselho Executivo<\/strong><\/p>\n\n\n\n<p class=\"has-text-align-center wp-block-paragraph\">Jos\u00e9 Ricardo Teixeira Vasconcelos&nbsp;<\/p>\n\n\n\n<hr class=\"wp-block-separator aligncenter has-alpha-channel-opacity\" \/>\n\n\n\n<p class=\"has-text-align-center wp-block-paragraph\"><strong>Presidente do Conselho Pedag\u00f3gico<\/strong><\/p>\n\n\n\n<p class=\"has-text-align-center wp-block-paragraph\">Jo\u00e3o Carlos Henriques da Silva<\/p>\n\n\n\n<hr class=\"wp-block-separator aligncenter has-alpha-channel-opacity\" \/>\n\n\n\n<figure class=\"wp-block-image size-large is-resized is-style-rounded is-style-rounded--1\"><img fetchpriority=\"high\" decoding=\"async\" width=\"768\" height=\"1024\" src=\"https:\/\/escoladigital.madeira.gov.pt\/ebspdffbranco\/wp-content\/uploads\/sites\/19\/2024\/07\/comunidadeeducativaimagem-768x1024.jpeg\" alt=\"\" class=\"wp-image-320\" style=\"width:236px;height:auto\" \/><\/figure>\n<\/div>\n<\/div>\n<\/div>\n<\/div>\n\n\n\n<div style=\"height:100px\" aria-hidden=\"true\" class=\"wp-block-spacer\"><\/div>\n","protected":false},"excerpt":{"rendered":"<p>Representantes do Pessoal Docente Gina Maria de Oliveira Brito e Mendes Ana Filipa Gouveia Abreu&nbsp; Dina Marisa da Silva Fernandes Ant\u00f3nio Manuel Lopes Serr\u00e3o Igl\u00e9sias Pedro Miguel Mendes Batista Magno Miguel Pereira Velosa Isabel Gl\u00f3ria Pereira de Moura Caldeira Freitas Paula Cristina Fontoura Rodrigues Isabel Maria dos Santos Estrela (Presidente da Comunidade Educativa) Pedro Miguel [&hellip;]<\/p>\n","protected":false},"author":28,"featured_media":0,"parent":0,"menu_order":0,"comment_status":"closed","ping_status":"closed","template":"","meta":{"_themeisle_gutenberg_block_has_review":false,"footnotes":"","_members_access_role":[],"_members_access_error":""},"categories":[],"tags":[],"class_list":["post-319","page","type-page","status-publish","hentry"],"_links":{"self":[{"href":"https:\/\/escoladigital.madeira.gov.pt\/ebspdffbranco\/wp-json\/wp\/v2\/pages\/319","targetHints":{"allow":["GET"]}}],"collection":[{"href":"https:\/\/escoladigital.madeira.gov.pt\/ebspdffbranco\/wp-json\/wp\/v2\/pages"}],"about":[{"href":"https:\/\/escoladigital.madeira.gov.pt\/ebspdffbranco\/wp-json\/wp\/v2\/types\/page"}],"author":[{"embeddable":true,"href":"https:\/\/escoladigital.madeira.gov.pt\/ebspdffbranco\/wp-json\/wp\/v2\/users\/28"}],"replies":[{"embeddable":true,"href":"https:\/\/escoladigital.madeira.gov.pt\/ebspdffbranco\/wp-json\/wp\/v2\/comments?post=319"}],"version-history":[{"count":12,"href":"https:\/\/escoladigital.madeira.gov.pt\/ebspdffbranco\/wp-json\/wp\/v2\/pages\/319\/revisions"}],"predecessor-version":[{"id":5462,"href":"https:\/\/escoladigital.madeira.gov.pt\/ebspdffbranco\/wp-json\/wp\/v2\/pages\/319\/revisions\/5462"}],"wp:attachment":[{"href":"https:\/\/escoladigital.madeira.gov.pt\/ebspdffbranco\/wp-json\/wp\/v2\/media?parent=319"}],"wp:term":[{"taxonomy":"category","embeddable":true,"href":"https:\/\/escoladigital.madeira.gov.pt\/ebspdffbranco\/wp-json\/wp\/v2\/categories?post=319"},{"taxonomy":"post_tag","embeddable":true,"href":"https:\/\/escoladigital.madeira.gov.pt\/ebspdffbranco\/wp-json\/wp\/v2\/tags?post=319"}],"curies":[{"name":"wp","href":"https:\/\/api.w.org\/{rel}","templated":true}]}}

<div class="wp-block-columns is-layout-flex wp-container-core-columns-is-layout-4805a82d wp-block-columns-is-layout-flex">
<div class="wp-block-column is-layout-flow wp-block-column-is-layout-flow" style="flex-basis:100%">
<div class="wp-block-columns is-layout-flex wp-container-core-columns-is-layout-4805a82d wp-block-columns-is-layout-flex">
<div class="wp-block-column is-vertically-aligned-stretch is-layout-flow wp-block-column-is-layout-flow">
<p class="has-text-align-center wp-block-paragraph"><strong>Representantes do Pessoal Docente</strong></p>



<p class="has-text-align-center wp-block-paragraph">Gina Maria de Oliveira Brito e Mendes</p>



<p class="has-text-align-center wp-block-paragraph">Ana Filipa Gouveia Abreu&nbsp;</p>



<p class="has-text-align-center wp-block-paragraph">Dina Marisa da Silva Fernandes</p>



<p class="has-text-align-center wp-block-paragraph">António Manuel Lopes Serrão Iglésias</p>



<p class="has-text-align-center wp-block-paragraph">Pedro Miguel Mendes Batista</p>



<p class="has-text-align-center wp-block-paragraph">Magno Miguel Pereira Velosa</p>



<p class="has-text-align-center wp-block-paragraph">Isabel Glória Pereira de Moura Caldeira Freitas</p>



<p class="has-text-align-center wp-block-paragraph">Paula Cristina Fontoura Rodrigues</p>



<p class="has-text-align-center wp-block-paragraph">Isabel Maria dos Santos Estrela <strong>(Presidente da Comunidade Educativa</strong>)</p>



<p class="has-text-align-center wp-block-paragraph">Pedro Miguel Martins Couto</p>



<hr class="wp-block-separator aligncenter has-alpha-channel-opacity" />



<p class="has-text-align-center wp-block-paragraph"><strong>Representantes do Pessoal Não Docente</strong></p>



<p class="has-text-align-center wp-block-paragraph">Hélder José dos Santos Baptista</p>



<p class="has-text-align-center wp-block-paragraph">Celeste Melim</p>



<hr class="wp-block-separator aligncenter has-alpha-channel-opacity" />
</div>



<div class="wp-block-column is-vertically-aligned-stretch is-layout-flow wp-block-column-is-layout-flow">
<p class="has-text-align-center wp-block-paragraph"><strong>Representantes da Associação de Pais</strong></p>



<p class="has-text-align-center wp-block-paragraph">&nbsp;Viorica-Cãtãlina Nimirceag</p>



<p class="has-text-align-center wp-block-paragraph"></p>



<hr class="wp-block-separator aligncenter has-alpha-channel-opacity" />



<p class="has-text-align-center wp-block-paragraph"><strong>Alunos</strong></p>



<p class="has-text-align-center wp-block-paragraph">Ensino Diurno</p>



<p class="has-text-align-center wp-block-paragraph">Em atualização</p>



<p class="has-text-align-center wp-block-paragraph">&nbsp;Ensino Noturno</p>



<p class="has-text-align-center wp-block-paragraph">&nbsp;Em atualização</p>



<hr class="wp-block-separator aligncenter has-alpha-channel-opacity" />



<p class="has-text-align-center wp-block-paragraph"><strong>Representante da Autarquia</strong></p>



<p class="has-text-align-center wp-block-paragraph">Licínia Alexandra Melim da Paixão Soares</p>



<hr class="wp-block-separator aligncenter has-alpha-channel-opacity" />



<p class="has-text-align-center wp-block-paragraph">&nbsp;<strong>Representante da CPCJPS</strong></p>



<p class="has-text-align-center wp-block-paragraph">Em atualização</p>



<hr class="wp-block-separator has-alpha-channel-opacity" />
</div>



<div class="wp-block-column is-vertically-aligned-stretch is-layout-flow wp-block-column-is-layout-flow">
<p class="has-text-align-center wp-block-paragraph"><strong>Representante da Educação Especial</strong></p>



<p class="has-text-align-center wp-block-paragraph">Em atualização</p>



<hr class="wp-block-separator aligncenter has-alpha-channel-opacity" />



<p class="has-text-align-center wp-block-paragraph">&nbsp;<strong>Serviço de Psicologia e Orientação</strong></p>



<p class="has-text-align-center wp-block-paragraph">Leila da Silva Pedro</p>



<hr class="wp-block-separator aligncenter has-alpha-channel-opacity" />



<p class="has-text-align-center wp-block-paragraph"><strong>Presidente do Conselho Executivo</strong></p>



<p class="has-text-align-center wp-block-paragraph">José Ricardo Teixeira Vasconcelos&nbsp;</p>



<hr class="wp-block-separator aligncenter has-alpha-channel-opacity" />



<p class="has-text-align-center wp-block-paragraph"><strong>Presidente do Conselho Pedagógico</strong></p>



<p class="has-text-align-center wp-block-paragraph">João Carlos Henriques da Silva</p>



<hr class="wp-block-separator aligncenter has-alpha-channel-opacity" />



<figure class="wp-block-image size-large is-resized is-style-rounded is-style-rounded--1"><img fetchpriority="high" decoding="async" width="768" height="1024" src="https://escoladigital.madeira.gov.pt/ebspdffbranco/wp-content/uploads/sites/19/2024/07/comunidadeeducativaimagem-768x1024.jpeg" alt="" class="wp-image-320" style="width:236px;height:auto" /></figure>
</div>
</div>
</div>
</div>



<div style="height:100px" aria-hidden="true" class="wp-block-spacer"></div>

<p>Representantes do Pessoal Docente Gina Maria de Oliveira Brito e Mendes Ana Filipa Gouveia Abreu&nbsp; Dina Marisa da Silva Fernandes António Manuel Lopes Serrão Iglésias Pedro Miguel Mendes Batista Magno Miguel Pereira Velosa Isabel Glória Pereira de Moura Caldeira Freitas Paula Cristina Fontoura Rodrigues Isabel Maria dos Santos Estrela (Presidente da Comunidade Educativa) Pedro Miguel [&hellip;]</p>
