{"id":319,"date":"2024-07-10T23:56:47","date_gmt":"2024-07-10T23:56:47","guid":{"rendered":"https:\/\/escoladigital.madeira.gov.pt\/ebspdffbranco\/?page_id=319"},"modified":"2026-02-09T17:11:35","modified_gmt":"2026-02-09T17:11:35","slug":"comunidade-educativa","status":"publish","type":"page","link":"https:\/\/escoladigital.madeira.gov.pt\/ebspdffbranco\/comunidade-educativa\/","title":{"rendered":"Comunidade Educativa"},"content":{"rendered":"\n<div class=\"wp-block-columns is-layout-flex wp-container-core-columns-is-layout-28f84493 wp-block-columns-is-layout-flex\">\n<div class=\"wp-block-column is-layout-flow wp-block-column-is-layout-flow\" style=\"flex-basis:100%\">\n<div class=\"wp-block-columns is-layout-flex wp-container-core-columns-is-layout-28f84493 wp-block-columns-is-layout-flex\">\n<div class=\"wp-block-column is-vertically-aligned-stretch is-layout-flow wp-block-column-is-layout-flow\">\n<p class=\"has-text-align-center\"><strong>Representantes do Pessoal Docente<\/strong><\/p>\n\n\n\n<p class=\"has-text-align-center\">Ana Isabel Andrade Gomes Lu\u00eds<\/p>\n\n\n\n<p class=\"has-text-align-center\">Ana Filipa Gouveia Abreu&nbsp;<\/p>\n\n\n\n<p class=\"has-text-align-center\">Andreia Moreira Mota<\/p>\n\n\n\n<p class=\"has-text-align-center\">Ant\u00f3nio Manuel Lopes Serr\u00e3o Igl\u00e9sias<\/p>\n\n\n\n<p class=\"has-text-align-center\">Bruno Renato M. de Vale Santos<\/p>\n\n\n\n<p class=\"has-text-align-center\">\u00c9lvio Rui Teixeira de Sousa<\/p>\n\n\n\n<p class=\"has-text-align-center\">Isabel Gl\u00f3ria Pereira de Moura Caldeira Freitas (Presidente)<\/p>\n\n\n\n<p class=\"has-text-align-center\">Isabel Beatriz Esteves da Silva<\/p>\n\n\n\n<p class=\"has-text-align-center\">Isabel Maria dos Santos Estrela<\/p>\n\n\n\n<p class=\"has-text-align-center\">Jos\u00e9 Raimundo Vasconcelos<\/p>\n\n\n\n<hr class=\"wp-block-separator aligncenter has-alpha-channel-opacity\" \/>\n\n\n\n<p class=\"has-text-align-center\"><strong>Representantes do Pessoal N\u00e3o Docente<\/strong><\/p>\n\n\n\n<p class=\"has-text-align-center\">H\u00e9lder Jos\u00e9 dos Santos Baptista<\/p>\n\n\n\n<p class=\"has-text-align-center\">&nbsp;Carlos Miguel Vasconcelos Pereira<\/p>\n\n\n\n<hr class=\"wp-block-separator aligncenter has-alpha-channel-opacity\" \/>\n<\/div>\n\n\n\n<div class=\"wp-block-column is-vertically-aligned-stretch is-layout-flow wp-block-column-is-layout-flow\">\n<p class=\"has-text-align-center\"><strong>Representantes da Associa\u00e7\u00e3o de Pais<\/strong><\/p>\n\n\n\n<p class=\"has-text-align-center\">&nbsp;Viorica-C\u00e3t\u00e3lina Nimirceag<\/p>\n\n\n\n<p class=\"has-text-align-center\"><\/p>\n\n\n\n<hr class=\"wp-block-separator aligncenter has-alpha-channel-opacity\" \/>\n\n\n\n<p class=\"has-text-align-center\"><strong>Alunos<\/strong><\/p>\n\n\n\n<p class=\"has-text-align-center\">Ensino Diurno<\/p>\n\n\n\n<p class=\"has-text-align-center\">Joana Maria O. de Freitas Branco<\/p>\n\n\n\n<p class=\"has-text-align-center\">&nbsp;Ensino Noturno<\/p>\n\n\n\n<p class=\"has-text-align-center\">&nbsp;Adriana Filipa Melim Castro<\/p>\n\n\n\n<hr class=\"wp-block-separator aligncenter has-alpha-channel-opacity\" \/>\n\n\n\n<p class=\"has-text-align-center\"><strong>Representante da Autarquia<\/strong><\/p>\n\n\n\n<p class=\"has-text-align-center\">Lic\u00ednia Alexandra Melim da Paix\u00e3o Soares<\/p>\n\n\n\n<hr class=\"wp-block-separator aligncenter has-alpha-channel-opacity\" \/>\n\n\n\n<p class=\"has-text-align-center\">&nbsp;<strong>Representante da CPCJPS<\/strong><\/p>\n\n\n\n<p class=\"has-text-align-center\">Carolina Isabel Mendon\u00e7a&nbsp;Esc\u00f3rcio<\/p>\n\n\n\n<hr class=\"wp-block-separator has-alpha-channel-opacity\" \/>\n<\/div>\n\n\n\n<div class=\"wp-block-column is-vertically-aligned-stretch is-layout-flow wp-block-column-is-layout-flow\">\n<p class=\"has-text-align-center\"><strong>Representante da Educa\u00e7\u00e3o Especial<\/strong><\/p>\n\n\n\n<p class=\"has-text-align-center\">Joana de Jesus Rodrigues de Moura<\/p>\n\n\n\n<hr class=\"wp-block-separator aligncenter has-alpha-channel-opacity\" \/>\n\n\n\n<p class=\"has-text-align-center\">&nbsp;<strong>Servi\u00e7o de Psicologia e Orienta\u00e7\u00e3o<\/strong><\/p>\n\n\n\n<p class=\"has-text-align-center\">Leila da Silva Pedro<\/p>\n\n\n\n<hr class=\"wp-block-separator aligncenter has-alpha-channel-opacity\" \/>\n\n\n\n<p class=\"has-text-align-center\"><strong>Presidente do Conselho Executivo<\/strong><\/p>\n\n\n\n<p class=\"has-text-align-center\">Jos\u00e9 Ricardo Teixeira Vasconcelos&nbsp;<\/p>\n\n\n\n<hr class=\"wp-block-separator aligncenter has-alpha-channel-opacity\" \/>\n\n\n\n<p class=\"has-text-align-center\"><strong>Presidente do Conselho Pedag\u00f3gico<\/strong><\/p>\n\n\n\n<p class=\"has-text-align-center\">Maria Jos\u00e9 de Sousa Vital<\/p>\n\n\n\n<hr class=\"wp-block-separator aligncenter has-alpha-channel-opacity\" \/>\n\n\n\n<figure class=\"wp-block-image size-large is-resized is-style-rounded is-style-rounded--1\"><img fetchpriority=\"high\" decoding=\"async\" width=\"768\" height=\"1024\" src=\"https:\/\/escoladigital.madeira.gov.pt\/ebspdffbranco\/wp-content\/uploads\/sites\/19\/2024\/07\/comunidadeeducativaimagem-768x1024.jpeg\" alt=\"\" class=\"wp-image-320\" style=\"width:236px;height:auto\" \/><\/figure>\n<\/div>\n<\/div>\n<\/div>\n<\/div>\n\n\n\n<div style=\"height:100px\" aria-hidden=\"true\" class=\"wp-block-spacer\"><\/div>\n","protected":false},"excerpt":{"rendered":"<p>Representantes do Pessoal Docente Ana Isabel Andrade Gomes Lu\u00eds Ana Filipa Gouveia Abreu&nbsp; Andreia Moreira Mota Ant\u00f3nio Manuel Lopes Serr\u00e3o Igl\u00e9sias Bruno Renato M. de Vale Santos \u00c9lvio Rui Teixeira de Sousa Isabel Gl\u00f3ria Pereira de Moura Caldeira Freitas (Presidente) Isabel Beatriz Esteves da Silva Isabel Maria dos Santos Estrela Jos\u00e9 Raimundo Vasconcelos Representantes do [&hellip;]<\/p>\n","protected":false},"author":28,"featured_media":0,"parent":0,"menu_order":0,"comment_status":"closed","ping_status":"closed","template":"","meta":{"_themeisle_gutenberg_block_has_review":false,"footnotes":""},"class_list":["post-319","page","type-page","status-publish","hentry"],"_links":{"self":[{"href":"https:\/\/escoladigital.madeira.gov.pt\/ebspdffbranco\/wp-json\/wp\/v2\/pages\/319","targetHints":{"allow":["GET"]}}],"collection":[{"href":"https:\/\/escoladigital.madeira.gov.pt\/ebspdffbranco\/wp-json\/wp\/v2\/pages"}],"about":[{"href":"https:\/\/escoladigital.madeira.gov.pt\/ebspdffbranco\/wp-json\/wp\/v2\/types\/page"}],"author":[{"embeddable":true,"href":"https:\/\/escoladigital.madeira.gov.pt\/ebspdffbranco\/wp-json\/wp\/v2\/users\/28"}],"replies":[{"embeddable":true,"href":"https:\/\/escoladigital.madeira.gov.pt\/ebspdffbranco\/wp-json\/wp\/v2\/comments?post=319"}],"version-history":[{"count":7,"href":"https:\/\/escoladigital.madeira.gov.pt\/ebspdffbranco\/wp-json\/wp\/v2\/pages\/319\/revisions"}],"predecessor-version":[{"id":5024,"href":"https:\/\/escoladigital.madeira.gov.pt\/ebspdffbranco\/wp-json\/wp\/v2\/pages\/319\/revisions\/5024"}],"wp:attachment":[{"href":"https:\/\/escoladigital.madeira.gov.pt\/ebspdffbranco\/wp-json\/wp\/v2\/media?parent=319"}],"curies":[{"name":"wp","href":"https:\/\/api.w.org\/{rel}","templated":true}]}}

<div class="wp-block-columns is-layout-flex wp-container-core-columns-is-layout-28f84493 wp-block-columns-is-layout-flex">
<div class="wp-block-column is-layout-flow wp-block-column-is-layout-flow" style="flex-basis:100%">
<div class="wp-block-columns is-layout-flex wp-container-core-columns-is-layout-28f84493 wp-block-columns-is-layout-flex">
<div class="wp-block-column is-vertically-aligned-stretch is-layout-flow wp-block-column-is-layout-flow">
<p class="has-text-align-center"><strong>Representantes do Pessoal Docente</strong></p>



<p class="has-text-align-center">Ana Isabel Andrade Gomes Luís</p>



<p class="has-text-align-center">Ana Filipa Gouveia Abreu&nbsp;</p>



<p class="has-text-align-center">Andreia Moreira Mota</p>



<p class="has-text-align-center">António Manuel Lopes Serrão Iglésias</p>



<p class="has-text-align-center">Bruno Renato M. de Vale Santos</p>



<p class="has-text-align-center">Élvio Rui Teixeira de Sousa</p>



<p class="has-text-align-center">Isabel Glória Pereira de Moura Caldeira Freitas (Presidente)</p>



<p class="has-text-align-center">Isabel Beatriz Esteves da Silva</p>



<p class="has-text-align-center">Isabel Maria dos Santos Estrela</p>



<p class="has-text-align-center">José Raimundo Vasconcelos</p>



<hr class="wp-block-separator aligncenter has-alpha-channel-opacity" />



<p class="has-text-align-center"><strong>Representantes do Pessoal Não Docente</strong></p>



<p class="has-text-align-center">Hélder José dos Santos Baptista</p>



<p class="has-text-align-center">&nbsp;Carlos Miguel Vasconcelos Pereira</p>



<hr class="wp-block-separator aligncenter has-alpha-channel-opacity" />
</div>



<div class="wp-block-column is-vertically-aligned-stretch is-layout-flow wp-block-column-is-layout-flow">
<p class="has-text-align-center"><strong>Representantes da Associação de Pais</strong></p>



<p class="has-text-align-center">&nbsp;Viorica-Cãtãlina Nimirceag</p>



<p class="has-text-align-center"></p>



<hr class="wp-block-separator aligncenter has-alpha-channel-opacity" />



<p class="has-text-align-center"><strong>Alunos</strong></p>



<p class="has-text-align-center">Ensino Diurno</p>



<p class="has-text-align-center">Joana Maria O. de Freitas Branco</p>



<p class="has-text-align-center">&nbsp;Ensino Noturno</p>



<p class="has-text-align-center">&nbsp;Adriana Filipa Melim Castro</p>



<hr class="wp-block-separator aligncenter has-alpha-channel-opacity" />



<p class="has-text-align-center"><strong>Representante da Autarquia</strong></p>



<p class="has-text-align-center">Licínia Alexandra Melim da Paixão Soares</p>



<hr class="wp-block-separator aligncenter has-alpha-channel-opacity" />



<p class="has-text-align-center">&nbsp;<strong>Representante da CPCJPS</strong></p>



<p class="has-text-align-center">Carolina Isabel Mendonça&nbsp;Escórcio</p>



<hr class="wp-block-separator has-alpha-channel-opacity" />
</div>



<div class="wp-block-column is-vertically-aligned-stretch is-layout-flow wp-block-column-is-layout-flow">
<p class="has-text-align-center"><strong>Representante da Educação Especial</strong></p>



<p class="has-text-align-center">Joana de Jesus Rodrigues de Moura</p>



<hr class="wp-block-separator aligncenter has-alpha-channel-opacity" />



<p class="has-text-align-center">&nbsp;<strong>Serviço de Psicologia e Orientação</strong></p>



<p class="has-text-align-center">Leila da Silva Pedro</p>



<hr class="wp-block-separator aligncenter has-alpha-channel-opacity" />



<p class="has-text-align-center"><strong>Presidente do Conselho Executivo</strong></p>



<p class="has-text-align-center">José Ricardo Teixeira Vasconcelos&nbsp;</p>



<hr class="wp-block-separator aligncenter has-alpha-channel-opacity" />



<p class="has-text-align-center"><strong>Presidente do Conselho Pedagógico</strong></p>



<p class="has-text-align-center">Maria José de Sousa Vital</p>



<hr class="wp-block-separator aligncenter has-alpha-channel-opacity" />



<figure class="wp-block-image size-large is-resized is-style-rounded is-style-rounded--1"><img fetchpriority="high" decoding="async" width="768" height="1024" src="https://escoladigital.madeira.gov.pt/ebspdffbranco/wp-content/uploads/sites/19/2024/07/comunidadeeducativaimagem-768x1024.jpeg" alt="" class="wp-image-320" style="width:236px;height:auto" /></figure>
</div>
</div>
</div>
</div>



<div style="height:100px" aria-hidden="true" class="wp-block-spacer"></div>

<p>Representantes do Pessoal Docente Ana Isabel Andrade Gomes Luís Ana Filipa Gouveia Abreu&nbsp; Andreia Moreira Mota António Manuel Lopes Serrão Iglésias Bruno Renato M. de Vale Santos Élvio Rui Teixeira de Sousa Isabel Glória Pereira de Moura Caldeira Freitas (Presidente) Isabel Beatriz Esteves da Silva Isabel Maria dos Santos Estrela José Raimundo Vasconcelos Representantes do [&hellip;]</p>
