{"id":340,"date":"2024-07-11T00:51:33","date_gmt":"2024-07-11T00:51:33","guid":{"rendered":"https:\/\/escoladigital.madeira.gov.pt\/ebspdffbranco\/?page_id=340"},"modified":"2024-07-11T17:08:11","modified_gmt":"2024-07-11T17:08:11","slug":"conselho-executivo","status":"publish","type":"page","link":"https:\/\/escoladigital.madeira.gov.pt\/ebspdffbranco\/conselho-executivo\/","title":{"rendered":"Conselho Executivo"},"content":{"rendered":"\n<div class=\"wp-block-columns is-layout-flex wp-container-core-columns-is-layout-28f84493 wp-block-columns-is-layout-flex\">\n<div class=\"wp-block-column is-layout-flow wp-block-column-is-layout-flow\">\n<p class=\"has-text-align-center has-medium-font-size\"><strong>Presidente do Conselho Executivo<\/strong><\/p>\n\n\n\n<div class=\"wp-block-group is-nowrap is-layout-flex wp-container-core-group-is-layout-6c531013 wp-block-group-is-layout-flex\">\n<p class=\"has-text-align-center\">Jos\u00e9 Ricardo Teixeira Vasconcelos<\/p>\n<\/div>\n\n\n\n<p class=\"has-text-align-center has-medium-font-size\"><strong>Vice-Presidente<\/strong><\/p>\n\n\n\n<p class=\"has-text-align-center\">Paulo Manuel Esc\u00f3rcio<\/p>\n\n\n\n<p class=\"has-text-align-center has-medium-font-size\"><strong>Vice-Presidente<\/strong><\/p>\n\n\n\n<p class=\"has-text-align-center\">Maria Jos\u00e9 de Sousa Vital&nbsp;<\/p>\n<\/div>\n\n\n\n<div class=\"wp-block-column is-layout-flow wp-block-column-is-layout-flow\">\n<figure class=\"wp-block-image aligncenter size-large is-resized is-style-rounded is-style-rounded--1\"><img fetchpriority=\"high\" decoding=\"async\" width=\"1024\" height=\"768\" src=\"https:\/\/escoladigital.madeira.gov.pt\/ebspdffbranco\/wp-content\/uploads\/sites\/19\/2024\/07\/conselhoexecutivoimagem-3-1024x768.jpeg\" alt=\"\" class=\"wp-image-344\" style=\"width:348px;height:auto\" srcset=\"https:\/\/escoladigital.madeira.gov.pt\/ebspdffbranco\/wp-content\/uploads\/sites\/19\/2024\/07\/conselhoexecutivoimagem-3-1024x768.jpeg 1024w, https:\/\/escoladigital.madeira.gov.pt\/ebspdffbranco\/wp-content\/uploads\/sites\/19\/2024\/07\/conselhoexecutivoimagem-3-300x225.jpeg 300w, https:\/\/escoladigital.madeira.gov.pt\/ebspdffbranco\/wp-content\/uploads\/sites\/19\/2024\/07\/conselhoexecutivoimagem-3-768x576.jpeg 768w, https:\/\/escoladigital.madeira.gov.pt\/ebspdffbranco\/wp-content\/uploads\/sites\/19\/2024\/07\/conselhoexecutivoimagem-3-1536x1152.jpeg 1536w, https:\/\/escoladigital.madeira.gov.pt\/ebspdffbranco\/wp-content\/uploads\/sites\/19\/2024\/07\/conselhoexecutivoimagem-3-2048x1536.jpeg 2048w\" sizes=\"(max-width: 1024px) 100vw, 1024px\" \/><\/figure>\n<\/div>\n<\/div>\n\n\n\n<p><\/p>\n\n\n\n<div style=\"height:100px\" aria-hidden=\"true\" class=\"wp-block-spacer\"><\/div>\n","protected":false},"excerpt":{"rendered":"<p>Presidente do Conselho Executivo Jos\u00e9 Ricardo Teixeira Vasconcelos Vice-Presidente Paulo Manuel Esc\u00f3rcio Vice-Presidente Maria Jos\u00e9 de Sousa Vital&nbsp;<\/p>\n","protected":false},"author":28,"featured_media":0,"parent":0,"menu_order":0,"comment_status":"closed","ping_status":"closed","template":"","meta":{"_themeisle_gutenberg_block_has_review":false,"footnotes":""},"class_list":["post-340","page","type-page","status-publish","hentry"],"_links":{"self":[{"href":"https:\/\/escoladigital.madeira.gov.pt\/ebspdffbranco\/wp-json\/wp\/v2\/pages\/340","targetHints":{"allow":["GET"]}}],"collection":[{"href":"https:\/\/escoladigital.madeira.gov.pt\/ebspdffbranco\/wp-json\/wp\/v2\/pages"}],"about":[{"href":"https:\/\/escoladigital.madeira.gov.pt\/ebspdffbranco\/wp-json\/wp\/v2\/types\/page"}],"author":[{"embeddable":true,"href":"https:\/\/escoladigital.madeira.gov.pt\/ebspdffbranco\/wp-json\/wp\/v2\/users\/28"}],"replies":[{"embeddable":true,"href":"https:\/\/escoladigital.madeira.gov.pt\/ebspdffbranco\/wp-json\/wp\/v2\/comments?post=340"}],"version-history":[{"count":3,"href":"https:\/\/escoladigital.madeira.gov.pt\/ebspdffbranco\/wp-json\/wp\/v2\/pages\/340\/revisions"}],"predecessor-version":[{"id":358,"href":"https:\/\/escoladigital.madeira.gov.pt\/ebspdffbranco\/wp-json\/wp\/v2\/pages\/340\/revisions\/358"}],"wp:attachment":[{"href":"https:\/\/escoladigital.madeira.gov.pt\/ebspdffbranco\/wp-json\/wp\/v2\/media?parent=340"}],"curies":[{"name":"wp","href":"https:\/\/api.w.org\/{rel}","templated":true}]}}

<div class="wp-block-columns is-layout-flex wp-container-core-columns-is-layout-28f84493 wp-block-columns-is-layout-flex">
<div class="wp-block-column is-layout-flow wp-block-column-is-layout-flow">
<p class="has-text-align-center has-medium-font-size"><strong>Presidente do Conselho Executivo</strong></p>



<div class="wp-block-group is-nowrap is-layout-flex wp-container-core-group-is-layout-6c531013 wp-block-group-is-layout-flex">
<p class="has-text-align-center">José Ricardo Teixeira Vasconcelos</p>
</div>



<p class="has-text-align-center has-medium-font-size"><strong>Vice-Presidente</strong></p>



<p class="has-text-align-center">Paulo Manuel Escórcio</p>



<p class="has-text-align-center has-medium-font-size"><strong>Vice-Presidente</strong></p>



<p class="has-text-align-center">Maria José de Sousa Vital&nbsp;</p>
</div>



<div class="wp-block-column is-layout-flow wp-block-column-is-layout-flow">
<figure class="wp-block-image aligncenter size-large is-resized is-style-rounded is-style-rounded--1"><img fetchpriority="high" decoding="async" width="1024" height="768" src="https://escoladigital.madeira.gov.pt/ebspdffbranco/wp-content/uploads/sites/19/2024/07/conselhoexecutivoimagem-3-1024x768.jpeg" alt="" class="wp-image-344" style="width:348px;height:auto" srcset="https://escoladigital.madeira.gov.pt/ebspdffbranco/wp-content/uploads/sites/19/2024/07/conselhoexecutivoimagem-3-1024x768.jpeg 1024w, https://escoladigital.madeira.gov.pt/ebspdffbranco/wp-content/uploads/sites/19/2024/07/conselhoexecutivoimagem-3-300x225.jpeg 300w, https://escoladigital.madeira.gov.pt/ebspdffbranco/wp-content/uploads/sites/19/2024/07/conselhoexecutivoimagem-3-768x576.jpeg 768w, https://escoladigital.madeira.gov.pt/ebspdffbranco/wp-content/uploads/sites/19/2024/07/conselhoexecutivoimagem-3-1536x1152.jpeg 1536w, https://escoladigital.madeira.gov.pt/ebspdffbranco/wp-content/uploads/sites/19/2024/07/conselhoexecutivoimagem-3-2048x1536.jpeg 2048w" sizes="(max-width: 1024px) 100vw, 1024px" /></figure>
</div>
</div>



<p></p>



<div style="height:100px" aria-hidden="true" class="wp-block-spacer"></div>

<p>Presidente do Conselho Executivo José Ricardo Teixeira Vasconcelos Vice-Presidente Paulo Manuel Escórcio Vice-Presidente Maria José de Sousa Vital&nbsp;</p>
